-- Table structure for table `history_bestand`
--

CREATE TABLE `history_bestand` (
  `id` int(11) NOT NULL AUTO_INCREMENT,
  `products_id` int(11) NOT NULL DEFAULT '0',
  `ebay_id` varchar(20) CHARACTER SET latin1 COLLATE latin1_general_ci NOT NULL DEFAULT '',
  `orders_id` int(11) NOT NULL DEFAULT '0',
  `transaction_id` varchar(12) CHARACTER SET latin1 COLLATE latin1_general_ci NOT NULL DEFAULT '',
  `quantity_change` int(11) NOT NULL DEFAULT '0',
  `title` varchar(128) CHARACTER SET latin1 COLLATE latin1_general_ci NOT NULL DEFAULT '',
  `date_saved` timestamp NOT NULL DEFAULT CURRENT_TIMESTAMP,
  `storage_id` int(11) NOT NULL DEFAULT '0',
  `editor_id` int(11) NOT NULL,
  `source` varchar(8) NOT NULL,
  PRIMARY KEY (`id`),
  KEY `products_id` (`products_id`)
) ENGINE=MyISAM AUTO_INCREMENT=125 DEFAULT CHARSET=utf8;

--
-- Dumping data for table `history_bestand`
--

INSERT INTO `history_bestand` (`id`, `products_id`, `ebay_id`, `orders_id`, `transaction_id`, `quantity_change`, `title`, `date_saved`, `storage_id`, `editor_id`, `source`) VALUES (98,113,'',0,'',1,'(Orig: 0 / Neu: 1)Stornierung der Re-Nr 19: Rueckbuchung 1 Stk.','2017-10-16 18:51:51',1,1,''),(99,99,'',0,'',2,'(Orig: 0 / Neu: 2)Stornierung der Re-Nr 18: Rueckbuchung 2 Stk.','2017-10-16 18:51:51',1,1,''),(100,99,'',0,'',2,'(Orig: 0 / Neu: 2)Stornierung der Re-Nr 15: Rueckbuchung 2 Stk.','2017-10-16 18:51:51',1,1,''),(101,101,'',0,'',1,'(Orig: 0 / Neu: 1)Stornierung der Re-Nr 13: Rueckbuchung 1 Stk.','2017-10-16 18:51:51',1,1,''),(102,105,'',0,'',1,'(Orig: 0 / Neu: 1)Stornierung der Re-Nr 13: Rueckbuchung 1 Stk.','2017-10-16 18:51:51',1,1,''),(103,93,'',0,'',1,'(Orig: 0 / Neu: 1)Stornierung der Re-Nr 13: Rueckbuchung 1 Stk.','2017-10-16 18:51:51',1,1,''),(104,102,'',0,'',1,'(Orig: 0 / Neu: 1)Stornierung der Re-Nr 10: Rueckbuchung 1 Stk.','2017-10-16 18:51:51',1,1,''),(105,352,'',0,'',-1,'(Orig: 0 / Neu: -1)RE-NR: 5001, Physikalische Bestandsänderung durch Versand (-1 Stk.)','2017-12-08 10:46:55',1,4999,''),(106,412,'',0,'',-1,'(Orig: 0 / Neu: -1)RE-NR: 5000, Physikalische Bestandsänderung durch Versand (-1 Stk.)','2017-12-08 10:46:55',1,4999,''),(107,195,'',0,'',-1,'(Orig: 0 / Neu: -1)RE-NR: 5002, Physikalische Bestandsänderung durch Versand (-1 Stk.)','2017-12-22 18:09:48',1,1,''),(108,226,'',0,'',-1,'(Orig: 0 / Neu: -1)RE-NR: 5003, Physikalische Bestandsänderung durch Versand (-1 Stk.)','2018-01-10 17:39:29',1,1,''),(109,351,'',0,'',-1,'(Orig: 0 / Neu: -1)RE-NR: 5009, Physikalische Bestandsänderung durch Versand (-1 Stk.)','2018-06-07 10:05:53',1,4999,''),(110,413,'',0,'',-1,'(Orig: 0 / Neu: -1)RE-NR: 5005, Physikalische Bestandsänderung durch Versand (-1 Stk.)','2018-06-07 10:05:53',1,4999,''),(111,265,'',0,'',-1,'(Orig: 0 / Neu: -1)RE-NR: 5006, Physikalische Bestandsänderung durch Versand (-1 Stk.)','2018-06-07 10:05:53',1,4999,''),(112,354,'',0,'',-1,'(Orig: 0 / Neu: -1)RE-NR: 5008, Physikalische Bestandsänderung durch Versand (-1 Stk.)','2018-06-07 10:05:53',1,4999,''),(113,198,'',0,'',-1,'(Orig: 0 / Neu: -1)RE-NR: 5007, Physikalische Bestandsänderung durch Versand (-1 Stk.)','2018-06-07 10:05:53',1,4999,''),(114,418,'',0,'',-1,'(Orig: 0 / Neu: -1)RE-NR: 5010, Physikalische Bestandsänderung durch Versand (-1 Stk.)','2018-06-07 10:05:53',1,4999,''),(115,403,'',0,'',-1,'(Orig: 0 / Neu: -1)RE-NR: 5004, Physikalische Bestandsänderung durch Versand (-1 Stk.)','2018-06-07 10:05:53',1,4999,''),(116,182,'',0,'',-1,'(Orig: 0 / Neu: -1)RE-NR: 5011, Physikalische Bestandsänderung durch Versand (-1 Stk.)','2018-06-11 08:08:25',1,4999,''),(117,221,'',0,'',-1,'(Orig: 0 / Neu: -1)RE-NR: 5012, Physikalische Bestandsänderung durch Versand (-1 Stk.)','2018-06-11 08:08:25',1,4999,''),(118,267,'',0,'',-1,'(Orig: 0 / Neu: -1)RE-NR: 5013, Physikalische Bestandsänderung durch Versand (-1 Stk.)','2018-06-26 09:29:23',1,4999,''),(119,180,'',0,'',-1,'(Orig: 0 / Neu: -1)RE-NR: 5018, Physikalische Bestandsänderung durch Versand (-1 Stk.)','2018-08-01 05:49:47',1,4999,''),(120,270,'',0,'',-1,'(Orig: 0 / Neu: -1)RE-NR: 5014, Physikalische Bestandsänderung durch Versand (-1 Stk.)','2018-08-01 05:53:22',1,4999,''),(121,387,'',0,'',-1,'(Orig: 0 / Neu: -1)RE-NR: 5019, Physikalische Bestandsänderung durch Versand (-1 Stk.)','2018-08-09 05:57:52',1,4999,''),(122,405,'',0,'',-1,'(Orig: 0 / Neu: -1)RE-NR: 5024, Physikalische Bestandsänderung durch Versand (-1 Stk.)','2018-12-03 11:00:09',1,4999,''),(123,267,'',0,'',-1,'(Orig: -1 / Neu: -2)RE-NR: 5026, Physikalische Bestandsänderung durch Versand (-1 Stk.)','2018-12-14 15:29:25',1,4999,''),(124,242,'',0,'',-1,'(Orig: 0 / Neu: -1)RE-NR: 5025, Physikalische Bestandsänderung durch Versand (-1 Stk.)','2018-12-14 15:29:25',1,4999,'');

--
-- Table structure for table `incoming_payment_mask`
--

CREATE TABLE `incoming_payment_mask` (
  `Id` int(6) unsigned NOT NULL AUTO_INCREMENT,
  `title` varchar(64) CHARACTER SET latin1 COLLATE latin1_general_ci NOT NULL DEFAULT '',
  `zweck1` int(1) NOT NULL DEFAULT '0',
  `zweck2` int(1) NOT NULL DEFAULT '0',
  `name` int(1) NOT NULL DEFAULT '0',
  `betrag` int(1) NOT NULL DEFAULT '0',
  `active` enum('0','1') CHARACTER SET latin1 COLLATE latin1_general_ci NOT NULL DEFAULT '0',
  PRIMARY KEY (`Id`)
) ENGINE=MyISAM DEFAULT CHARSET=utf8;

--
-- Dumping data for table `incoming_payment_mask`
--


--
-- Table structure for table `incoming_payments`
--

CREATE TABLE `incoming_payments` (
  `id` int(11) unsigned NOT NULL AUTO_INCREMENT,
  `betrag` decimal(15,4) DEFAULT NULL,
  `waehrung` char(3) CHARACTER SET latin1 COLLATE latin1_general_ci DEFAULT NULL,
  `buchungstag` varchar(32) CHARACTER SET latin1 COLLATE latin1_general_ci DEFAULT NULL,
  `bankleitzahl` varchar(10) CHARACTER SET latin1 COLLATE latin1_general_ci DEFAULT NULL,
  `kontonummer` varchar(16) CHARACTER SET latin1 COLLATE latin1_general_ci DEFAULT NULL,
  `name` varchar(64) CHARACTER SET latin1 COLLATE latin1_general_ci DEFAULT NULL,
  `verwendungszweck1` varchar(128) CHARACTER SET latin1 COLLATE latin1_general_ci DEFAULT NULL,
  `verwendungszweck2` varchar(128) CHARACTER SET latin1 COLLATE latin1_general_ci DEFAULT NULL,
  `verwendungszweck3` varchar(100) CHARACTER SET latin1 COLLATE latin1_general_ci NOT NULL DEFAULT '',
  `verwendungszweck4` varchar(100) CHARACTER SET latin1 COLLATE latin1_general_ci NOT NULL DEFAULT '',
  `verwendungszweck5` varchar(100) CHARACTER SET latin1 COLLATE latin1_general_ci NOT NULL DEFAULT '',
  `verwendungszweck6` varchar(100) CHARACTER SET latin1 COLLATE latin1_general_ci NOT NULL DEFAULT '',
  `verwendungszweck7` varchar(100) CHARACTER SET latin1 COLLATE latin1_general_ci NOT NULL DEFAULT '',
  `verwendungszweck8` varchar(100) CHARACTER SET latin1 COLLATE latin1_general_ci NOT NULL DEFAULT '',
  `verwendungszweck9` varchar(100) CHARACTER SET latin1 COLLATE latin1_general_ci NOT NULL DEFAULT '',
  `verwendungszweck10` varchar(100) CHARACTER SET latin1 COLLATE latin1_general_ci NOT NULL DEFAULT '',
  `verwendungszweck11` varchar(100) CHARACTER SET latin1 COLLATE latin1_general_ci NOT NULL DEFAULT '',
  `verwendungszweck12` varchar(100) CHARACTER SET latin1 COLLATE latin1_general_ci NOT NULL DEFAULT '',
  `verwendungszweck13` varchar(100) CHARACTER SET latin1 COLLATE latin1_general_ci NOT NULL DEFAULT '',
  `verwendungszweck14` varchar(100) CHARACTER SET latin1 COLLATE latin1_general_ci NOT NULL DEFAULT '',
  `confirmed` int(1) NOT NULL DEFAULT '0',
  `sorting` int(1) NOT NULL DEFAULT '0',
  `buchungstag_date` date NOT NULL,
  `verwendungszweck15` varchar(100) DEFAULT NULL,
  `verwendungszweck16` varchar(100) DEFAULT NULL,
  `verwendungszweck17` varchar(100) DEFAULT NULL,
  `verwendungszweck18` varchar(100) DEFAULT NULL,
  `verwendungszweck19` varchar(100) DEFAULT NULL,
  PRIMARY KEY (`id`),
  UNIQUE KEY `id` (`id`),
  KEY `betrag` (`betrag`),
  KEY `buchungstag` (`buchungstag`)
) ENGINE=MyISAM AUTO_INCREMENT=76 DEFAULT CHARSET=utf8;

--
-- Dumping data for table `incoming_payments`
--

INSERT INTO `incoming_payments` (`id`, `betrag`, `waehrung`, `buchungstag`, `bankleitzahl`, `kontonummer`, `name`, `verwendungszweck1`, `verwendungszweck2`, `verwendungszweck3`, `verwendungszweck4`, `verwendungszweck5`, `verwendungszweck6`, `verwendungszweck7`, `verwendungszweck8`, `verwendungszweck9`, `verwendungszweck10`, `verwendungszweck11`, `verwendungszweck12`, `verwendungszweck13`, `verwendungszweck14`, `confirmed`, `sorting`, `buchungstag_date`, `verwendungszweck15`, `verwendungszweck16`, `verwendungszweck17`, `verwendungszweck18`, `verwendungszweck19`) VALUES (1,100.0000,NULL,'06.12.2010',NULL,NULL,NULL,'20030000 M2. 04',' Musti Mustermann','','','','','','','','','','','','',1,1,'2010-12-06',NULL,NULL,NULL,NULL,NULL),(72,70.8100,'EUR','05.12.2017','','',NULL,'Marco  volleyballulli@hotmail.de','Uhlmann Marco Friedhofstraße 2 Diedorf 86420','TACode: 882488756W266251G','','','','','','','','','','','',0,2,'0000-00-00',NULL,NULL,NULL,NULL,NULL),(73,347.4300,'EUR','31.01.2018','','','runningsven@hotmail.de','Paypal Transaktion 6A0173614B584825K',NULL,'','','','','','','','','','','','',1,0,'2018-01-31',NULL,NULL,NULL,NULL,NULL),(74,138.5900,'EUR','27.11.2018','','','weisser-neger@t-online.de','Paypal Transaktion 6HY654699G330701L',NULL,'','','','','','','','','','','','',1,0,'2018-11-27',NULL,NULL,NULL,NULL,NULL),(75,23.7500,'EUR','10.12.2018','','','rilki@gmx.de','Paypal Transaktion 53T12940AU699093F',NULL,'','','','','','','','','','','','',1,0,'2018-12-10',NULL,NULL,NULL,NULL,NULL);

--
-- Table structure for table `kasse`
--

CREATE TABLE `kasse` (
  `id` int(11) NOT NULL AUTO_INCREMENT,
  `paymode` varchar(16) CHARACTER SET latin1 COLLATE latin1_general_ci NOT NULL DEFAULT '',
  `customers_id` int(11) NOT NULL DEFAULT '0',
  `orders_id` int(11) NOT NULL DEFAULT '0',
  `date_purchased` datetime NOT NULL DEFAULT '0000-00-00 00:00:00',
  `quantity_purchased` int(11) NOT NULL DEFAULT '0',
  `tax_rate` float NOT NULL DEFAULT '0',
  `total` float NOT NULL DEFAULT '0',
  `send` int(1) NOT NULL DEFAULT '0',
  `branches_id` int(11) NOT NULL DEFAULT '0',
  `rueckerstattungen_id` int(11) NOT NULL,
  PRIMARY KEY (`id`),
  KEY `customers_id` (`customers_id`),
  KEY `orders_id` (`orders_id`),
  KEY `branches_id` (`branches_id`),
  KEY `rueckerstattungen_id` (`rueckerstattungen_id`)
) ENGINE=MyISAM AUTO_INCREMENT=6 DEFAULT CHARSET=utf8;

--
-- Dumping data for table `kasse`
--

INSERT INTO `kasse` (`id`, `paymode`, `customers_id`, `orders_id`, `date_purchased`, `quantity_purchased`, `tax_rate`, `total`, `send`, `branches_id`, `rueckerstattungen_id`) VALUES (1,'bar',4987,6,'2009-12-14 12:09:32',0,0,0,0,0,0),(2,'bar',4987,8,'2010-01-02 18:44:12',0,0,0,0,0,0),(3,'bar',4996,12,'2010-03-25 19:52:43',0,0,0,0,0,0),(4,'bar',4997,13,'2010-03-25 22:10:04',0,0,0,0,0,0),(5,'bar',96,19,'2013-11-06 17:25:57',0,0,0,0,0,0);

--
-- Table structure for table `kasse_payments`
--

CREATE TABLE `kasse_payments` (
  `kasse_payments_id` int(11) NOT NULL AUTO_INCREMENT,
  `payment_code` varchar(16) CHARACTER SET latin1 COLLATE latin1_general_ci NOT NULL DEFAULT '',
  `payment_title` varchar(64) CHARACTER SET latin1 COLLATE latin1_general_ci NOT NULL DEFAULT '',
  `payment_active` int(1) NOT NULL DEFAULT '0',
  `image` varchar(64) NOT NULL,
  PRIMARY KEY (`kasse_payments_id`)
) ENGINE=MyISAM AUTO_INCREMENT=5 DEFAULT CHARSET=utf8;

--
-- Dumping data for table `kasse_payments`
--

INSERT INTO `kasse_payments` (`kasse_payments_id`, `payment_code`, `payment_title`, `payment_active`, `image`) VALUES (1,'bar','Barzahlung',1,''),(2,'ec','EC-Karte',1,''),(3,'cc','Kreditkarte',1,'');

--
-- Table structure for table `languages`
--

CREATE TABLE `languages` (
  `languages_id` int(11) NOT NULL AUTO_INCREMENT,
  `name` varchar(32) CHARACTER SET latin1 COLLATE latin1_general_ci NOT NULL DEFAULT '',
  `code` char(2) CHARACTER SET latin1 COLLATE latin1_general_ci NOT NULL DEFAULT '',
  `image` varchar(64) CHARACTER SET latin1 COLLATE latin1_general_ci DEFAULT NULL,
  `directory` varchar(32) CHARACTER SET latin1 COLLATE latin1_general_ci DEFAULT NULL,
  `sort_order` int(3) DEFAULT NULL,
  `language_charset` text CHARACTER SET latin1 COLLATE latin1_general_ci NOT NULL,
  PRIMARY KEY (`languages_id`),
  KEY `IDX_LANGUAGES_NAME` (`name`),
  KEY `name` (`name`)
) ENGINE=MyISAM AUTO_INCREMENT=3 DEFAULT CHARSET=utf8;

--
-- Dumping data for table `languages`
--

INSERT INTO `languages` (`languages_id`, `name`, `code`, `image`, `directory`, `sort_order`, `language_charset`) VALUES (2,'Deutsch','de','icon.gif','german',2,'iso-8859-15');

--
-- Table structure for table `lawyer_export`
--

CREATE TABLE `lawyer_export` (
  `lawyer_export_id` int(1) NOT NULL AUTO_INCREMENT,
  `orders_id` int(11) NOT NULL DEFAULT '0',
  `date_purchased` datetime NOT NULL DEFAULT '0000-00-00 00:00:00',
  `warning_history` text CHARACTER SET latin1 COLLATE latin1_general_ci NOT NULL,
  `ebay_id` varchar(20) CHARACTER SET latin1 COLLATE latin1_general_ci NOT NULL DEFAULT '',
  `customer_company` varchar(128) CHARACTER SET latin1 COLLATE latin1_general_ci NOT NULL DEFAULT '',
  `customer_name` varchar(128) CHARACTER SET latin1 COLLATE latin1_general_ci NOT NULL DEFAULT '',
  `customer_street_address` varchar(128) CHARACTER SET latin1 COLLATE latin1_general_ci NOT NULL DEFAULT '',
  `customer_suburb` varchar(128) CHARACTER SET latin1 COLLATE latin1_general_ci NOT NULL DEFAULT '',
  `customer_city` varchar(128) CHARACTER SET latin1 COLLATE latin1_general_ci NOT NULL DEFAULT '',
  `customer_postcode` varchar(128) CHARACTER SET latin1 COLLATE latin1_general_ci NOT NULL DEFAULT '',
  `customer_country` varchar(128) CHARACTER SET latin1 COLLATE latin1_general_ci NOT NULL DEFAULT '',
  `products` text CHARACTER SET latin1 COLLATE latin1_general_ci NOT NULL,
  `totalprice` float NOT NULL DEFAULT '0',
  `ekprice` float NOT NULL DEFAULT '0',
  `outstanding` float NOT NULL DEFAULT '0',
  `aktenzeichen` varchar(128) CHARACTER SET latin1 COLLATE latin1_general_ci NOT NULL DEFAULT '',
  `aktenzeichen_datum` datetime NOT NULL DEFAULT '0000-00-00 00:00:00',
  `auffschreiben_datum` datetime NOT NULL DEFAULT '0000-00-00 00:00:00',
  `lawyer_fees` float NOT NULL DEFAULT '0',
  `status` int(1) NOT NULL DEFAULT '0',
  `weiterleitung_datum` datetime NOT NULL DEFAULT '0000-00-00 00:00:00',
  `date_saved` datetime NOT NULL DEFAULT '0000-00-00 00:00:00',
  PRIMARY KEY (`lawyer_export_id`)
) ENGINE=MyISAM AUTO_INCREMENT=2 DEFAULT CHARSET=utf8;

--
-- Dumping data for table `lawyer_export`
--

INSERT INTO `lawyer_export` (`lawyer_export_id`, `orders_id`, `date_purchased`, `warning_history`, `ebay_id`, `customer_company`, `customer_name`, `customer_street_address`, `customer_suburb`, `customer_city`, `customer_postcode`, `customer_country`, `products`, `totalprice`, `ekprice`, `outstanding`, `aktenzeichen`, `aktenzeichen_datum`, `auffschreiben_datum`, `lawyer_fees`, `status`, `weiterleitung_datum`, `date_saved`) VALUES (1,5,'2009-11-13 11:44:01','am 24.11.2009 Automatisch Zahlungserinnerung verschickt / am 30.11.2009 Automatisch 1. Mahnung verschickt / am 05.12.2009 Automatisch 2. Mahnung verschickt','','','YES System','Winterhuder Weg 29','','Hamburg','22085','Germany','1x Testartikel 2 = 30,00 EUR',30,0,30,'','0000-00-00 00:00:00','0000-00-00 00:00:00',0,0,'0000-00-00 00:00:00','2009-12-16 04:01:07');

--
-- Table structure for table `libri_warengruppen`
--

CREATE TABLE `libri_warengruppen` (
  `libri_warengruppen_id` int(11) NOT NULL AUTO_INCREMENT,
  `categories_id` int(11) NOT NULL,
  `warengruppe` int(11) NOT NULL,
  PRIMARY KEY (`libri_warengruppen_id`),
  KEY `categories_id` (`categories_id`,`warengruppe`)
) ENGINE=MyISAM DEFAULT CHARSET=utf8;

--
-- Dumping data for table `libri_warengruppen`
--


--
-- Table structure for table `mailaccounts`
--

CREATE TABLE `mailaccounts` (
  `mailaccounts_id` int(11) NOT NULL AUTO_INCREMENT,
  `email_address` varchar(255) CHARACTER SET latin1 COLLATE latin1_general_ci NOT NULL DEFAULT '',
  `email_password` varchar(255) CHARACTER SET latin1 COLLATE latin1_general_ci NOT NULL DEFAULT '',
  `mailserver` varchar(255) CHARACTER SET latin1 COLLATE latin1_general_ci NOT NULL DEFAULT '',
  `ebay_user` varchar(128) CHARACTER SET latin1 COLLATE latin1_general_ci NOT NULL DEFAULT '',
  `email_user` varchar(255) CHARACTER SET latin1 COLLATE latin1_general_ci NOT NULL DEFAULT '',
  `protocol` varchar(8) NOT NULL DEFAULT 'pop3',
  PRIMARY KEY (`mailaccounts_id`)
) ENGINE=MyISAM AUTO_INCREMENT=4 DEFAULT CHARSET=utf8;

--
-- Dumping data for table `mailaccounts`
--

INSERT INTO `mailaccounts` (`mailaccounts_id`, `email_address`, `email_password`, `mailserver`, `ebay_user`, `email_user`, `protocol`) VALUES (3,'yes@meinbad-guenstiger.de','3/35-mac5/-HG-d2','sslin.df.eu','','yes@meinbad-guenstiger.de','imap');

--
-- Table structure for table `manufacturers`
--

CREATE TABLE `manufacturers` (
  `manufacturers_id` int(11) NOT NULL AUTO_INCREMENT,
  `manufacturers_name` varchar(32) CHARACTER SET latin1 COLLATE latin1_general_ci NOT NULL DEFAULT '',
  `manufacturers_image` varchar(64) CHARACTER SET latin1 COLLATE latin1_general_ci DEFAULT NULL,
  `date_added` datetime DEFAULT NULL,
  `last_modified` datetime DEFAULT NULL,
  `short_name` varchar(16) NOT NULL,
  `nmedia_id` varchar(8) NOT NULL,
  PRIMARY KEY (`manufacturers_id`),
  KEY `IDX_MANUFACTURERS_NAME` (`manufacturers_name`),
  KEY `manufacturers_name` (`manufacturers_name`)
) ENGINE=MyISAM AUTO_INCREMENT=16 DEFAULT CHARSET=utf8;

--
-- Dumping data for table `manufacturers`
--

INSERT INTO `manufacturers` (`manufacturers_id`, `manufacturers_name`, `manufacturers_image`, `date_added`, `last_modified`, `short_name`, `nmedia_id`) VALUES (1,'TestMöbelbastler1','manufacturers/Moebelhersteller.jpg','2010-03-18 14:19:33','2014-02-11 23:36:29','',''),(2,'Testhandyhersteller1','manufacturers/HandyHersteller.jpg','2010-03-18 15:23:24','2014-02-11 23:36:09','',''),(3,'TestVerlag1','manufacturers/BuecherHersteller.jpg','2010-03-18 15:23:40','2014-02-11 23:36:41','',''),(4,'TestModeHersteller1','manufacturers/TextilienHersteller.jpg','2010-03-18 15:24:16','2014-02-11 23:36:19','',''),(5,'Testhersteller1','manufacturers/H1.png','2014-02-26 22:10:37',NULL,'',''),(6,'Testhersteller2','manufacturers/H2.png','2014-02-26 22:11:35',NULL,'',''),(7,'Testhersteller3','manufacturers/H3.png','2014-02-26 22:11:50',NULL,'',''),(8,'Testhersteller4','manufacturers/H4.png','2014-02-26 22:12:05',NULL,'',''),(9,'Testhersteller5','manufacturers/H5.png','2014-02-26 22:12:19',NULL,'',''),(10,'Decotec','manufacturers/decotec.png','2017-03-20 21:27:20',NULL,'',''),(11,'weishaupt','manufacturers/weishaupt.png','2017-07-10 07:40:53','2017-09-06 15:57:21','',''),(12,'coqon','manufacturers/coqon.jpg','2017-09-05 12:54:27',NULL,'',''),(13,'VIGOUR','manufacturers/logo.gif','2017-10-09 02:07:22','2017-11-06 21:42:04','',''),(14,'Viega GmbH & Co. KG',NULL,'2017-10-09 02:12:33',NULL,'',''),(15,'Fohrer',NULL,'2017-10-16 20:17:07',NULL,'','');

--
-- Table structure for table `manufacturers_info`
--

CREATE TABLE `manufacturers_info` (
  `manufacturers_id` int(11) NOT NULL DEFAULT '0',
  `languages_id` int(11) NOT NULL DEFAULT '0',
  `manufacturers_meta_title` varchar(100) CHARACTER SET latin1 COLLATE latin1_general_ci NOT NULL DEFAULT '',
  `manufacturers_meta_description` varchar(255) CHARACTER SET latin1 COLLATE latin1_general_ci NOT NULL DEFAULT '',
  `manufacturers_meta_keywords` varchar(255) CHARACTER SET latin1 COLLATE latin1_general_ci NOT NULL DEFAULT '',
  `manufacturers_url` varchar(255) CHARACTER SET latin1 COLLATE latin1_general_ci NOT NULL DEFAULT '',
  `url_clicked` int(5) NOT NULL DEFAULT '0',
  `date_last_click` datetime DEFAULT NULL,
  PRIMARY KEY (`manufacturers_id`,`languages_id`)
) ENGINE=MyISAM DEFAULT CHARSET=utf8;

--
-- Dumping data for table `manufacturers_info`
--

INSERT INTO `manufacturers_info` (`manufacturers_id`, `languages_id`, `manufacturers_meta_title`, `manufacturers_meta_description`, `manufacturers_meta_keywords`, `manufacturers_url`, `url_clicked`, `date_last_click`) VALUES (1,2,'','','','www.testmoebelbastler1.de',0,NULL),(2,2,'','','','',0,NULL),(3,2,'','','','',0,NULL),(4,2,'','','','',0,NULL),(5,2,'','','','',0,NULL),(6,2,'','','','',0,NULL),(7,2,'','','','',0,NULL),(8,2,'','','','',0,NULL),(9,2,'','','','',0,NULL),(10,2,'','Decotec ist ein Hersteller von Möbeln, Schränken, Waschtisch, Becken Bad-Sets für das Design Bad','','',0,NULL),(11,2,'weishaupt Ernergie-Technik','Weishaupt ist ein Unternehmen, das in die Zukunft blickt. Und die wesentliche Herausforderung, der wir uns gegenüber sehen, ist der verantwortungsvolle Umgang mit den Energieressourcen dieser Welt. Daran arbeiten wir seit über 80 Jahren.','Energie-Technik\r\nWeishaupt Heizsysteme, Brenner, Wärmepumpen und Solarkollektoren zeichnen sich durch Sparsamkeit, Langlebigkeit und Zuverlässigkeit im Betrieb aus. Sie werden in Deutschland und in der Schweiz hergestellt.','',0,NULL),(12,2,'','','','',0,NULL),(13,2,'Vigour Badprodukte','VIGOUR bietet als einer der wenigen Hersteller im Markt Systeme und Produkte für den kompletten Lebensraum Bad aus einer Hand. \r\nVIGOUR System- und Produktlösungen sind im Privatbad, im Hotelbad, in Bädern von Gesundheits- und Rehabilitationseinrichtungen','','www.vigour.de',0,NULL),(14,2,'','','','',0,NULL),(15,2,'','','','',0,NULL);

--
-- Table structure for table `media_content`
--

CREATE TABLE `media_content` (
  `file_id` int(11) NOT NULL AUTO_INCREMENT,
  `old_filename` text CHARACTER SET latin1 COLLATE latin1_general_ci NOT NULL,
  `new_filename` text CHARACTER SET latin1 COLLATE latin1_general_ci NOT NULL,
  `file_comment` text CHARACTER SET latin1 COLLATE latin1_general_ci NOT NULL,
  PRIMARY KEY (`file_id`)
) ENGINE=MyISAM DEFAULT CHARSET=utf8;

--
-- Dumping data for table `media_content`
--


--
-- Table structure for table `module_newsletter`
--

CREATE TABLE `module_newsletter` (
  `newsletter_id` int(11) NOT NULL AUTO_INCREMENT,
  `title` text CHARACTER SET latin1 COLLATE latin1_general_ci NOT NULL,
  `bc` text CHARACTER SET latin1 COLLATE latin1_general_ci NOT NULL,
  `cc` text CHARACTER SET latin1 COLLATE latin1_general_ci NOT NULL,
  `date` datetime DEFAULT NULL,
  `status` int(1) NOT NULL DEFAULT '0',
  `body` text CHARACTER SET latin1 COLLATE latin1_general_ci NOT NULL,
  PRIMARY KEY (`newsletter_id`)
) ENGINE=MyISAM DEFAULT CHARSET=utf8;

--
-- Dumping data for table `module_newsletter`
--


--
-- Table structure for table `module_newsletter_temp_1`
--

CREATE TABLE `module_newsletter_temp_1` (
  `id` int(11) NOT NULL AUTO_INCREMENT,
  `customers_id` int(11) NOT NULL DEFAULT '0',
  `customers_status` int(11) NOT NULL DEFAULT '0',
  `customers_firstname` varchar(64) CHARACTER SET latin1 COLLATE latin1_general_ci NOT NULL DEFAULT '',
  `customers_lastname` varchar(64) CHARACTER SET latin1 COLLATE latin1_general_ci NOT NULL DEFAULT '',
  `customers_email_address` text CHARACTER SET latin1 COLLATE latin1_general_ci NOT NULL,
  `mail_key` varchar(32) CHARACTER SET latin1 COLLATE latin1_general_ci NOT NULL DEFAULT '',
  `date` datetime NOT NULL DEFAULT '0000-00-00 00:00:00',
  `comment` varchar(64) CHARACTER SET latin1 COLLATE latin1_general_ci NOT NULL DEFAULT '',
  PRIMARY KEY (`id`)
) ENGINE=MyISAM DEFAULT CHARSET=utf8;

--
-- Dumping data for table `module_newsletter_temp_1`
--


--
-- Table structure for table `newsletter_recipients`
--

CREATE TABLE `newsletter_recipients` (
  `mail_id` int(11) NOT NULL AUTO_INCREMENT,
  `customers_email_address` varchar(96) CHARACTER SET latin1 COLLATE latin1_general_ci NOT NULL DEFAULT '',
  `customers_id` int(11) NOT NULL DEFAULT '0',
  `customers_status` int(5) NOT NULL DEFAULT '0',
  `customers_firstname` varchar(64) NOT NULL,
  `customers_lastname` varchar(64) NOT NULL,
  `mail_status` int(1) NOT NULL DEFAULT '0',
  `mail_key` varchar(32) CHARACTER SET latin1 COLLATE latin1_general_ci NOT NULL DEFAULT '',
  `date_added` datetime NOT NULL DEFAULT '0000-00-00 00:00:00',
  PRIMARY KEY (`mail_id`)
) ENGINE=MyISAM AUTO_INCREMENT=15 DEFAULT CHARSET=utf8;

--
-- Dumping data for table `newsletter_recipients`
--

INSERT INTO `newsletter_recipients` (`mail_id`, `customers_email_address`, `customers_id`, `customers_status`, `customers_firstname`, `customers_lastname`, `mail_status`, `mail_key`, `date_added`) VALUES (1,'frank@naydowski.de',4987,0,'Frank','Naydowski',1,'WMbxUkpaIpW75nbN93ZyCbzb24G8Vza','2009-02-19 18:47:53'),(2,'infoinfo@yes-websolutions.de',4989,4,'TEST','TEST',1,'Lxvcv7HGAnHMQOovR5ElggxKb5gKfi9g','2009-02-26 15:56:07'),(3,'infoagri@yes-websolutions.de',4992,4,'test','test',1,'BCd2y7g8CUi6TJ5PRBigCg8L8KZ8aC','2009-02-26 15:57:53'),(5,'Htest@yes4trade.de',4995,2,'HTestvorname','HTestnachname',1,'2fPGxnjBsy6ChmuT9SjCgsd82XmnLk2','2010-03-19 14:15:04'),(6,'system@yes4trade.de',4987,0,'Admin','Administrator',1,'t3CpfPYDW2ee5IdvJQcRxtGbYRbL','2010-03-25 17:03:06'),(7,'Testkunde2@yes4trade.de',4997,2,'Testkunde2','Testkunde2nachname',0,'RnNLW6KdGAard7R1kAvImnTdEivG','2010-03-25 19:56:27'),(8,'xxxx@yes-websolutions.de',4992,4,'test','test',1,'yzlWsOQLkjxa5xeufZTdjpdGIcHEZ8','2010-03-25 22:04:24'),(9,'tester2@test.de',4989,4,'TestVorname2','TestNachname2',1,'C5VDHwRi6tADAfmZgnfXL72vuIT9C7','2010-12-16 15:32:26'),(10,'tester5@test.de',4992,4,'TestVorname5','TestNachname5',1,'5jsmIQwDKBCGfHJXdSKbh85nK97rye','2010-12-16 15:34:22'),(11,'MaxMustermann@yes4trade.de',4997,2,'Max','Mustermann',1,'U4utTyZ8NVbHSeB8r77rbG95cKSHXxO','2010-12-16 15:36:28'),(12,'system@yes-websolutions.de',1,0,'YES','System',1,'KMx8TXWL882mcwtXeOTdUAkU4GGAt','2011-09-27 21:28:41'),(13,'joergibach@maxibach.de',5000,1,'Max','Ibach',1,'113zDWF1YKkbqFwWYs3Ke5547FY3up','2017-03-09 17:30:58'),(14,'breitsameterpu@msn.com',5018,2,'Paulus','Breitsameter',0,'JvupXWfsNVmaXpJaNT7aavziRi2saFea','2018-06-24 11:31:53');

--
-- Table structure for table `newsletters`
--

CREATE TABLE `newsletters` (
  `newsletters_id` int(11) NOT NULL AUTO_INCREMENT,
  `title` varchar(255) CHARACTER SET latin1 COLLATE latin1_general_ci NOT NULL DEFAULT '',
  `content` text CHARACTER SET latin1 COLLATE latin1_general_ci NOT NULL,
  `module` varchar(255) CHARACTER SET latin1 COLLATE latin1_general_ci NOT NULL DEFAULT '',
  `date_added` datetime NOT NULL DEFAULT '0000-00-00 00:00:00',
  `date_sent` datetime DEFAULT NULL,
  `status` int(1) DEFAULT NULL,
  `locked` int(1) DEFAULT '0',
  PRIMARY KEY (`newsletters_id`)
) ENGINE=MyISAM DEFAULT CHARSET=utf8;

--
-- Dumping data for table `newsletters`
--


--
-- Table structure for table `newsletters_history`
--

CREATE TABLE `newsletters_history` (
  `news_hist_id` int(11) NOT NULL DEFAULT '0',
  `news_hist_cs` int(11) NOT NULL DEFAULT '0',
  `news_hist_cs_date_sent` date DEFAULT NULL,
  PRIMARY KEY (`news_hist_id`)
) ENGINE=MyISAM DEFAULT CHARSET=utf8;

--
-- Dumping data for table `newsletters_history`
--


--
-- Table structure for table `nmedia_serien`
--

CREATE TABLE `nmedia_serien` (
  `nmedia_serien_id` int(11) NOT NULL AUTO_INCREMENT,
  `serie_nr` varchar(16) NOT NULL,
  `serie` varchar(128) NOT NULL,
  `serie_text` text NOT NULL,
  `last_modified` datetime NOT NULL,
  PRIMARY KEY (`nmedia_serien_id`),
  KEY `serie_nr` (`serie_nr`)
) ENGINE=InnoDB DEFAULT CHARSET=latin1;

--
-- Dumping data for table `nmedia_serien`
--


--
-- Table structure for table `orders`
--

CREATE TABLE `orders` (
  `orders_id` int(11) NOT NULL AUTO_INCREMENT,
  `customers_id` int(11) NOT NULL DEFAULT '0',
  `ebay_id` varchar(32) CHARACTER SET latin1 COLLATE latin1_general_ci NOT NULL DEFAULT '',
  `customers_cid` varchar(32) CHARACTER SET latin1 COLLATE latin1_general_ci DEFAULT NULL,
  `customers_vat_id` varchar(20) CHARACTER SET latin1 COLLATE latin1_general_ci DEFAULT NULL,
  `customers_status` int(11) DEFAULT NULL,
  `customers_status_name` varchar(32) CHARACTER SET latin1 COLLATE latin1_general_ci NOT NULL DEFAULT '',
  `customers_status_image` varchar(64) CHARACTER SET latin1 COLLATE latin1_general_ci DEFAULT NULL,
  `customers_status_discount` decimal(4,2) DEFAULT NULL,
  `customers_name` varchar(64) CHARACTER SET latin1 COLLATE latin1_general_ci NOT NULL DEFAULT '',
  `customers_company` varchar(128) DEFAULT NULL,
  `customers_street_address` varchar(64) CHARACTER SET latin1 COLLATE latin1_general_ci NOT NULL DEFAULT '',
  `customers_suburb` varchar(64) DEFAULT NULL,
  `customers_city` varchar(64) NOT NULL,
  `customers_postcode` varchar(10) CHARACTER SET latin1 COLLATE latin1_general_ci NOT NULL DEFAULT '',
  `customers_state` varchar(32) CHARACTER SET latin1 COLLATE latin1_general_ci DEFAULT NULL,
  `customers_country` varchar(32) CHARACTER SET latin1 COLLATE latin1_general_ci NOT NULL DEFAULT '',
  `customers_telephone` varchar(32) CHARACTER SET latin1 COLLATE latin1_general_ci NOT NULL DEFAULT '',
  `customers_mobile` varchar(64) CHARACTER SET latin1 COLLATE latin1_general_ci NOT NULL DEFAULT '',
  `customers_email_address` varchar(96) CHARACTER SET latin1 COLLATE latin1_general_ci NOT NULL DEFAULT '',
  `customers_address_format_id` int(5) NOT NULL DEFAULT '0',
  `delivery_name` varchar(64) CHARACTER SET latin1 COLLATE latin1_general_ci NOT NULL DEFAULT '',
  `delivery_company` varchar(128) DEFAULT NULL,
  `delivery_street_address` varchar(64) CHARACTER SET latin1 COLLATE latin1_general_ci NOT NULL DEFAULT '',
  `delivery_suburb` varchar(64) DEFAULT NULL,
  `delivery_city` varchar(64) NOT NULL,
  `delivery_postcode` varchar(10) CHARACTER SET latin1 COLLATE latin1_general_ci NOT NULL DEFAULT '',
  `delivery_state` varchar(32) CHARACTER SET latin1 COLLATE latin1_general_ci DEFAULT NULL,
  `delivery_country` varchar(32) CHARACTER SET latin1 COLLATE latin1_general_ci NOT NULL DEFAULT '',
  `delivery_address_format_id` int(5) NOT NULL DEFAULT '0',
  `delivery_email_address` varchar(255) NOT NULL,
  `delivery_telephone` varchar(64) NOT NULL,
  `billing_name` varchar(64) CHARACTER SET latin1 COLLATE latin1_general_ci NOT NULL DEFAULT '',
  `billing_company` varchar(128) DEFAULT NULL,
  `billing_street_address` varchar(64) CHARACTER SET latin1 COLLATE latin1_general_ci NOT NULL DEFAULT '',
  `billing_suburb` varchar(64) DEFAULT NULL,
  `billing_city` varchar(64) NOT NULL,
  `billing_postcode` varchar(10) CHARACTER SET latin1 COLLATE latin1_general_ci NOT NULL DEFAULT '',
  `billing_state` varchar(32) CHARACTER SET latin1 COLLATE latin1_general_ci DEFAULT NULL,
  `billing_country` varchar(32) CHARACTER SET latin1 COLLATE latin1_general_ci NOT NULL DEFAULT '',
  `billing_address_format_id` int(5) NOT NULL DEFAULT '0',
  `payment_method` varchar(32) CHARACTER SET latin1 COLLATE latin1_general_ci NOT NULL DEFAULT '',
  `cc_type` varchar(20) CHARACTER SET latin1 COLLATE latin1_general_ci DEFAULT NULL,
  `cc_owner` varchar(64) CHARACTER SET latin1 COLLATE latin1_general_ci DEFAULT NULL,
  `cc_number` varchar(64) CHARACTER SET latin1 COLLATE latin1_general_ci DEFAULT NULL,
  `cc_expires` varchar(4) CHARACTER SET latin1 COLLATE latin1_general_ci DEFAULT NULL,
  `cc_start` varchar(4) CHARACTER SET latin1 COLLATE latin1_general_ci DEFAULT NULL,
  `cc_issue` char(3) CHARACTER SET latin1 COLLATE latin1_general_ci DEFAULT NULL,
  `cc_cvv` varchar(4) CHARACTER SET latin1 COLLATE latin1_general_ci DEFAULT NULL,
  `comments` text,
  `last_modified` datetime DEFAULT NULL,
  `date_purchased` datetime DEFAULT NULL,
  `date_payment` datetime NOT NULL DEFAULT '0000-00-00 00:00:00',
  `orders_status` int(5) NOT NULL DEFAULT '0',
  `orders_date_finished` datetime DEFAULT NULL,
  `currency` char(3) CHARACTER SET latin1 COLLATE latin1_general_ci DEFAULT NULL,
  `currency_value` decimal(14,6) DEFAULT NULL,
  `account_type` int(1) NOT NULL DEFAULT '0',
  `payment_class` varchar(32) CHARACTER SET latin1 COLLATE latin1_general_ci NOT NULL DEFAULT '',
  `shipping_method` varchar(64) CHARACTER SET latin1 COLLATE latin1_general_ci NOT NULL DEFAULT '',
  `shipping_class` varchar(32) CHARACTER SET latin1 COLLATE latin1_general_ci NOT NULL DEFAULT '',
  `customers_ip` varchar(32) CHARACTER SET latin1 COLLATE latin1_general_ci NOT NULL DEFAULT '',
  `language` varchar(32) CHARACTER SET latin1 COLLATE latin1_general_ci NOT NULL DEFAULT '',
  `parent_orders_id` int(11) NOT NULL DEFAULT '0',
  `is_parent` enum('y','n') CHARACTER SET latin1 COLLATE latin1_general_ci NOT NULL DEFAULT 'n',
  `warning_status` int(1) NOT NULL DEFAULT '0',
  `cash_on_bank` int(1) NOT NULL DEFAULT '0',
  `goods_despatched` int(1) NOT NULL DEFAULT '0',
  `customers_combine` enum('n','y') CHARACTER SET latin1 COLLATE latin1_general_ci NOT NULL DEFAULT 'n',
  `no_warning` int(1) NOT NULL DEFAULT '0',
  `versender` varchar(32) CHARACTER SET latin1 COLLATE latin1_general_ci NOT NULL DEFAULT '',
  `warning_span_date` datetime NOT NULL DEFAULT '0000-00-00 00:00:00',
  `warning_span` int(11) NOT NULL DEFAULT '0',
  `block_shipping` int(11) NOT NULL DEFAULT '0',
  `date_shipping` datetime NOT NULL DEFAULT '0000-00-00 00:00:00',
  `ebay_no_shippingaddress` int(1) NOT NULL DEFAULT '0',
  `ebay_no_registrationaddress` int(1) NOT NULL DEFAULT '0',
  `ebay_different_address` int(1) NOT NULL DEFAULT '0',
  `last_warning` datetime NOT NULL DEFAULT '0000-00-00 00:00:00',
  `select_set` int(1) NOT NULL DEFAULT '0',
  `select_set_status` int(1) NOT NULL DEFAULT '0',
  `ebay_shippingcountry` int(11) NOT NULL DEFAULT '0',
  `rueckstand` int(1) NOT NULL DEFAULT '0',
  `orders_split_id` int(11) NOT NULL DEFAULT '0',
  `combined_orders_id` int(11) NOT NULL DEFAULT '0',
  `select_set_product_status` int(1) NOT NULL DEFAULT '0',
  `ebayfeedback_block_status` int(1) NOT NULL DEFAULT '0',
  `comments_visible` text NOT NULL,
  `refferers_id` int(11) NOT NULL,
  `conversion_type` tinyint(4) NOT NULL,
  `orders_ident_key` varchar(128) NOT NULL,
  `orders_date_storno` datetime NOT NULL,
  `payment_transaction_id` varchar(255) NOT NULL,
  `source` varchar(8) NOT NULL,
  `source_editor_id` int(11) NOT NULL,
  `marge` decimal(15,4) NOT NULL,
  `block_shipping_comment` varchar(255) NOT NULL,
  `block_shipping_end_date` datetime NOT NULL,
  `shipping_comments` text NOT NULL,
  `ebay_plus` int(1) DEFAULT NULL,
  `amazon_prime` int(1) NOT NULL,
  `yes_amazon_pay_reference_id` varchar(32) NOT NULL,
  `yes_amazon_pay_reference` varchar(32) NOT NULL,
  `amazon_orders_fba_id` int(11) NOT NULL,
  PRIMARY KEY (`orders_id`),
  KEY `customers_id` (`customers_id`),
  KEY `ebay_id` (`ebay_id`),
  KEY `parent_orders_id` (`parent_orders_id`),
  KEY `payment_method` (`payment_method`),
  KEY `orders_status` (`orders_status`),
  KEY `combined_orders_id` (`combined_orders_id`)
) ENGINE=MyISAM AUTO_INCREMENT=5028 DEFAULT CHARSET=utf8;

--
-- Dumping data for table `orders`
--

INSERT INTO `orders` (`orders_id`, `customers_id`, `ebay_id`, `customers_cid`, `customers_vat_id`, `customers_status`, `customers_status_name`, `customers_status_image`, `customers_status_discount`, `customers_name`, `customers_company`, `customers_street_address`, `customers_suburb`, `customers_city`, `customers_postcode`, `customers_state`, `customers_country`, `customers_telephone`, `customers_mobile`, `customers_email_address`, `customers_address_format_id`, `delivery_name`, `delivery_company`, `delivery_street_address`, `delivery_suburb`, `delivery_city`, `delivery_postcode`, `delivery_state`, `delivery_country`, `delivery_address_format_id`, `delivery_email_address`, `delivery_telephone`, `billing_name`, `billing_company`, `billing_street_address`, `billing_suburb`, `billing_city`, `billing_postcode`, `billing_state`, `billing_country`, `billing_address_format_id`, `payment_method`, `cc_type`, `cc_owner`, `cc_number`, `cc_expires`, `cc_start`, `cc_issue`, `cc_cvv`, `comments`, `last_modified`, `date_purchased`, `date_payment`, `orders_status`, `orders_date_finished`, `currency`, `currency_value`, `account_type`, `payment_class`, `shipping_method`, `shipping_class`, `customers_ip`, `language`, `parent_orders_id`, `is_parent`, `warning_status`, `cash_on_bank`, `goods_despatched`, `customers_combine`, `no_warning`, `versender`, `warning_span_date`, `warning_span`, `block_shipping`, `date_shipping`, `ebay_no_shippingaddress`, `ebay_no_registrationaddress`, `ebay_different_address`, `last_warning`, `select_set`, `select_set_status`, `ebay_shippingcountry`, `rueckstand`, `orders_split_id`, `combined_orders_id`, `select_set_product_status`, `ebayfeedback_block_status`, `comments_visible`, `refferers_id`, `conversion_type`, `orders_ident_key`, `orders_date_storno`, `payment_transaction_id`, `source`, `source_editor_id`, `marge`, `block_shipping_comment`, `block_shipping_end_date`, `shipping_comments`, `ebay_plus`, `amazon_prime`, `yes_amazon_pay_reference_id`, `yes_amazon_pay_reference`, `amazon_orders_fba_id`) VALUES (1,4994,'','','',2,'PRIVATER KUNDE','customer_status.gif',0.00,'Dieter Marktmacht','','Marktplatz 1','','Markt','89001','','Germany','089-1234567','','kontakt@elbfon.de',5,'Dieter Marktmacht','','Marktplatz 1','','Markt','89001','','Germany',5,'','','Dieter Marktmacht','','Marktplatz 1','','Markt','89001','','Germany',5,'moneyorder','','','','','','','','Kunde ist mehr als merkwürdig...','2009-09-05 04:02:34','2009-08-04 11:43:33','0000-00-00 00:00:00',7,NULL,'EUR',0.000000,0,'moneyorder','YES Versandmodul (Versand nach DE)','yes_yes','95.118.91.177','german',0,'n',4,0,0,'n',0,'','0000-00-00 00:00:00',0,0,'0000-00-00 00:00:00',0,0,0,'2009-09-05 04:02:33',0,0,0,0,0,0,0,0,'Artikel ist lieferbar und er geht am Montag raus an Sie. Grüße, Knud',0,0,'','0000-00-00 00:00:00','','',0,0.0000,'','0000-00-00 00:00:00','',NULL,0,'','',0),(2,4987,'','','',0,'Admin','admin_status.gif',0.00,'Frank Naydowski','--------','--------','','--------','----','','Germany','----','','frank@naydowski.de',5,'Fred Feuerstein','knoxxMoxx','bremel 15','','Knüsterbek','22565','','Germany',5,'','','Fred Feuerstein','knoxxMoxx','bremel 15','','Knüsterbek','22565','','Germany',5,'moneyorder','','','','','','','','','2009-12-13 04:01:05','2009-11-10 22:22:26','0000-00-00 00:00:00',7,NULL,'EUR',0.000000,0,'moneyorder','YES Versandmodul (Versand nach DE)','yes_yes','95.118.25.100','german',0,'n',4,0,0,'n',0,'','0000-00-00 00:00:00',0,0,'0000-00-00 00:00:00',0,0,0,'2009-12-13 04:01:05',0,0,0,0,0,0,0,0,'',0,0,'','0000-00-00 00:00:00','','',0,0.0000,'','0000-00-00 00:00:00','',NULL,0,'','',0),(3,4987,'','','',0,'Admin','admin_status.gif',0.00,'Frank Naydowski','--------','--------','','--------','----','','Germany','----','','frank@naydowski.de',5,'-------- --------','--------','--------','','--------','----','','Germany',5,'','','-------- --------','--------','--------','','--------','----','','Germany',5,'moneyorder','','','','','','','','','2009-12-14 04:01:03','2009-11-12 21:57:45','0000-00-00 00:00:00',7,NULL,'EUR',0.000000,0,'moneyorder','YES Versandmodul (Versand nach DE)','yes_yes','85.183.3.188','german',0,'n',4,0,0,'n',0,'','0000-00-00 00:00:00',0,0,'0000-00-00 00:00:00',0,0,0,'2009-12-14 04:01:03',0,0,0,0,0,0,0,0,'',0,0,'','0000-00-00 00:00:00','','',0,0.0000,'','0000-00-00 00:00:00','',NULL,0,'','',0),(4,1,'','','',0,'Admin','admin_status.gif',0.00,'YES System','','Winterhuder Weg 29','','Hamburg','22085','Hamburg','Germany','0177-6233614','','system@yes-websolutions.de',5,'YES System','','Winterhuder Weg 29','','Hamburg','22085','Hamburg','Germany',5,'','','YES System','','Winterhuder Weg 29','','Hamburg','22085','Hamburg','Germany',5,'moneyorder','','','','','','','','','2009-12-16 04:01:07','2009-11-13 11:42:10','0000-00-00 00:00:00',7,NULL,'EUR',0.000000,0,'moneyorder','YES Versandmodul (Versand nach DE)','yes_yes','85.183.3.188','german',0,'n',4,0,0,'n',0,'','0000-00-00 00:00:00',0,0,'0000-00-00 00:00:00',0,0,0,'2009-12-16 04:01:07',0,0,0,0,0,0,0,0,'',0,0,'','0000-00-00 00:00:00','','',0,0.0000,'','0000-00-00 00:00:00','',NULL,0,'','',0),(5,1,'','','',0,'Admin','admin_status.gif',0.00,'YES System','','Winterhuder Weg 29','','Hamburg','22085','Hamburg','Germany','0177-6233614','','system@yes-websolutions.de',5,'YES System','','Winterhuder Weg 29','','Hamburg','22085','Hamburg','Germany',5,'','','YES System','','Winterhuder Weg 29','','Hamburg','22085','Hamburg','Germany',5,'moneyorder','','','','','','','','','2009-12-16 04:01:07','2009-11-13 11:44:01','0000-00-00 00:00:00',7,NULL,'EUR',0.000000,0,'moneyorder','YES Versandmodul (Versand nach DE)','yes_yes','85.183.3.188','german',0,'n',4,0,0,'n',0,'','0000-00-00 00:00:00',0,0,'0000-00-00 00:00:00',0,0,0,'2009-12-16 04:01:07',0,0,0,0,0,0,0,0,'',0,0,'','0000-00-00 00:00:00','','',0,0.0000,'','0000-00-00 00:00:00','',NULL,0,'','',0),(6,4987,'','','',0,'Admin','admin_status.gif',0.00,'Frank Naydowski','--------','--------','','--------','----','','Germany','----','','frank@naydowski.de',5,'-------- --------','--------','--------','','--------','----','','Germany',5,'','','-------- --------','--------','--------','','--------','----','','Germany',5,'moneyorder','','','','','','','','','2017-10-16 20:51:51','2009-11-22 17:11:10','2009-12-14 12:09:32',7,NULL,'EUR',0.000000,0,'moneyorder','YES Versandmodul (Versand nach DE)','yes_yes','188.192.0.95','german',0,'n',3,0,0,'n',0,'Gls','0000-00-00 00:00:00',0,0,'2010-03-25 22:14:33',0,0,0,'2009-12-14 04:01:03',0,0,0,0,0,0,0,0,'',0,0,'','2017-10-16 20:51:51','','',0,0.0000,'','0000-00-00 00:00:00','',NULL,0,'','',0),(7,4987,'','','',0,'Admin','admin_status.gif',0.00,'Frank Naydowski','--------','--------','','--------','----','','Germany','----','','frank@naydowski.de',5,'-------- --------','--------','--------','','--------','----','','Germany',5,'','','-------- --------','--------','--------','','--------','----','','Germany',5,'moneyorder','','','','','','','','Kunde ist am überlegen, meldet sich kommende Woche...','2010-03-25 19:36:29','2009-11-25 13:35:29','0000-00-00 00:00:00',7,NULL,'EUR',0.000000,0,'moneyorder','YES Versandmodul (Versand nach DE)','yes_yes','95.118.44.124','german',0,'n',2,0,0,'n',0,'','0000-00-00 00:00:00',0,0,'0000-00-00 00:00:00',0,0,0,'2009-12-11 04:01:12',0,0,0,0,0,0,0,0,'',0,0,'','0000-00-00 00:00:00','','',0,0.0000,'','0000-00-00 00:00:00','',NULL,0,'','',0),(8,4987,'','','',0,'Admin','admin_status.gif',0.00,'Frank Naydowski','--------','--------','','--------','----','','Germany','----','','frank@naydowski.de',5,'-------- --------','--------','--------','','--------','----','','Germany',5,'','','-------- --------','--------','--------','','--------','----','','Germany',5,'moneyorder','','','','','','','','','2017-10-16 20:51:51','2010-01-02 18:42:51','2010-01-02 18:44:12',7,NULL,'EUR',0.000000,0,'moneyorder','Versand (nach DE)','yes_yes','95.119.213.151','german',0,'n',0,0,0,'n',0,'','0000-00-00 00:00:00',0,0,'0000-00-00 00:00:00',0,0,0,'0000-00-00 00:00:00',0,0,0,0,0,0,0,0,'',0,0,'','2017-10-16 20:51:51','','',0,0.0000,'','0000-00-00 00:00:00','',NULL,0,'','',0),(9,4995,'','','',7,'TestKundengruppe','',0.00,'HTestvorname HTestnachname','','teststr. 5','','Hamburg','20097','','Germany','13456789','','Htest@yes4trade.de',5,'HTestvorname HTestnachname','','teststr. 5','','Hamburg','20097','','Germany',5,'','','HTestvorname HTestnachname','','teststr. 5','','Hamburg','20097','','Germany',5,'moneyorder','','','','','','','','','2017-10-16 20:51:51','2010-03-22 15:58:02','0000-00-00 00:00:00',7,NULL,'EUR',0.000000,0,'moneyorder','Versand (nach DE (73,00 kg))','yes_yes','213.39.159.120','german',0,'n',0,0,0,'n',0,'','0000-00-00 00:00:00',0,0,'0000-00-00 00:00:00',0,0,0,'0000-00-00 00:00:00',0,0,0,0,0,0,0,0,'',0,0,'','2017-10-16 20:51:51','','',0,0.0000,'','0000-00-00 00:00:00','',NULL,0,'','',0),(10,4995,'','','',7,'TestKundengruppe','',0.00,'HTestvorname HTestnachname','','teststr. 5','','Hamburg','20097','','Germany','13456789','','Htest@yes4trade.de',5,'HTestvorname HTestnachname','','teststr. 5','','Hamburg','20097','','Germany',5,'','','HTestvorname HTestnachname','','teststr. 5','','Hamburg','20097','','Germany',5,'moneyorder','','','','','','','','','2017-10-16 20:51:51','2010-03-22 16:36:38','0000-00-00 00:00:00',7,NULL,'EUR',0.000000,0,'moneyorder','Versand (nach DE (5,00 kg))','yes_yes','213.39.159.120','german',0,'n',0,0,0,'n',0,'','0000-00-00 00:00:00',0,0,'2010-03-25 22:16:33',0,0,0,'0000-00-00 00:00:00',0,0,0,0,0,0,0,0,'',0,0,'','2017-10-16 20:51:51','','',0,0.0000,'','0000-00-00 00:00:00','',NULL,0,'','',0),(11,96,'','','',2,'PRIVATER KUNDE','customer_status.gif',0.00,'Kasse __KASSE__','','NICHTRELEVANT','','Hamburg','22222','Deutschland','Germany','000000000','','KASSE@agri-promotion.de',5,'Kasse __KASSE__','','NICHTRELEVANT','','Hamburg','22222','Deutschland','Germany',5,'','','Kasse __KASSE__','','NICHTRELEVANT','','Hamburg','22222','Deutschland','Germany',5,'moneyorder','','','','','','','','','2017-10-16 20:51:51','2010-03-25 19:39:27','0000-00-00 00:00:00',7,'0000-00-00 00:00:00','EUR',1.000000,0,'moneyorder','Pauschale Versandkosten','flat_flat','','german',0,'n',0,0,0,'n',0,'','0000-00-00 00:00:00',0,0,'0000-00-00 00:00:00',0,0,0,'0000-00-00 00:00:00',0,0,0,0,0,0,0,0,'',0,0,'','2017-10-16 20:51:51','','',0,0.0000,'','0000-00-00 00:00:00','',NULL,0,'','',0),(12,4996,'','','',2,'PRIVATER KUNDE','customer_status.gif',0.00,'TestKunde TestKundenachname','','teststr. 5','','Hamburg','12345','','Germany','123456789','','TestKunde@yes4trade.de',5,'TestKunde TestKundenachname','','teststr. 5','','Hamburg','12345','','Germany',5,'','','TestKunde TestKundenachname','','teststr. 5','','Hamburg','12345','','Germany',5,'moneyorder','','','','','','','','','2017-10-16 20:51:51','2010-03-25 19:49:26','2010-03-25 19:52:43',7,NULL,'EUR',0.000000,0,'moneyorder','Versand (nach DE (80,00 kg))','yes_yes','188.193.154.224','german',0,'n',0,0,0,'n',0,'','0000-00-00 00:00:00',0,0,'0000-00-00 00:00:00',0,0,0,'0000-00-00 00:00:00',0,0,0,1,0,0,0,0,'',0,0,'','2017-10-16 20:51:51','','',0,0.0000,'','0000-00-00 00:00:00','',NULL,0,'','',0),(13,4997,'','','',2,'PRIVATER KUNDE','customer_status.gif',0.00,'Testkunde2 Testkunde2nachname','','teststr. 4','','Hamburg','12345','','Germany','12345678','','Testkunde2@yes4trade.de',5,'Testkunde2 Testkunde2nachname','','teststr. 4','','Hamburg','12345','','Germany',5,'','','Testkunde2 Testkunde2nachname','','teststr. 4','','Hamburg','12345','','Germany',5,'moneyorder','','','','','','','','','2017-10-16 20:51:51','2010-03-25 19:57:35','2010-03-25 22:10:04',7,NULL,'EUR',0.000000,0,'moneyorder','Versand (nach DE (20,00 kg))','yes_yes','188.193.154.224','german',0,'n',0,0,0,'n',0,'Post','0000-00-00 00:00:00',0,0,'2010-03-25 22:10:32',0,0,0,'0000-00-00 00:00:00',0,0,0,0,0,0,0,0,'',0,0,'','2017-10-16 20:51:51','','',0,0.0000,'','0000-00-00 00:00:00','',NULL,0,'','',0),(14,1,'','','',0,'Admin','admin_status.gif',0.00,'YES System','','Winterhuder Weg 29','','Hamburg','22085','Hamburg','Germany','0177-6233614','','system@yes-websolutions.de',5,'YES System','','Winterhuder Weg 29','','Hamburg','22085','Hamburg','Germany',5,'','','YES System','','Winterhuder Weg 29','','Hamburg','22085','Hamburg','Germany',5,'invoice','','','','','','','','','2017-10-16 20:51:51','2011-01-20 15:19:18','0000-00-00 00:00:00',7,NULL,'EUR',1.000000,0,'invoice','Versand (nach DE)','yes_yes','87.147.219.182','german',0,'n',0,0,0,'n',0,'','0000-00-00 00:00:00',0,0,'0000-00-00 00:00:00',0,0,0,'0000-00-00 00:00:00',0,0,0,0,0,0,0,0,'',0,0,'','2017-10-16 20:51:51','','shop',0,0.0000,'','0000-00-00 00:00:00','',NULL,0,'','',0),(15,1,'','','',0,'Admin','admin_status.gif',0.00,'YES System','','Winterhuder Weg 29','','Hamburg','22085','Hamburg','Germany','0177-6233614','','system@yes-websolutions.de',5,'YES System','','Winterhuder Weg 29','','Hamburg','22085','Hamburg','Germany',5,'','','YES System','','Winterhuder Weg 29','','Hamburg','22085','Hamburg','Germany',5,'moneyorder','','','','','','','','','2017-10-16 20:51:51','2011-04-14 23:41:27','0000-00-00 00:00:00',7,'0000-00-00 00:00:00','EUR',1.000000,0,'moneyorder','Versand','yes_yes','','german',0,'n',0,0,0,'n',0,'','0000-00-00 00:00:00',0,0,'2011-04-14 23:43:42',0,0,0,'0000-00-00 00:00:00',0,0,0,0,0,0,0,0,'',0,0,'','2017-10-16 20:51:51','','admin',0,0.0000,'','0000-00-00 00:00:00','',NULL,0,'','',0),(16,1,'','','DE123456789',0,'Admin','admin_status.gif',0.00,'YES System','','Winterhuder Weg 29','','Hamburg','22085','Hamburg','Germany','0177-6233614','','system@yes-websolutions.de',5,'YES System','','Winterhuder Weg 29','','Hamburg','22085','Hamburg','Germany',5,'','','YES System','','Winterhuder Weg 29','','Hamburg','22085','Hamburg','Germany',5,'moneyorder','','','','','','','','','2017-10-16 20:51:51','2011-04-14 23:45:50','0000-00-00 00:00:00',7,NULL,'EUR',1.000000,0,'moneyorder','Versand (nach DE)','yes_yes','87.142.140.228','german',0,'n',0,0,0,'n',0,'','0000-00-00 00:00:00',0,0,'0000-00-00 00:00:00',0,0,0,'0000-00-00 00:00:00',0,0,0,0,0,0,0,0,'',0,0,'','2017-10-16 20:51:51','','shop',0,0.0000,'','0000-00-00 00:00:00','',NULL,0,'','',0),(17,1,'','','DE123456789',0,'Admin','admin_status.gif',0.00,'YES System','','Winterhuder Weg 29','','Hamburg','22085','Hamburg','Germany','0177-6233614','','system@yes-websolutions.de',5,'YES System','','Winterhuder Weg 29','','Hamburg','22085','Hamburg','Germany',5,'','','YES System','','Winterhuder Weg 29','','Hamburg','22085','Hamburg','Germany',5,'moneyorder','','','','','','','','','2017-10-16 20:51:51','2011-04-20 15:52:23','0000-00-00 00:00:00',7,'0000-00-00 00:00:00','EUR',1.000000,0,'moneyorder','Pauschale Versandkosten','flat_flat','','german',0,'n',0,0,0,'n',0,'','0000-00-00 00:00:00',0,0,'0000-00-00 00:00:00',0,0,0,'0000-00-00 00:00:00',0,0,0,0,0,0,0,0,'',0,0,'','2017-10-16 20:51:51','','admin',0,0.0000,'','0000-00-00 00:00:00','',NULL,0,'','',0),(18,4998,'','','SE123456789',5,'Gewerbe - EU','',0.00,'Der Europaer','','Der-Europaer','','Oslo','12345','','Sweden','040-123456','','der-euro@yes4trade.de',5,'Der Europaer','','Der-Europaer','','Oslo','12345','','Sweden',5,'','','Der Europaer','','Der-Europaer','','Oslo','12345','','Sweden',5,'moneyorder','','','','','','','','','2017-10-16 20:51:51','2011-05-03 13:59:39','0000-00-00 00:00:00',7,'0000-00-00 00:00:00','EUR',1.000000,0,'moneyorder','Versand','yes_yes','','german',0,'n',0,0,0,'n',0,'','0000-00-00 00:00:00',0,0,'2011-05-03 15:03:04',0,0,0,'0000-00-00 00:00:00',0,0,0,0,0,0,0,0,'',0,0,'','2017-10-16 20:51:51','','admin',0,0.0000,'','0000-00-00 00:00:00','',NULL,0,'','',0),(19,1,'','','',0,'Admin','admin_status.gif',0.00,'YES System','','Gasstrasse 18','','Hamburg','22761','Hamburg','Germany','040-112-110','','system@yes-websolutions.de',5,'YES System','','Gasstrasse 18','','Hamburg','22761','Hamburg','Germany',5,'','','YES System','','Gasstrasse 18','','Hamburg','22761','Hamburg','Germany',5,'bar_kasse','','','','','','','','','2017-10-16 20:51:51','2013-11-06 17:10:55','2013-11-06 17:25:57',7,NULL,'EUR',1.000000,0,'bar_kasse','Versand (nach DE)','yes_yes','91.60.41.139','german',0,'n',0,0,0,'n',0,'','0000-00-00 00:00:00',0,0,'2013-11-06 17:26:32',0,0,0,'0000-00-00 00:00:00',0,0,0,0,0,0,0,0,'',0,0,'','2017-10-16 20:51:51','','shop',0,0.0000,'','0000-00-00 00:00:00','',NULL,0,'','',0),(20,1,'','','',0,'Admin','admin_status.gif',0.00,'YES System','','Gasstrasse 18','','Hamburg','22761','Hamburg','Germany','040-112-110','','system@yes-websolutions.de',5,'YES System','','Gasstrasse 18','','Hamburg','22761','Hamburg','Germany',5,'','','YES System','','Gasstrasse 18','','Hamburg','22761','Hamburg','Germany',5,'moneyorder','','','','','','','','','2017-10-16 20:51:51','2014-02-24 17:26:51','0000-00-00 00:00:00',7,NULL,'EUR',1.000000,0,'moneyorder','Versand (nach DE)','yes_yes','91.60.30.240','german',0,'n',0,0,0,'n',0,'','0000-00-00 00:00:00',0,0,'0000-00-00 00:00:00',0,0,0,'0000-00-00 00:00:00',0,0,0,0,0,0,0,0,'',0,0,'','2017-10-16 20:51:51','','shop',0,0.0000,'','0000-00-00 00:00:00','',NULL,0,'','',0),(21,1,'','','',0,'Admin','admin_status.gif',0.00,'YES System','','Gasstrasse 18','','Hamburg','22761','Hamburg','Germany','040-112-110','','system@yes-websolutions.de',5,'YES System','','Gasstrasse 18','','Hamburg','22761','Hamburg','Germany',5,'','','YES System','','Gasstrasse 18','','Hamburg','22761','Hamburg','Germany',5,'invoice','','','','','','','','','2017-10-16 20:51:51','2017-01-31 18:36:48','0000-00-00 00:00:00',7,NULL,'EUR',1.000000,0,'invoice','Versand (nach DE)','yes_yes','87.132.116.220','german',0,'n',0,0,0,'n',0,'','0000-00-00 00:00:00',0,0,'0000-00-00 00:00:00',0,0,0,'0000-00-00 00:00:00',0,0,0,0,0,0,0,0,'',0,0,'','2017-10-16 20:51:51','','shop',0,0.0000,'','0000-00-00 00:00:00','',NULL,0,'','',0),(22,96,'','','',9,'KASSE','',0.00,'Kasse __KASSE__','','NICHTRELEVANT','','Hamburg','22222','Deutschland','Germany','000000000','','KASSE@yes4trade.de',5,'Kasse __KASSE__','','NICHTRELEVANT','','Hamburg','22222','Deutschland','Germany',5,'','','Kasse __KASSE__','','NICHTRELEVANT','','Hamburg','22222','Deutschland','Germany',5,'moneyorder','','','','','','','','','2017-10-16 20:51:51','2017-06-22 21:09:56','0000-00-00 00:00:00',7,'0000-00-00 00:00:00','EUR',1.000000,0,'moneyorder','Pauschale Versandkosten','flat_flat','','german',0,'n',0,0,0,'n',0,'','0000-00-00 00:00:00',0,0,'0000-00-00 00:00:00',0,0,0,'0000-00-00 00:00:00',0,0,0,0,0,0,0,0,'',0,0,'','2017-10-16 20:51:51','','admin',4999,0.0000,'','0000-00-00 00:00:00','',NULL,0,'','',0),(5000,5003,'172970434696','','',4,'EBAY User','ebay_status.gif',NULL,'Marco Uhlmann','','Friedhofstrasse 2','','Diedorf','86420','','Germany','015128183265','','volleyballulli@hotmail.de',5,'Uhlmann Marco',NULL,'Friedhofstraße 2','','Diedorf','86420',NULL,'Germany',5,'','','Marco Uhlmann','','Friedhofstrasse 2','','Diedorf','86420','','Germany',5,'Paypal',NULL,NULL,NULL,NULL,NULL,NULL,NULL,NULL,'2017-12-08 11:46:55','2017-12-04 22:44:50','0000-00-00 00:00:00',3,NULL,'EUR',NULL,0,'Paypal','DE_SpecialDelivery','flat_flat','','german',0,'n',0,0,0,'n',0,'','0000-00-00 00:00:00',0,0,'2017-12-08 11:46:55',0,0,0,'0000-00-00 00:00:00',0,0,81,0,0,0,0,0,'',0,0,'','0000-00-00 00:00:00','882488756W266251G','ebay',0,0.0000,'','0000-00-00 00:00:00','',0,0,'','',0),(5001,5004,'172970371576','','',4,'EBAY User','ebay_status.gif',NULL,'Carolin Schulz',NULL,'Wiesenweg 4',NULL,'Weitramsdorf','96479',NULL,'Germany','01607246347','','carolinschulzneundorf@gmail.com',5,'Carolin Schulz',NULL,'Wiesenweg 4','','Weitramsdorf','96479',NULL,'Germany',5,'','','Carolin Schulz',NULL,'Wiesenweg 4',NULL,'Weitramsdorf','96479',NULL,'Germany',5,'Paypal',NULL,NULL,NULL,NULL,NULL,NULL,NULL,NULL,'2017-12-08 11:46:55','2017-12-06 10:58:13','0000-00-00 00:00:00',3,NULL,'EUR',NULL,0,'Paypal','DE_SpecialDelivery','flat_flat','','german',0,'n',0,0,0,'n',0,'','0000-00-00 00:00:00',0,0,'2017-12-08 11:46:55',0,0,0,'0000-00-00 00:00:00',0,0,81,0,0,0,0,0,'',0,0,'','0000-00-00 00:00:00','0BV549203K0215004','ebay',0,0.0000,'','0000-00-00 00:00:00','',0,0,'','',0),(5002,5005,'173027816653','','',4,'EBAY User','ebay_status.gif',NULL,'UWE Neddermann',NULL,'Langewand 1C',NULL,'Bassum','27211',NULL,'Germany','015114256320','','u.neddermann@yahoo.de',5,'Uwe Neddermann',NULL,'Friederich-Ludwig-Jahn-Str. 4','','BASSUM','27211',NULL,'Germany',5,'','','UWE Neddermann',NULL,'Langewand 1C',NULL,'Bassum','27211',NULL,'Germany',5,'Paypal',NULL,NULL,NULL,NULL,NULL,NULL,NULL,NULL,'2017-12-22 19:09:48','2017-12-21 15:14:30','0000-00-00 00:00:00',3,NULL,'EUR',NULL,0,'Paypal','DE_SpecialDelivery','flat_flat','','german',0,'n',0,0,0,'n',0,'','0000-00-00 00:00:00',0,0,'2017-12-22 19:09:48',0,0,0,'0000-00-00 00:00:00',0,0,81,0,0,0,0,0,'',0,0,'','0000-00-00 00:00:00','22D05306RJ180361K','ebay',0,0.0000,'','0000-00-00 00:00:00','',0,0,'','',0),(5003,5006,'173027817897','','',4,'EBAY User','ebay_status.gif',NULL,'Ralf Poelmann',NULL,'Unter den Eichen 7a',NULL,'Rhauderfehn','26817',NULL,'Germany','04952990327','','mail@ralf-poelmann.de',5,'Ralf Poelmann',NULL,'Johann-Strauß-Ring 31','','Ostrhauderfehn','26842',NULL,'Germany',5,'','','Ralf Poelmann',NULL,'Unter den Eichen 7a',NULL,'Rhauderfehn','26817',NULL,'Germany',5,'Paypal',NULL,NULL,NULL,NULL,NULL,NULL,NULL,NULL,'2018-01-10 18:39:29','2018-01-03 18:44:24','0000-00-00 00:00:00',3,NULL,'EUR',NULL,0,'Paypal','DE_SpecialDelivery','flat_flat','','german',0,'n',0,0,0,'n',0,'','0000-00-00 00:00:00',0,0,'2018-01-10 18:39:29',0,0,0,'0000-00-00 00:00:00',0,0,81,0,0,0,0,0,'',0,0,'','0000-00-00 00:00:00','2MB11509WM964581M','ebay',0,0.0000,'','0000-00-00 00:00:00','',0,0,'','',0),(5004,5009,'','','',1,'Gast','guest_status.gif',0.00,'Sven Giertz','','Zillebogen, 10','','Zossen','15806','','Germany','01743806748','','svengiertz@hotmail.com',5,'Sven Giertz','','Zillebogen, 10','','Zossen','15806','','Germany',5,'','','Sven Giertz','','Zillebogen, 10','','Zossen','15806','','Germany',5,'paypal','','','','','','','','','2018-06-07 12:05:53','2018-01-31 07:49:57','0000-00-00 00:00:00',3,NULL,'EUR',1.000000,0,'paypal','Versand (nach DE)','yes_yes','141.113.11.31','german',0,'n',0,0,0,'n',0,'','0000-00-00 00:00:00',0,0,'2018-06-07 12:05:53',0,0,0,'0000-00-00 00:00:00',0,0,0,0,0,0,0,0,'',0,0,'','0000-00-00 00:00:00','','shop',0,0.0000,'','0000-00-00 00:00:00','',NULL,0,'','',0),(5005,5010,'173027661398','','',4,'EBAY User','ebay_status.gif',NULL,'Guido Brabender',NULL,'Gräfenhohner Str. 23',NULL,'Königswinter','53639',NULL,'Germany','0224492360','','guido.brabender@web.de',5,'Guido Brabender',NULL,'Gräfenhohner Str. 23','','Königswinter','53639',NULL,'Germany',5,'','','Guido Brabender',NULL,'Gräfenhohner Str. 23',NULL,'Königswinter','53639',NULL,'Germany',5,'Paypal',NULL,NULL,NULL,NULL,NULL,NULL,NULL,NULL,'2018-06-07 12:05:53','2018-01-31 17:42:06','0000-00-00 00:00:00',3,NULL,'EUR',NULL,0,'Paypal','DE_SpecialDelivery','flat_flat','','german',0,'n',0,0,0,'n',0,'','0000-00-00 00:00:00',0,0,'2018-06-07 12:05:53',0,0,0,'0000-00-00 00:00:00',0,0,81,0,0,0,0,0,'',0,0,'','0000-00-00 00:00:00','4DJ88906Y69172304','ebay',0,0.0000,'','0000-00-00 00:00:00','',0,0,'','',0),(5006,5011,'173027780835','','',4,'EBAY User','ebay_status.gif',NULL,'Hans Jürgen Weber',NULL,'Auf der Oes 4',NULL,'Butzbach','35510',NULL,'Germany','06033926912','','weber@kfz-oes.de',5,'Hans Jürgen Weber',NULL,'Auf der Oes 4','','Butzbach','35510',NULL,'Germany',5,'','','Hans Jürgen Weber',NULL,'Auf der Oes 4',NULL,'Butzbach','35510',NULL,'Germany',5,'Paypal',NULL,NULL,NULL,NULL,NULL,NULL,NULL,NULL,'2018-06-07 12:05:53','2018-02-10 14:18:10','0000-00-00 00:00:00',3,NULL,'EUR',NULL,0,'Paypal','DE_SpecialDelivery','flat_flat','','german',0,'n',0,0,0,'n',0,'','0000-00-00 00:00:00',0,0,'2018-06-07 12:05:53',0,0,0,'0000-00-00 00:00:00',0,0,81,0,0,0,0,0,'',0,0,'','0000-00-00 00:00:00','07S69624DC507625T','ebay',0,0.0000,'','0000-00-00 00:00:00','',0,0,'','',0),(5007,5012,'173027816750','','',4,'EBAY User','ebay_status.gif',NULL,'Rolf Neumann',NULL,'Rotdornallee 16A',NULL,'Brieselang','14656',NULL,'Germany','01723807829','','rolf.neu2@freenet.de',5,'Rolf Neumann',NULL,'Freiheit 17','Klärwerl Ruhleben / Betriebsleitung','Berlin','13597',NULL,'Germany',5,'','','Rolf Neumann',NULL,'Rotdornallee 16A',NULL,'Brieselang','14656',NULL,'Germany',5,'Paypal',NULL,NULL,NULL,NULL,NULL,NULL,NULL,NULL,'2018-06-07 12:05:53','2018-03-25 08:23:26','0000-00-00 00:00:00',3,NULL,'EUR',NULL,0,'Paypal','DE_SpecialDelivery','flat_flat','','german',0,'n',0,0,0,'n',0,'','0000-00-00 00:00:00',0,0,'2018-06-07 12:05:53',0,0,0,'0000-00-00 00:00:00',0,0,81,0,0,0,0,0,'',0,0,'','0000-00-00 00:00:00','96M20165PA209404V','ebay',0,0.0000,'','0000-00-00 00:00:00','',0,0,'','',0),(5008,5013,'173027780577','','',4,'EBAY User','ebay_status.gif',NULL,'Johannes Metzger',NULL,'Am Sandberg 3',NULL,'Sankt Augustin','53757',NULL,'Germany','022419559411','','hannesmetzger@gmx.de',5,'Johannes Metzger',NULL,'Alte Poststraße 28a','','Siegburg','53721',NULL,'Germany',5,'','','Johannes Metzger',NULL,'Am Sandberg 3',NULL,'Sankt Augustin','53757',NULL,'Germany',5,'Paypal',NULL,NULL,NULL,NULL,NULL,NULL,NULL,NULL,'2018-06-07 12:05:53','2018-04-07 00:19:35','0000-00-00 00:00:00',3,NULL,'EUR',NULL,0,'Paypal','DE_SpecialDelivery','flat_flat','','german',0,'n',0,0,0,'n',0,'','0000-00-00 00:00:00',0,0,'2018-06-07 12:05:53',0,0,0,'0000-00-00 00:00:00',0,0,81,0,0,0,0,0,'',0,0,'','0000-00-00 00:00:00','4YA31033AH118891D','ebay',0,0.0000,'','0000-00-00 00:00:00','',0,0,'','',0),(5009,5014,'','','',1,'Gast','guest_status.gif',0.00,'Christoph Stroppel','Hotel Restaurant & Steakhaus Ochsen ','Paradiesstr. 6','','Bad Saulgau','88348 ','','Germany','07581487330','','hotel@ochsen-bad-saulgau.de',5,'Christoph Stroppel','Hotel Restaurant & Steakhaus Ochsen ','Paradiesstr. 6','','Bad Saulgau','88348 ','','Germany',5,'','','Christoph Stroppel','Hotel Restaurant & Steakhaus Ochsen ','Paradiesstr. 6','','Bad Saulgau','88348 ','','Germany',5,'secupay_inv_xtc','','','','','','','','','2018-06-07 12:05:53','2018-04-13 17:43:56','0000-00-00 00:00:00',3,NULL,'EUR',1.000000,0,'secupay_inv_xtc','Versand (nach DE)','yes_yes','78.43.99.8','german',0,'n',0,0,0,'n',0,'','0000-00-00 00:00:00',0,0,'2018-06-07 12:05:53',0,0,0,'0000-00-00 00:00:00',0,0,0,0,0,0,0,0,'',0,0,'','0000-00-00 00:00:00','','shop',0,0.0000,'','0000-00-00 00:00:00','',NULL,0,'','',0),(5010,5015,'','','',1,'Gast','guest_status.gif',0.00,'Theo Giesen','','Bürgermeister-Singer-Str. 10','','Bad Wörishofen','86825','','Germany','08247 9637382','','giesen-bw@t-online.de',5,'Theo Giesen','','Bürgermeister-Singer-Str. 10','','Bad Wörishofen','86825','','Germany',5,'','','Theo Giesen','','Bürgermeister-Singer-Str. 10','','Bad Wörishofen','86825','','Germany',5,'secupay_inv_xtc','','','','','','','','Ware zurückgekommen; Ware okay; Storno und Rückerstattung durch Secupay erfolgt!','2018-06-26 11:26:27','2018-05-26 17:27:38','0000-00-00 00:00:00',7,NULL,'EUR',1.000000,0,'secupay_inv_xtc','Versand (nach DE)','yes_yes','84.149.149.180','german',0,'n',0,0,0,'n',0,'','0000-00-00 00:00:00',0,0,'2018-06-07 12:05:53',0,0,0,'0000-00-00 00:00:00',0,0,0,0,0,0,0,0,'',0,0,'','0000-00-00 00:00:00','','shop',0,0.0000,'','0000-00-00 00:00:00','',NULL,0,'','',0),(5011,5016,'173027816275','','',4,'EBAY User','ebay_status.gif',NULL,'Tim Körner',NULL,'Paula-Fürst-Str. 11',NULL,'Berlin','10317',NULL,'Germany','01636683545','','tkx2@pfs11.de',5,'Tim Körner',NULL,'Paula-Fürst-Str. 11','','Berlin','10317',NULL,'Germany',5,'','','Tim Körner',NULL,'Paula-Fürst-Str. 11',NULL,'Berlin','10317',NULL,'Germany',5,'Paypal',NULL,NULL,NULL,NULL,NULL,NULL,NULL,NULL,'2018-06-11 10:08:25','2018-06-07 22:38:12','0000-00-00 00:00:00',3,NULL,'EUR',NULL,0,'Paypal','DE_SpecialDelivery','flat_flat','','german',0,'n',0,0,0,'n',0,'','0000-00-00 00:00:00',0,0,'2018-06-11 10:08:25',0,0,0,'0000-00-00 00:00:00',0,0,81,0,0,0,0,0,'',0,0,'','0000-00-00 00:00:00','3A881331HY289072C','ebay',0,0.0000,'','0000-00-00 00:00:00','',0,0,'','',0),(5012,5016,'173027817681','','',4,'EBAY User','ebay_status.gif',NULL,'Tim Körner',NULL,'Paula-Fürst-Str. 11',NULL,'Berlin','10317',NULL,'Germany','01636683545','','tkx2@pfs11.de',5,'Tim Körner',NULL,'Paula-Fürst-Str. 11','','Berlin','10317',NULL,'Germany',5,'','','Tim Körner',NULL,'Paula-Fürst-Str. 11',NULL,'Berlin','10317',NULL,'Germany',5,'Paypal',NULL,NULL,NULL,NULL,NULL,NULL,NULL,NULL,'2018-06-11 10:08:25','2018-06-07 22:38:13','0000-00-00 00:00:00',3,NULL,'EUR',NULL,0,'Paypal','DE_SpecialDelivery','flat_flat','','german',0,'n',0,0,0,'n',0,'','0000-00-00 00:00:00',0,0,'2018-06-11 10:08:25',0,0,0,'0000-00-00 00:00:00',0,0,81,0,0,0,0,0,'',0,0,'','0000-00-00 00:00:00','3A881331HY289072C','ebay',0,0.0000,'','0000-00-00 00:00:00','',0,0,'','',0),(5013,5017,'173027778710','','',4,'EBAY User','ebay_status.gif',NULL,'Ilka Rosenthal',NULL,'Bänschstr. 79',NULL,'Berlin','10247',NULL,'Germany','01793951504','','rilki@gmx.de',5,'Ilka Rosenthal',NULL,'Oderstraße','16','Berlin','10247',NULL,'Germany',5,'','','Ilka Rosenthal',NULL,'Bänschstr. 79',NULL,'Berlin','10247',NULL,'Germany',5,'Paypal',NULL,NULL,NULL,NULL,NULL,NULL,NULL,NULL,'2018-06-26 11:29:23','2018-06-19 16:38:16','0000-00-00 00:00:00',3,NULL,'EUR',NULL,0,'Paypal','DE_SpecialDelivery','flat_flat','','german',0,'n',0,0,0,'n',0,'','0000-00-00 00:00:00',0,0,'2018-06-26 11:29:23',0,0,0,'0000-00-00 00:00:00',0,0,81,0,0,0,0,0,'',0,0,'','0000-00-00 00:00:00','910306951N156345Y','ebay',0,0.0000,'','0000-00-00 00:00:00','',0,0,'','',0),(5014,5019,'173027664608','','',4,'EBAY User','ebay_status.gif',NULL,'Christian Böhme',NULL,'Thomas- Mann-Str. 2',NULL,'Bad Eilsen','31707',NULL,'Germany','03841215492','','ch.boehme@gmx.net',5,'Paul Böhme',NULL,'Dahlberg 3','','Wismar','23970',NULL,'Germany',5,'','','Christian Böhme',NULL,'Thomas- Mann-Str. 2',NULL,'Bad Eilsen','31707',NULL,'Germany',5,'Paypal',NULL,NULL,NULL,NULL,NULL,NULL,NULL,NULL,'2018-08-01 07:53:22','2018-07-07 14:37:42','0000-00-00 00:00:00',3,NULL,'EUR',NULL,0,'Paypal','DE_SpecialDelivery','flat_flat','','german',0,'n',0,0,0,'n',0,'','0000-00-00 00:00:00',0,0,'2018-08-01 07:53:22',0,0,0,'0000-00-00 00:00:00',0,0,81,0,0,0,0,0,'',0,0,'','0000-00-00 00:00:00','9MC242958P364790N','ebay',0,0.0000,'','0000-00-00 00:00:00','',0,0,'','',0),(5015,5020,'','5020','',1,'Gast','guest_status.gif',0.00,'Markus Bock','','Hardfeldstrasse 39','','Olten','4600','','Switzerland','0039 329 7163468','0039 329 7163468','julianebock@gmx.net',5,'Ralph Süsser','','Inselweg 15/1','','Deckenpfronn','75392','','Germany',5,'','','Markus Bock','','Hardfeldstrasse 39','','Olten','4600','','Switzerland',5,'moneyorder','','','','','','','','','2018-07-13 15:20:57','2018-07-13 15:20:57','0000-00-00 00:00:00',1,'0000-00-00 00:00:00','EUR',1.000000,0,'moneyorder','Pauschale Versandkosten','flat_flat','','german',0,'n',0,0,0,'n',0,'','0000-00-00 00:00:00',0,0,'0000-00-00 00:00:00',0,0,0,'0000-00-00 00:00:00',0,0,0,0,0,0,0,0,'',0,0,'','0000-00-00 00:00:00','','admin',4999,0.0000,'','0000-00-00 00:00:00','',NULL,0,'','',0),(5016,5020,'','5020','',2,'PRIVATER KUNDE','customer_status.gif',0.00,'Markus Bock','','Hardfeldstrasse 39','','Olten','4600','','Switzerland','0039 329 7163468','0039 329 7163468','julianebock@gmx.net',5,'Ralph Süsser','','Inselweg 15/1','','Deckenpfronn','75392','','Germany',5,'','','Markus Bock','','Hardfeldstrasse 39','','Olten','4600','','Switzerland',5,'moneyorder','','','','','','','','','2018-07-13 16:02:23','2018-07-13 15:25:31','0000-00-00 00:00:00',1,'0000-00-00 00:00:00','EUR',1.000000,0,'moneyorder','Pauschale Versandkosten','flat_flat','','german',0,'n',0,0,0,'n',0,'','0000-00-00 00:00:00',0,0,'0000-00-00 00:00:00',0,0,0,'0000-00-00 00:00:00',0,0,0,0,0,0,0,0,'Liefertermin 18.07.2018',0,0,'','0000-00-00 00:00:00','','admin',4999,0.0000,'','0000-00-00 00:00:00','',NULL,0,'','',0),(5017,5020,'','5020','',2,'PRIVATER KUNDE','customer_status.gif',0.00,'Markus Bock','','Hardfeldstrasse 39','','Olten','4600','','Switzerland','0039 329 7163468','0039 329 7163468','julianebock@gmx.net',5,'Ralph Süsser','','Inselweg 15/1','','Deckenpfronn','75392','','Germany',5,'','','Markus Bock','','Hardfeldstrasse 39','','Olten','4600','','Switzerland',5,'moneyorder','','','','','','','','','2018-07-13 15:29:37','2018-07-13 15:29:37','0000-00-00 00:00:00',1,'0000-00-00 00:00:00','EUR',1.000000,0,'moneyorder','Pauschale Versandkosten','flat_flat','','german',0,'n',0,0,0,'n',0,'','0000-00-00 00:00:00',0,0,'0000-00-00 00:00:00',0,0,0,'0000-00-00 00:00:00',0,0,0,0,0,0,0,0,'',0,0,'','0000-00-00 00:00:00','','admin',4999,0.0000,'','0000-00-00 00:00:00','',NULL,0,'','',0),(5018,5021,'','','',1,'Gast','guest_status.gif',0.00,'Hermann Probst','','Ibach 1','','Horgenzell','88263','','Germany','075031327','','probst.hermann@web.de',5,'Hermann Probst','','Ibach 1','','Horgenzell','88263','','Germany',5,'','','Hermann Probst','','Ibach 1','','Horgenzell','88263','','Germany',5,'secupay_kk_xtc','','','','','','','','Folgende Fragen da ich sie heute tel. leider nicht erreichen kann:\r\nAuf Ihrer Angebotsseite sagen Sie, dass der Brenner NOx - Klasse 2 (EN 267) ist.\r\nIm Datenblatt sagen Sie NOx - Klasse 3 (EN 267). Ich weise Sie darauf hin, dass der Kauf nur zustande kommt, wenn der Brenner NOx - Klasse 3 (EN 267) besitzt. Bitte um schriftliche Rückbestätigung.\r\nIch sollte nach Möglichkeit den Brenner  bis spät. diese Woche Donnerstag, 26.07.2018 geliefert bekommen haben. Geht Express gegen Mehrpreis ? \r\nBitte um Rückruf auf Tel. Nr. 7503 1327 oder 0157 87 555 354. \r\nVielen Dank\r\nGruß Hermann Probst','2018-08-01 07:49:47','2018-07-23 13:05:44','0000-00-00 00:00:00',3,NULL,'EUR',1.000000,0,'secupay_kk_xtc','Versand (nach DE)','yes_yes','47.68.99.53','german',0,'n',0,0,0,'n',0,'','0000-00-00 00:00:00',0,0,'2018-08-01 07:49:47',0,0,0,'0000-00-00 00:00:00',0,0,0,0,0,0,0,0,'',0,0,'','0000-00-00 00:00:00','','shop',0,0.0000,'','0000-00-00 00:00:00','',NULL,0,'','',0),(5019,5023,'173027803669','','',4,'EBAY User','ebay_status.gif',NULL,'Beatrice Blumenroth',NULL,'Peter-Klein-Str.27',NULL,'Bonn','53117',NULL,'Germany','01718641194','','b-hanne@t-online.de',5,'Beatrice Blumenroth',NULL,'Peter-Klein-Str.27','','Bonn','53117',NULL,'Germany',5,'','','Beatrice Blumenroth',NULL,'Peter-Klein-Str.27',NULL,'Bonn','53117',NULL,'Germany',5,'Paypal',NULL,NULL,NULL,NULL,NULL,NULL,NULL,NULL,'2018-08-09 07:57:52','2018-08-08 14:37:21','0000-00-00 00:00:00',3,NULL,'EUR',NULL,0,'Paypal','DE_SpecialDelivery','flat_flat','','german',0,'n',0,0,0,'n',0,'','0000-00-00 00:00:00',0,0,'2018-08-09 07:57:52',0,0,0,'0000-00-00 00:00:00',0,0,81,0,0,0,0,0,'',0,0,'','0000-00-00 00:00:00','0RW77909JC5716605','ebay',0,0.0000,'','0000-00-00 00:00:00','',0,0,'','',0),(5020,5014,'','','',1,'Gast','guest_status.gif',0.00,'Christoph Stroppel','Hotel Restaurant & Steakhaus Ochsen','Paradiesstr. 6','','Bad Saulgau','88348','','Germany','07581487330','','hotel@ochsen-bad-saulgau.de',5,'Christoph Stroppel','Hotel Restaurant & Steakhaus Ochsen','Paradiesstr. 6','','Bad Saulgau','88348','','Germany',5,'','','Christoph Stroppel','Hotel Restaurant & Steakhaus Ochsen','Paradiesstr. 6','','Bad Saulgau','88348','','Germany',5,'moneyorder','','','','','','','','','2018-08-10 16:11:42','2018-08-10 16:11:42','0000-00-00 00:00:00',1,'0000-00-00 00:00:00','EUR',1.000000,1,'moneyorder','Pauschale Versandkosten','flat_flat','','german',0,'n',0,0,0,'n',0,'','0000-00-00 00:00:00',0,0,'0000-00-00 00:00:00',0,0,0,'0000-00-00 00:00:00',0,0,0,0,0,0,0,0,'',0,0,'','0000-00-00 00:00:00','','admin',4999,0.0000,'','0000-00-00 00:00:00','',NULL,0,'','',0),(5021,5024,'173027817655','','',4,'EBAY User','ebay_status.gif',NULL,'Alexander Reiß',NULL,'Rudolf-Harbig-Str 18',NULL,'Radevormwald','42477',NULL,'Germany','15156955524','','info+ebay@dasdomaindepot.de',5,'Alexander Reiß',NULL,'Rudolf-Harbig-Str 18','','Radevormwald','42477',NULL,'Germany',5,'','','Alexander Reiß',NULL,'Rudolf-Harbig-Str 18',NULL,'Radevormwald','42477',NULL,'Germany',5,'Paypal',NULL,NULL,NULL,NULL,NULL,NULL,NULL,NULL,NULL,'2018-09-20 11:37:49','0000-00-00 00:00:00',6,NULL,'EUR',NULL,0,'Paypal','DE_SpecialDelivery','flat_flat','','german',0,'n',0,0,0,'n',0,'','0000-00-00 00:00:00',0,0,'0000-00-00 00:00:00',0,0,0,'0000-00-00 00:00:00',0,0,81,0,0,0,0,0,'',0,0,'','0000-00-00 00:00:00','6H276755C9835464B','ebay',0,0.0000,'','0000-00-00 00:00:00','',0,0,'','',0),(5022,5025,'173027778332','','',4,'EBAY User','ebay_status.gif',NULL,'Andreas Hartmann',NULL,'Grundweg 19',NULL,'Fulda','36043',NULL,'Germany','017624642650','','impress27@icloud.com',5,'Andreas Hartmann',NULL,'Wernaustrasse 23','','Pilgerzell','36093',NULL,'Germany',5,'','','Andreas Hartmann',NULL,'Grundweg 19',NULL,'Fulda','36043',NULL,'Germany',5,'Paypal',NULL,NULL,NULL,NULL,NULL,NULL,NULL,NULL,NULL,'2018-11-07 19:11:10','0000-00-00 00:00:00',6,NULL,'EUR',NULL,0,'Paypal','DE_SpecialDelivery','flat_flat','','german',0,'n',0,0,0,'n',0,'','0000-00-00 00:00:00',0,0,'0000-00-00 00:00:00',0,0,0,'0000-00-00 00:00:00',0,0,81,0,0,0,0,0,'',0,0,'','0000-00-00 00:00:00','12B49324E7168783H','ebay',0,0.0000,'','0000-00-00 00:00:00','',0,0,'','',0),(5023,5025,'173027803358','','',4,'EBAY User','ebay_status.gif',NULL,'Andreas Hartmann',NULL,'Grundweg 19',NULL,'Fulda','36043',NULL,'Germany','017624642650','','impress27@icloud.com',5,'Andreas Hartmann',NULL,'Wernaustrasse 23','','Pilgerzell','36093',NULL,'Germany',5,'','','Andreas Hartmann',NULL,'Grundweg 19',NULL,'Fulda','36043',NULL,'Germany',5,'Paypal',NULL,NULL,NULL,NULL,NULL,NULL,NULL,NULL,NULL,'2018-11-23 09:08:39','0000-00-00 00:00:00',6,NULL,'EUR',NULL,0,'Paypal','DE_SpecialDelivery','flat_flat','','german',0,'n',0,0,0,'n',0,'','0000-00-00 00:00:00',0,0,'0000-00-00 00:00:00',0,0,0,'0000-00-00 00:00:00',0,0,81,0,0,0,0,0,'',0,0,'','0000-00-00 00:00:00','3KH87877XK295613S','ebay',0,0.0000,'','0000-00-00 00:00:00','',0,0,'','',0),(5024,5027,'','','',1,'Gast','guest_status.gif',0.00,'Edgar Wettinger','','Hermannsreuth Siedlung 5','','Bärnau','95671','','Germany','096351273','','edgarw1860@gmail.com',5,'Natalie Wettinger','','Schulgasse 10','','Weiden','92637','','Germany',5,'','','Edgar Wettinger','','Hermannsreuth Siedlung 5','','Bärnau','95671','','Germany',5,'paypal','','','','','','','','','2018-12-03 12:00:09','2018-11-27 00:54:20','0000-00-00 00:00:00',3,NULL,'EUR',1.000000,0,'paypal','Versand (nach DE)','yes_yes','87.179.171.132','german',0,'n',0,0,0,'n',0,'','0000-00-00 00:00:00',0,0,'2018-12-03 12:00:09',0,0,0,'0000-00-00 00:00:00',0,0,0,0,0,0,0,0,'',0,0,'','0000-00-00 00:00:00','','shop',0,0.0000,'','0000-00-00 00:00:00','',NULL,0,'','',0),(5025,5028,'173027778800','','',4,'EBAY User','ebay_status.gif',NULL,'Jens Paul Rommelfanger',NULL,'Poststraße 4',NULL,'Zerf','54314',NULL,'Germany','015122693891','','thandor358@web.de',5,'Jens Rommelfanger',NULL,'Trierer Str. 10a','ITA Rommelfanger GmbH','Zerf','54314',NULL,'Germany',5,'','','Jens Paul Rommelfanger',NULL,'Poststraße 4',NULL,'Zerf','54314',NULL,'Germany',5,'Paypal',NULL,NULL,NULL,NULL,NULL,NULL,NULL,NULL,'2018-12-14 16:29:25','2018-12-03 10:37:20','0000-00-00 00:00:00',3,NULL,'EUR',NULL,0,'Paypal','DE_SpecialDelivery','flat_flat','','german',0,'n',0,0,0,'n',0,'','0000-00-00 00:00:00',0,0,'2018-12-14 16:29:25',0,0,0,'0000-00-00 00:00:00',0,0,81,0,0,0,0,0,'',0,0,'','0000-00-00 00:00:00','4JC37869W99089819','ebay',0,0.0000,'','0000-00-00 00:00:00','',0,0,'','',0),(5026,5029,'','','',1,'Gast','guest_status.gif',0.00,'Ilka Rosenthal','Herbert und Kohlmeyer Immobilien GmbH','Lychener Straße','2','Berlin','10437','','Germany','01793951504','','rilki@gmx.de',5,'Ilka Rosenthal','Herbert und Kohlmeyer Immobilien GmbH','Lychener Straße','2','Berlin','10437','','Germany',5,'','','Ilka Rosenthal','Herbert und Kohlmeyer Immobilien GmbH','Lychener Straße','2','Berlin','10437','','Germany',5,'paypal','','','','','','','','','2018-12-14 16:29:25','2018-12-10 12:13:25','0000-00-00 00:00:00',3,NULL,'EUR',1.000000,0,'paypal','Versand (nach DE)','yes_yes','2a00:c1a0:489c:2c00:d14:92ac:2ee','german',0,'n',0,0,0,'n',0,'','0000-00-00 00:00:00',0,0,'2018-12-14 16:29:25',0,0,0,'0000-00-00 00:00:00',0,0,0,0,0,0,0,0,'',0,0,'','0000-00-00 00:00:00','','shop',0,0.0000,'','0000-00-00 00:00:00','',NULL,0,'','',0),(5027,5000,'','','',2,'PRIVATER KUNDE','customer_status.gif',0.00,'Max Ibach','Max Ibach e.Kfm.','Hindenburgstrasse 4','','Remscheid','42853','','Germany','+4916096890907','','joergibach@maxibach.de',5,'Max Ibach','Max Ibach e.Kfm.','Hindenburgstrasse 4','','Remscheid','42853','','Germany',5,'','','Max Ibach','Max Ibach e.Kfm.','Hindenburgstrasse 4','','Remscheid','42853','','Germany',5,'moneyorder','','','','','','','','','2018-12-15 15:07:46','2018-12-15 15:07:46','0000-00-00 00:00:00',1,'0000-00-00 00:00:00','EUR',1.000000,0,'moneyorder','Pauschale Versandkosten','flat_flat','','german',0,'n',0,0,0,'n',0,'','0000-00-00 00:00:00',0,0,'0000-00-00 00:00:00',0,0,0,'0000-00-00 00:00:00',0,0,0,0,0,0,0,0,'',0,0,'','0000-00-00 00:00:00','','admin',4999,0.0000,'','0000-00-00 00:00:00','',NULL,0,'','',0);

--
-- Table structure for table `orders_costs`
--

CREATE TABLE `orders_costs` (
  `orders_costs_id` int(11) NOT NULL AUTO_INCREMENT,
  `orders_id` int(11) NOT NULL,
  `costs` float NOT NULL,
  `title` varchar(32) NOT NULL,
  PRIMARY KEY (`orders_costs_id`),
  KEY `orders_id` (`orders_id`)
) ENGINE=MyISAM AUTO_INCREMENT=57 DEFAULT CHARSET=utf8;

--
-- Dumping data for table `orders_costs`
--

INSERT INTO `orders_costs` (`orders_costs_id`, `orders_id`, `costs`, `title`) VALUES (2,19,0,'shipping'),(3,20,0,'shipping'),(4,21,0,'shipping'),(5,5004,0,'shipping'),(6,5009,0,'shipping'),(7,5010,0,'shipping'),(48,5016,0,'shipping'),(49,5018,0,'shipping'),(54,5020,0,'shipping'),(55,5024,0,'shipping'),(56,5026,0,'shipping');

--
-- Table structure for table `orders_fibunumbers`
--

CREATE TABLE `orders_fibunumbers` (
  `orders_fibunumbers_id` int(11) NOT NULL AUTO_INCREMENT,
  `orders_id` int(11) NOT NULL,
  `fibunumber` int(1) NOT NULL,
  `date_added` datetime NOT NULL,
  PRIMARY KEY (`orders_fibunumbers_id`),
  KEY `orders_id` (`orders_id`)
) ENGINE=MyISAM AUTO_INCREMENT=23 DEFAULT CHARSET=latin1;

--
-- Dumping data for table `orders_fibunumbers`
--

INSERT INTO `orders_fibunumbers` (`orders_fibunumbers_id`, `orders_id`, `fibunumber`, `date_added`) VALUES (1,5000,50000,'2017-12-05 12:03:57'),(2,5001,50001,'2017-12-07 12:42:49'),(3,5002,50002,'2017-12-22 19:09:48'),(4,5003,50003,'2018-01-10 18:39:29'),(5,5004,50004,'2018-02-01 18:20:46'),(6,5005,50005,'2018-02-01 18:21:06'),(7,5009,50006,'2018-06-07 12:05:53'),(8,5006,50007,'2018-06-07 12:05:53'),(9,5008,50008,'2018-06-07 12:05:53'),(10,5007,50009,'2018-06-07 12:05:53'),(11,5010,50010,'2018-06-07 12:05:53'),(12,5011,50011,'2018-06-11 10:08:25'),(13,5012,50012,'2018-06-11 10:08:25'),(14,5013,50013,'2018-06-26 11:29:23'),(15,5016,50014,'2018-07-14 13:06:09'),(16,5018,50015,'2018-08-01 07:47:51'),(17,5014,50016,'2018-08-01 07:53:22'),(18,5019,50017,'2018-08-09 07:57:52'),(19,5020,50018,'2018-08-10 16:23:51'),(20,5024,50019,'2018-12-03 12:00:09'),(21,5026,50020,'2018-12-14 16:29:25'),(22,5025,50021,'2018-12-14 16:29:25');

--
-- Table structure for table `orders_paymentinstructions`
--

CREATE TABLE `orders_paymentinstructions` (
  `orders_paymentinstructions_id` int(11) NOT NULL AUTO_INCREMENT,
  `orders_id` int(11) NOT NULL,
  `paymentinstructions` text NOT NULL,
  `date_saved` datetime NOT NULL,
  PRIMARY KEY (`orders_paymentinstructions_id`),
  KEY `orders_id` (`orders_id`)
) ENGINE=MyISAM AUTO_INCREMENT=3 DEFAULT CHARSET=utf8;

--
-- Dumping data for table `orders_paymentinstructions`
--

INSERT INTO `orders_paymentinstructions` (`orders_paymentinstructions_id`, `orders_id`, `paymentinstructions`, `date_saved`) VALUES (1,5009,'Der Rechnungsbetrag wurde an die secupay AG, Goethestr. 6, 01896 Pulsnitz abgetreten. Eine Zahlung mit schuldbefreiender Wirkung ist nur auf folgendes Konto möglich:\n\nEmpfänger: secupay AG\nKontonummer: , BLZ: , Bank: Commerzbank\nIBAN: DE28850400611005501821, BIC: COBADEFFXXX\nVerwendungszweck: TA 11961992 DT 20180413\n\nFällig 10 Tage nach Lieferung.','2018-04-13 17:43:56'),(2,5010,'Der Rechnungsbetrag wurde an die secupay AG, Goethestr. 6, 01896 Pulsnitz abgetreten. Eine Zahlung mit schuldbefreiender Wirkung ist nur auf folgendes Konto möglich:\n\nEmpfänger: secupay AG\nKontonummer: , BLZ: , Bank: Commerzbank\nIBAN: DE28850400611005501821, BIC: COBADEFFXXX\nVerwendungszweck: TA 12227576 DT 20180526\n\nFällig 10 Tage nach Lieferung.','2018-05-26 17:27:38');

--
-- Table structure for table `orders_products`
--

CREATE TABLE `orders_products` (
  `orders_products_id` int(11) NOT NULL AUTO_INCREMENT,
  `orders_id` int(11) NOT NULL DEFAULT '0',
  `products_id` int(11) NOT NULL DEFAULT '0',
  `products_model` varchar(64) CHARACTER SET latin1 COLLATE latin1_general_ci DEFAULT NULL,
  `products_name` varchar(128) NOT NULL,
  `products_price` decimal(15,4) NOT NULL DEFAULT '0.0000',
  `products_discount_made` decimal(4,2) DEFAULT NULL,
  `final_price` decimal(15,4) NOT NULL DEFAULT '0.0000',
  `products_tax` decimal(7,4) NOT NULL DEFAULT '0.0000',
  `products_quantity` int(2) NOT NULL DEFAULT '0',
  `allow_tax` int(1) NOT NULL DEFAULT '0',
  `date_added` datetime NOT NULL DEFAULT '0000-00-00 00:00:00',
  `amazon_order_item_code` varchar(32) NOT NULL,
  `amazon_sku` varchar(64) NOT NULL,
  `quantity_shipped` int(11) NOT NULL,
  `not_ship` int(1) NOT NULL,
  `marge` decimal(15,4) NOT NULL,
  PRIMARY KEY (`orders_products_id`),
  KEY `orders_id` (`orders_id`),
  KEY `products_id` (`products_id`),
  KEY `orders_id_2` (`orders_id`),
  KEY `products_id_2` (`products_id`)
) ENGINE=MyISAM AUTO_INCREMENT=72 DEFAULT CHARSET=utf8;

--
-- Dumping data for table `orders_products`
--

INSERT INTO `orders_products` (`orders_products_id`, `orders_id`, `products_id`, `products_model`, `products_name`, `products_price`, `products_discount_made`, `final_price`, `products_tax`, `products_quantity`, `allow_tax`, `date_added`, `amazon_order_item_code`, `amazon_sku`, `quantity_shipped`, `not_ship`, `marge`) VALUES (1,1,21,'','Mod. 370 Kugelhahn 1/2\" (DN15) Innengewinde',3.5000,NULL,3.5000,19.0000,1,1,'0000-00-00 00:00:00','','',0,0,0.0000),(2,2,21,'','Mod. 370 Kugelhahn 1/2\" (DN15) Innengewinde',3.5000,NULL,7.0001,19.0000,2,1,'0000-00-00 00:00:00','','',0,0,0.0000),(3,2,59,'','Mod. 370 Kugelhahn 1 1/2\" (DN40) Innengewinde',0.0000,NULL,0.0000,19.0000,1,1,'0000-00-00 00:00:00','','',0,0,0.0000),(4,2,57,'','Mod. 370 Kugelhahn 1 1/4\"\" (DN32) beidseitig Innengewinde',0.0000,NULL,0.0000,19.0000,1,1,'0000-00-00 00:00:00','','',0,0,0.0000),(5,2,74,'','Testartikel 4',0.0000,NULL,0.0000,19.0000,1,1,'0000-00-00 00:00:00','','',0,0,0.0000),(6,3,79,'','Testartikel 1',10.0000,NULL,40.0002,19.0000,4,1,'0000-00-00 00:00:00','','',0,0,0.0000),(7,3,49,'','Mod. 370 Kugelhahn 3/4\" (DN20) Innengewinde',0.0000,NULL,0.0000,19.0000,1,1,'0000-00-00 00:00:00','','',0,0,0.0000),(8,3,2,'','RABATT 3%',-2.0000,0.00,-2.0000,19.0000,1,1,'0000-00-00 00:00:00','','',0,0,0.0000),(9,4,19,'','Testartikel 4',60.0000,NULL,60.0000,19.0000,1,1,'0000-00-00 00:00:00','','',0,0,0.0000),(10,5,82,'','Testartikel 2',30.0000,NULL,30.0000,19.0000,1,1,'0000-00-00 00:00:00','','',0,0,0.0000),(15,9,107,'','TestSocken 2er',15.0000,NULL,15.0000,19.0000,1,1,'0000-00-00 00:00:00','','',0,0,0.0000),(12,7,16,'','Testartikel 1',5.0000,NULL,5.0000,19.0000,1,1,'0000-00-00 00:00:00','','',0,0,0.0000),(14,8,92,'','Testbuch 1 Grün',10.0000,0.00,20.0000,19.0000,2,1,'0000-00-00 00:00:00','','',0,0,0.0000),(16,9,98,'','Testhandy2',300.0000,NULL,2099.9997,19.0000,7,1,'0000-00-00 00:00:00','','',0,0,0.0000),(17,10,102,'55','Testbuch 5 Violett',5.0000,NULL,5.0000,19.0000,1,1,'0000-00-00 00:00:00','','',0,0,0.0000),(18,12,104,'111','TestHemd',39.9999,NULL,119.9998,19.0000,3,1,'0000-00-00 00:00:00','','',0,0,0.0000),(19,12,103,'33333','TestTisch1',150.0000,NULL,150.0000,19.0000,1,1,'0000-00-00 00:00:00','','',0,0,0.0000),(20,12,102,'55','Testbuch 5 Violett',5.0000,NULL,5.0000,19.0000,1,1,'0000-00-00 00:00:00','','',0,0,0.0000),(21,13,101,'44','Testbuch 4 Gelb',12.0000,NULL,12.0000,19.0000,1,1,'0000-00-00 00:00:00','','',0,0,0.0000),(22,13,105,'333','TestPullover1',70.0000,NULL,70.0000,19.0000,1,1,'0000-00-00 00:00:00','','',0,0,0.0000),(23,13,93,'1111','Testhandy 1',150.0000,NULL,150.0000,19.0000,1,1,'0000-00-00 00:00:00','','',0,0,0.0000),(24,14,100,'33','Testbuch 3 Rot',33.0000,0.00,33.0000,19.0000,1,1,'0000-00-00 00:00:00','','',0,0,0.0000),(25,15,99,'22','Testbuch 2 Blau',15.0000,0.00,29.9999,19.0000,2,1,'0000-00-00 00:00:00','','',0,0,0.0000),(26,16,93,'1111','Testhandy 1',150.0000,NULL,150.0000,19.0000,1,1,'0000-00-00 00:00:00','','',0,0,0.0000),(27,16,105,'333','TestPullover1',70.0000,NULL,70.0000,19.0000,1,1,'0000-00-00 00:00:00','','',0,0,0.0000),(28,16,99,'22','Testbuch 2 Blau',15.0000,NULL,15.0000,19.0000,1,1,'0000-00-00 00:00:00','','',0,0,0.0000),(29,18,99,'22','Testbuch 2 Blau',12.6050,0.00,25.2100,19.0000,2,0,'0000-00-00 00:00:00','','',0,0,0.0000),(30,19,113,'','Teststuhl mit Artikeleigenschaftenn',31.0000,NULL,31.0000,19.0000,1,1,'0000-00-00 00:00:00','','',0,0,0.0000),(31,20,102,'554tgh4z35','Testbuch 5 Violett',5.0000,NULL,15.0001,19.0000,3,1,'0000-00-00 00:00:00','','',0,0,0.0000),(32,21,108,'33','Testbuch 3 Rot',22.0000,NULL,22.0000,19.0000,1,1,'0000-00-00 00:00:00','','',0,0,0.0000),(33,21,136,'222','Hose - kurz -',30.0000,NULL,30.0000,19.0000,1,1,'0000-00-00 00:00:00','','',0,0,0.0000),(34,5000,412,'ON60','Waschtisch one 60 x 45cm weiß VIGOUR',70.8100,NULL,70.8100,19.0000,1,1,'2017-12-04 22:44:50','','',1,0,0.0000),(35,5001,352,'ONSSPK','Seifenspender oneKunstglas klar VIGOUR',67.8300,NULL,67.8300,19.0000,1,1,'2017-12-06 10:58:13','','',1,0,0.0000),(36,5002,195,'QPSMZ0001NN','coqon PSMZ0001 Zwischenstecker Schalten bis 16A integr.Energiemessung AP',59.9900,NULL,59.9900,19.0000,1,1,'2017-12-21 15:14:30','','',1,0,0.0000),(37,5003,226,'QTSF55QEA2N N','coqon TSF55QEA2 Wandtaster 2-fachFormat 55 weiß',44.4900,NULL,44.4900,19.0000,1,1,'2018-01-03 18:44:24','','',1,0,0.0000),(38,5004,403,'ONHSIZ030ED','Hochschrank one HSIZ030300x320x1600 Eiche Dekor Dunkel VIGOUR',341.5300,NULL,341.5300,19.0000,1,1,'0000-00-00 00:00:00','','',1,0,0.0000),(39,5005,413,'ON55','Waschtisch one 55 x 39cm weiß VIGOUR',64.6200,NULL,64.6200,19.0000,1,1,'2018-01-31 17:42:06','','',1,0,0.0000),(40,5006,265,'ONBG901','Brausegarnitur one m. Stange 90 cm,Schlauch u.Handbr.1-fach verchr.VIGOUR',44.0300,NULL,44.0300,19.0000,1,1,'2018-02-10 14:18:10','','',1,0,0.0000),(41,5007,198,'QEBSKSQ001N N','coqon EBSKSQ001 Einbausender Kleinspann.1-Kanal',24.9900,NULL,24.9900,19.0000,1,1,'2018-03-25 08:23:26','','',1,0,0.0000),(42,5008,354,'ONHB1','Handbrause one verchromt1-fach m. Antikalksystem VIGOUR',20.7100,NULL,20.7100,19.0000,1,1,'2018-04-07 00:19:35','','',1,0,0.0000),(43,5009,351,'ONSSP','Seifenspender oneKristallglas klar VIGOUR',74.8500,NULL,74.8500,19.0000,1,1,'0000-00-00 00:00:00','','',1,0,0.0000),(44,5010,418,'ONHSH','Halbsäule zu Handwaschbecken one 35cmm. Befestigung weiß VIGOUR',67.4700,NULL,67.4700,19.0000,1,1,'0000-00-00 00:00:00','','',1,0,0.0000),(45,5011,182,'QFSENSZ01NN','coqon FSENSZ01 Alarmkontakt z.Feuchtigkeitsüberwachung (Leckage)',69.9900,NULL,69.9900,19.0000,1,1,'2018-06-07 22:38:12','','',1,0,0.0000),(46,5012,221,'QEBSUQ001NN','coqon EBSUQ001 Einbausender 4-fach für externe Schalter einsetzbar',29.9900,NULL,29.9900,19.0000,1,1,'2018-06-07 22:38:13','','',1,0,0.0000),(47,5013,267,'ONHA2','Handtuchhaken one 2tlg.B:60mm A:44mmverchromt VIGOUR',17.8500,NULL,17.8500,19.0000,1,1,'2018-06-19 16:38:16','','',1,0,0.0000),(48,5014,270,'ONWCF','Stand-Flachspül-WC one Abgang waagerecht weiß VIGOUR',86.7500,NULL,86.7500,19.0000,1,1,'2018-07-07 14:37:42','','',1,0,0.0000),(49,5016,1582,'','Paket WTC-GB15-B K-80P Anschluss links ohne Zirkulation',4700.5000,0.00,4700.5000,19.0000,1,1,'2018-07-13 15:31:09','','',0,0,0.0000),(50,5016,1583,'','Paket Pumpe5,Mischer2,5,Weiche (WEM-W,C)',1663.6200,0.00,1663.6200,19.0000,1,1,'2018-07-13 15:32:06','','',0,0,0.0000),(51,5016,1584,'','Temperaturregler Typ Jumo Heat THERM-AT',50.5800,0.00,50.5800,19.0000,1,1,'2018-07-13 15:32:21','','',0,0,0.0000),(52,5016,1585,'','Schlammabscheider Rp 1\\\" IG mit Magnet, Abschlammventil und Wärmedämmung',167.7900,0.00,167.7900,19.0000,1,1,'2018-07-13 15:32:33','','',0,0,0.0000),(53,5016,1586,'','Kassette für technische Unterlagen grau RAL 7016, Schriftzug RAL 2002',0.0000,0.00,0.0000,19.0000,1,1,'2018-07-13 15:32:47','','',0,0,0.0000),(54,5016,1587,'','Gutschein 5-Jahres Nutzung WEM-Portal Bedienung WTC über App/Internet-Portal',59.5000,0.00,59.5000,19.0000,1,1,'2018-07-13 15:33:00','','',0,0,0.0000),(55,5016,1588,'','Mündungsabschluss INOX/PP DN125/80 mit Klemmband',105.3200,0.00,105.3200,19.0000,1,1,'2018-07-13 15:33:14','','',0,0,0.0000),(56,5016,1589,'','Rohr INOX/PP DN 125/80 2,0 m für Außenwand-Montage oder im Gebäude',141.9000,0.00,283.8000,19.0000,2,1,'2018-07-13 15:33:30','','',0,0,0.0000),(57,5016,1590,'','Zuluftstutzen INOX/PP DN125/80',135.6600,0.00,135.6600,19.0000,1,1,'2018-07-13 15:33:42','','',0,0,0.0000),(58,5016,1591,'','Klemmband INOX DN125',27.6700,0.00,83.0100,19.0000,3,1,'2018-07-13 15:36:07','','',0,0,0.0000),(59,5016,1592,'','Wandhalterung INOX DN125, 30 - 75 mm',42.8400,0.00,85.6800,19.0000,2,1,'2018-07-13 15:36:18','','',0,0,0.0000),(60,5016,1593,'','Bogen Stahl weiß/PP, DN 125/80, 45 Grad nur für Montage im Gebäude',47.7800,0.00,95.5600,19.0000,2,1,'2018-07-13 15:36:49','','',0,0,0.0000),(61,5016,1594,'','Rohr Stahl weiß/PP, DN 125/80, 0,5 m nur für Montage im Gebäude',45.1000,0.00,90.2000,19.0000,2,1,'2018-07-13 15:37:03','','',0,0,0.0000),(62,5016,1595,'','Sicherheitscenter CONCEPT 4807.20.100 DN20/12l,f.Anschl.v.Trinkwassererwaermer',296.7800,0.00,296.7800,19.0000,1,1,'2018-07-13 15:37:17','','',0,0,0.0000),(63,5018,180,'24105120','Ölbrenner WL5/1-B mit Stellantrieb, 21,5-40 kW',869.0000,NULL,869.0000,19.0000,1,1,'0000-00-00 00:00:00','','',1,0,0.0000),(64,5019,387,'ONWVMF080','WT-Unterscrank one WVMF080800x500x480 Weiss Hochglanz VIGOUR',440.3000,NULL,440.3000,19.0000,1,1,'2018-08-08 14:37:21','','',1,0,0.0000),(65,5020,5,'ONPU','Ersatzpumpe one für Seifenspender VIGOUR',29.7500,0.00,29.7500,19.0000,1,1,'2018-08-10 16:18:26','','',0,0,0.0000),(66,5021,220,'QUPRSQ001NN','coqon UPRSQ001 Unterputz-Empfänger Motor3-Tast Bedienung (Auf/Stopp/Zu) 230V',55.9900,NULL,55.9900,19.0000,1,1,'2018-09-20 11:37:49','','',0,0,0.0000),(67,5022,368,'ONHA','Handtuchhaken one 50mm verchr.VIGOUR',7.9700,NULL,7.9700,19.0000,1,1,'2018-11-07 19:11:10','','',0,0,0.0000),(68,5023,390,'ONSPIV100AG','Spiegelschrank one SPIV1001000x170x620 Anthrazit Hochglanz VIGOUR',560.4900,NULL,560.4900,19.0000,1,1,'2018-11-23 09:08:39','','',0,0,0.0000),(69,5024,405,'ONWWC','Wand-Tiefspül-WC one weiß VIGOUR',132.6900,NULL,132.6900,19.0000,1,1,'0000-00-00 00:00:00','','',1,0,0.0000),(70,5025,242,'ONESWK','Eck-Schwammkorb one B:250mm T:172mmH:61mm verchromt VIGOUR',39.1500,NULL,39.1500,19.0000,1,1,'2018-12-03 10:37:20','','',1,0,0.0000),(71,5026,267,'ONHA2','Handtuchhaken one 2tlg.B:60mm A:44mmverchromt VIGOUR',17.8500,NULL,17.8500,19.0000,1,1,'0000-00-00 00:00:00','','',1,0,0.0000);

--
-- Table structure for table `orders_products_attributes`
--

CREATE TABLE `orders_products_attributes` (
  `orders_products_attributes_id` int(11) NOT NULL AUTO_INCREMENT,
  `orders_id` int(11) NOT NULL DEFAULT '0',
  `orders_products_id` int(11) NOT NULL DEFAULT '0',
  `products_options` varchar(32) CHARACTER SET latin1 COLLATE latin1_general_ci NOT NULL DEFAULT '',
  `products_options_values` varchar(32) CHARACTER SET latin1 COLLATE latin1_general_ci NOT NULL DEFAULT '',
  `options_values_price` decimal(15,4) NOT NULL DEFAULT '0.0000',
  `price_prefix` char(1) CHARACTER SET latin1 COLLATE latin1_general_ci NOT NULL DEFAULT '',
  PRIMARY KEY (`orders_products_attributes_id`)
) ENGINE=MyISAM DEFAULT CHARSET=utf8;

--
-- Dumping data for table `orders_products_attributes`
--


--
-- Table structure for table `orders_products_download`
--

CREATE TABLE `orders_products_download` (
  `orders_products_download_id` int(11) NOT NULL AUTO_INCREMENT,
  `orders_id` int(11) NOT NULL DEFAULT '0',
  `orders_products_id` int(11) NOT NULL DEFAULT '0',
  `orders_products_filename` varchar(255) CHARACTER SET latin1 COLLATE latin1_general_ci NOT NULL DEFAULT '',
  `download_maxdays` int(2) NOT NULL DEFAULT '0',
  `download_count` int(2) NOT NULL DEFAULT '0',
  PRIMARY KEY (`orders_products_download_id`)
) ENGINE=MyISAM DEFAULT CHARSET=utf8;

--
-- Dumping data for table `orders_products_download`
--


--
-- Table structure for table `orders_products_events`
--

CREATE TABLE `orders_products_events` (
  `orders_products_events_id` int(11) NOT NULL,
  `orders_products_id` int(11) NOT NULL,
  `event_dates_timer_id` int(11) NOT NULL,
  `added` datetime NOT NULL,
  `event_date_time` datetime NOT NULL,
  `events_to_event_tickets_id` int(11) NOT NULL,
  `event_ticket_title` varchar(128) NOT NULL,
  `persons` int(11) NOT NULL,
  `ek_price` float(15,4) NOT NULL,
  KEY `events_to_event_tickets_id` (`events_to_event_tickets_id`)
) ENGINE=InnoDB DEFAULT CHARSET=latin1;

--
-- Dumping data for table `orders_products_events`
--


--
-- Table structure for table `orders_products_price_fixing`
--

CREATE TABLE `orders_products_price_fixing` (
  `orders_products_price_fixing_id` int(11) NOT NULL AUTO_INCREMENT,
  `orders_products_id` int(11) NOT NULL DEFAULT '0',
  `collie_products_id` int(11) NOT NULL DEFAULT '0',
  `products_tax` float NOT NULL DEFAULT '0',
  `products_price` float NOT NULL DEFAULT '0',
  `quantity` int(11) NOT NULL DEFAULT '0',
  PRIMARY KEY (`orders_products_price_fixing_id`),
  KEY `orders_products_id` (`orders_products_id`),
  KEY `collie_products_id` (`collie_products_id`)
) ENGINE=MyISAM DEFAULT CHARSET=utf8;

--
-- Dumping data for table `orders_products_price_fixing`
--


--
-- Table structure for table `orders_products_properties`
--

CREATE TABLE `orders_products_properties` (
  `orders_products_properties_id` int(11) NOT NULL AUTO_INCREMENT,
  `orders_products_id` int(11) NOT NULL,
  `property_title` varchar(64) NOT NULL,
  `property_value` varchar(64) NOT NULL,
  `price_netto` decimal(15,4) NOT NULL,
  PRIMARY KEY (`orders_products_properties_id`),
  KEY `orders_products_id` (`orders_products_id`)
) ENGINE=MyISAM AUTO_INCREMENT=3 DEFAULT CHARSET=utf8;

--
-- Dumping data for table `orders_products_properties`
--

INSERT INTO `orders_products_properties` (`orders_products_properties_id`, `orders_products_id`, `property_title`, `property_value`, `price_netto`) VALUES (1,30,'Farbe','Gold',0.8403),(2,30,'Material','Edelstahl',8.4034);

--
-- Table structure for table `orders_products_serials`
--

CREATE TABLE `orders_products_serials` (
  `orders_products_serials_id` int(11) NOT NULL AUTO_INCREMENT,
  `orders_products_id` int(11) NOT NULL DEFAULT '0',
  `products_id` int(11) NOT NULL DEFAULT '0',
  `serial_number` varchar(128) CHARACTER SET latin1 COLLATE latin1_general_ci NOT NULL DEFAULT '',
  `serial_status` int(1) NOT NULL DEFAULT '0',
  PRIMARY KEY (`orders_products_serials_id`),
  KEY `orders_products_id` (`orders_products_id`),
  KEY `products_id` (`products_id`)
) ENGINE=MyISAM DEFAULT CHARSET=utf8;

--
-- Dumping data for table `orders_products_serials`
--


--
-- Table structure for table `orders_recalculate`
--

CREATE TABLE `orders_recalculate` (
  `orders_recalculate_id` int(11) NOT NULL AUTO_INCREMENT,
  `orders_id` int(11) NOT NULL DEFAULT '0',
  `n_price` decimal(15,4) NOT NULL DEFAULT '0.0000',
  `b_price` decimal(15,4) NOT NULL DEFAULT '0.0000',
  `tax` decimal(15,4) NOT NULL DEFAULT '0.0000',
  `tax_rate` decimal(7,4) NOT NULL DEFAULT '0.0000',
  `class` varchar(32) CHARACTER SET latin1 COLLATE latin1_general_ci NOT NULL DEFAULT '',
  PRIMARY KEY (`orders_recalculate_id`)
) ENGINE=MyISAM AUTO_INCREMENT=488 DEFAULT CHARSET=utf8;

--
-- Dumping data for table `orders_recalculate`
--


--
-- Table structure for table `orders_status`
--

CREATE TABLE `orders_status` (
  `orders_status_id` int(11) NOT NULL DEFAULT '0',
  `language_id` int(11) NOT NULL DEFAULT '1',
  `orders_status_name` varchar(32) CHARACTER SET latin1 COLLATE latin1_general_ci NOT NULL DEFAULT '',
  PRIMARY KEY (`orders_status_id`,`language_id`),
  KEY `orders_status_name` (`orders_status_name`)
) ENGINE=MyISAM DEFAULT CHARSET=utf8;

--
-- Dumping data for table `orders_status`
--

INSERT INTO `orders_status` (`orders_status_id`, `language_id`, `orders_status_name`) VALUES (1,2,'Offen'),(2,2,'In Bearbeitung'),(3,2,'Abgeschlossen'),(4,2,'Ebay Upselling'),(6,2,'Bezahlt'),(7,2,'Storniert'),(8,2,'Abgeholt / Im Voraus Versendet'),(9,2,'ANGEBOT'),(10,2,'PayPal Abbruch'),(11,2,'Offen PP bezahlt'),(12,2,'Offen PP wartend'),(13,2,'PayPal abgelehnt');

--
-- Table structure for table `orders_status_history`
--

CREATE TABLE `orders_status_history` (
  `orders_status_history_id` int(11) NOT NULL AUTO_INCREMENT,
  `orders_id` int(11) NOT NULL DEFAULT '0',
  `orders_status_id` int(5) NOT NULL DEFAULT '0',
  `date_added` datetime NOT NULL DEFAULT '0000-00-00 00:00:00',
  `customer_notified` int(1) DEFAULT '0',
  `comments` text CHARACTER SET latin1 COLLATE latin1_general_ci,
  `editor_id` int(11) NOT NULL DEFAULT '0',
  PRIMARY KEY (`orders_status_history_id`),
  KEY `orders_id` (`orders_id`)
) ENGINE=MyISAM AUTO_INCREMENT=408 DEFAULT CHARSET=utf8;

--
-- Dumping data for table `orders_status_history`
--

INSERT INTO `orders_status_history` (`orders_status_history_id`, `orders_id`, `orders_status_id`, `date_added`, `customer_notified`, `comments`, `editor_id`) VALUES (1,1,1,'2009-08-04 11:43:33',1,'Bestellung Webshop per moneyorder',0),(2,1,1,'2009-08-04 11:46:52',0,'Kommentar (sichtbar f&uuml;r Kunde) wurde aktualisiert.',4987),(3,1,1,'2009-08-04 11:47:35',0,'Kunde ist mehr als merkwürdig...',4987),(4,1,1,'2009-08-04 11:50:04',1,'Rechnung per Email an kontakt@elbfon.de versendet',4987),(5,1,1,'2009-08-15 04:03:01',1,'Automatisch Stufe 1 Mahnung.',0),(6,1,1,'2009-08-21 04:01:39',1,'Automatisch Stufe 2 Mahnung.',0),(7,1,1,'2009-08-26 04:02:00',1,'Automatisch Stufe 3 Mahnung.',0),(8,1,7,'2009-09-05 04:02:34',0,'Automatisch aus Mahnwesen Stufe 3 heraus storniert - Gesamtforderung unter 15, kein RA Export',0),(9,2,1,'2009-11-10 22:22:26',1,'Bestellung Webshop per moneyorder',0),(10,3,1,'2009-11-12 21:57:45',1,'Bestellung Webshop per moneyorder',0),(11,3,1,'2009-11-13 11:33:14',0,'In der Rechnungsbearbeitung wurde die Bezahlart-Gebuehr Rabatt  5,00 EUR hinzugefuegt.',1),(12,3,1,'2009-11-13 11:39:48',0,'Produkt: 2, Anzahl: 1 wurde in der Rechnungsbearbeitung hinzugefuegt.',1),(13,3,1,'2009-11-13 11:39:56',0,'Produktpreis wurde in der Rechnungsbearbeitung von 0.0000 auf - 2 gesetzt.',1),(14,3,1,'2009-11-13 11:39:56',0,'Produkttitel wurde in der Rechnungsbearbeitung von \"RABATT\" auf \"RABATT 3%\" gesetzt.',1),(15,3,1,'2009-11-13 11:40:45',0,'Produktpreis wurde in der Rechnungsbearbeitung von 0.0000 auf - 2 gesetzt.',1),(16,3,1,'2009-11-13 11:40:54',0,'Produktpreis wurde in der Rechnungsbearbeitung von 0.0000 auf 2.0000 gesetzt.',1),(17,3,1,'2009-11-13 11:41:12',0,'Produktpreis wurde in der Rechnungsbearbeitung von 2.0000 auf -2.0000 gesetzt.',1),(18,4,1,'2009-11-13 11:42:10',1,'Bestellung Webshop per moneyorder',0),(19,5,1,'2009-11-13 11:44:01',1,'Bestellung Webshop per moneyorder',0),(20,2,1,'2009-11-21 04:02:02',1,'Automatisch Stufe 1 Mahnung.',0),(21,6,1,'2009-11-22 17:11:10',1,'Bestellung Webshop per moneyorder',0),(22,3,1,'2009-11-23 04:01:12',1,'Automatisch Stufe 1 Mahnung.',0),(23,4,1,'2009-11-24 04:05:53',1,'Automatisch Stufe 1 Mahnung.',0),(24,5,1,'2009-11-24 04:06:11',1,'Automatisch Stufe 1 Mahnung.',0),(25,7,1,'2009-11-25 13:35:29',1,'Bestellung Webshop per moneyorder',0),(26,2,1,'2009-11-27 04:01:12',1,'Automatisch Stufe 2 Mahnung.',0),(27,3,1,'2009-11-28 04:03:09',1,'Automatisch Stufe 2 Mahnung.',0),(28,4,1,'2009-11-30 04:01:31',1,'Automatisch Stufe 2 Mahnung.',0),(29,5,1,'2009-11-30 04:01:32',1,'Automatisch Stufe 2 Mahnung.',0),(30,6,1,'2009-12-03 04:01:02',1,'Automatisch Stufe 1 Mahnung.',0),(31,2,1,'2009-12-03 04:01:02',1,'Automatisch Stufe 3 Mahnung.',0),(32,3,1,'2009-12-04 04:00:58',1,'Automatisch Stufe 3 Mahnung.',0),(33,4,1,'2009-12-05 04:02:18',1,'Automatisch Stufe 3 Mahnung.',0),(34,5,1,'2009-12-05 04:02:19',1,'Automatisch Stufe 3 Mahnung.',0),(35,7,1,'2009-12-06 04:01:10',1,'Automatisch Stufe 1 Mahnung.',0),(36,6,1,'2009-12-08 04:01:58',1,'Automatisch Stufe 2 Mahnung.',0),(37,7,1,'2009-12-11 04:01:12',1,'Automatisch Stufe 2 Mahnung.',0),(38,7,9,'2009-12-11 15:13:55',1,'Testen wir mal Angebote',4987),(39,7,9,'2009-12-11 15:15:32',0,'Kunde ist am überlegen, meldet sich kommende Woche...',4987),(40,2,7,'2009-12-13 04:01:05',0,'Automatisch aus Mahnwesen Stufe 3 heraus storniert - Gesamtforderung unter 15, kein RA Export',0),(41,6,1,'2009-12-14 04:01:03',1,'Automatisch Stufe 3 Mahnung.',0),(42,3,7,'2009-12-14 04:01:03',0,'Automatisch aus Mahnwesen Stufe 3 heraus storniert - Gesamtforderung unter 15, kein RA Export',0),(43,6,1,'2009-12-14 11:44:06',1,'Rechnung per Email an frank@naydowski.de versendet',4987),(44,6,1,'2009-12-14 12:09:32',0,'Versender Gls wurde in Kassenabwicklung vorgeschlagen.',4987),(45,6,6,'2009-12-14 12:09:32',0,'Bestellung wurde an der Kasse bezahlt (Barzahlung)  und auf Bezahlt gesetzt (Soll versendet werden).',4987),(46,4,7,'2009-12-16 04:01:07',0,'Automatisch aus Mahnwesen Stufe 3 heraus storniert - Gesamtforderung unter 15, kein RA Export',0),(47,5,7,'2009-12-16 04:01:07',0,'Automatisch nach 2. Mahnung storniert und RA Export',0),(48,8,1,'2010-01-02 18:42:51',1,'Bestellung Webshop per moneyorder',0),(49,8,6,'2010-01-02 18:44:12',0,'Bestellung wurde an der Kasse bezahlt (Barzahlung)  und auf Bezahlt gesetzt sowie fuer die Filial-Warenausgabe gespeichert.',4987),(50,8,6,'2010-01-02 18:46:34',0,'Versandkosten wurden von  zu  geaendert.',4987),(51,8,6,'2010-03-21 02:26:50',0,'Produkt: 53 wurde in der Rechnungsbearbeitung geloescht.',4988),(52,8,6,'2010-03-21 02:27:21',0,'Produkt: 92, Anzahl: 2 wurde in der Rechnungsbearbeitung hinzugefuegt.',4988),(53,6,6,'2010-03-21 02:27:55',0,'Produkt: 86 wurde in der Rechnungsbearbeitung geloescht.',4988),(54,9,1,'2010-03-22 15:58:02',1,'Bestellung Webshop per moneyorder',0),(55,9,1,'2010-03-22 16:00:12',0,'Lieferschein ausgedruckt',4988),(56,9,1,'2010-03-22 16:01:21',0,'Lieferschein ausgedruckt',4988),(57,9,1,'2010-03-22 16:02:29',0,'Lieferschein ausgedruckt',4988),(58,9,1,'2010-03-22 16:03:24',0,'Lieferschein ausgedruckt',4988),(59,9,1,'2010-03-22 16:03:50',0,'Lieferschein ausgedruckt',4988),(60,9,1,'2010-03-22 16:03:59',0,'Lieferschein ausgedruckt',4988),(61,9,1,'2010-03-22 16:04:03',0,'Lieferschein ausgedruckt',4988),(62,9,1,'2010-03-22 16:04:26',0,'Lieferschein ausgedruckt',4988),(63,9,1,'2010-03-22 16:27:16',0,'Lieferschein ausgedruckt',4988),(64,9,1,'2010-03-22 16:27:41',0,'Lieferschein ausgedruckt',4988),(65,10,1,'2010-03-22 16:36:38',1,'Bestellung Webshop per moneyorder',0),(66,10,1,'2010-03-22 16:36:52',0,'Lieferschein ausgedruckt',4988),(67,9,1,'2010-03-22 16:37:35',0,'Lieferschein ausgedruckt',4988),(68,10,1,'2010-03-22 17:11:58',0,'Lieferschein ausgedruckt',4988),(69,10,6,'2010-03-22 17:14:57',0,'Zahlungseingang gebucht',4988),(70,9,1,'2010-03-23 00:22:55',1,'Rechnung per Email an Htest@yes4trade.de versendet',4988),(71,9,1,'2010-03-23 00:23:05',1,'Rechnung per Email an Htest@yes4trade.de versendet',4988),(72,9,1,'2010-03-23 00:23:17',1,'Rechnung per Email an Htest@yes4trade.de versendet',4988),(73,9,1,'2010-03-23 11:18:38',1,'Rechnung per Email an Htest@yes4trade.de versendet',4988),(74,7,9,'2010-03-25 19:35:49',0,'Angebot wurde in Auftrag gewandelt.',1),(75,7,7,'2010-03-25 19:36:29',0,'Rückerstattung von 5.00 per Überweisung beantragt.',1),(76,7,7,'2010-03-25 19:36:29',0,'Bestellung storniert, Grund: test',1),(77,11,1,'2010-03-25 19:39:27',0,'Neue Bestellung zum Kunden per YES System angelegt.',1),(78,12,1,'2010-03-25 19:49:26',1,'Bestellung Webshop per moneyorder',0),(79,12,6,'2010-03-25 19:52:43',0,'Versandkosten (34,51 EUR) wurden aus Bestellung entfernt.',1),(80,12,6,'2010-03-25 19:52:43',0,'Bestellung wurde an der Kasse bezahlt (Barzahlung)  und auf Bezahlt gesetzt sowie fuer die Filial-Warenausgabe gespeichert.',1),(81,13,1,'2010-03-25 19:57:35',1,'Bestellung Webshop per moneyorder',0),(82,13,1,'2010-03-25 19:58:08',1,'Auftragsbest. per E-Mail versendet.',1),(83,13,1,'2010-03-25 19:58:18',0,'Lieferschein ausgedruckt',1),(84,12,6,'2010-03-25 20:52:14',0,'Rechnung als \"Im R&uuml;ckstand\" markiert',1),(85,12,6,'2010-03-25 20:52:41',0,'Vom Versand ausgeschlossen:Soll nur komplett versendet werden',1),(86,13,1,'2010-03-25 22:10:04',0,'Versender Post wurde in Kassenabwicklung vorgeschlagen.',1),(87,13,6,'2010-03-25 22:10:04',0,'Bestellung wurde an der Kasse bezahlt (Barzahlung)  und auf Bezahlt gesetzt (Soll versendet werden).',1),(88,13,3,'2010-03-25 22:10:32',0,'Warenausgabe aus Hauptlager',1),(89,13,3,'2010-03-25 22:10:44',1,'Rechnung per Email an Testkunde2@yes4trade.de versendet',1),(90,13,3,'2010-03-25 22:13:04',0,'Die Retoure 1 aus der Reklamation 1 wurde angelegt.',1),(91,13,3,'2010-03-25 22:13:04',0,'Das Produkt 93 wurde in der Reklamation Nr: 1 gespeichert.',1),(92,6,3,'2010-03-25 22:14:33',1,'Ware ging über Gls in den Versand.',1),(93,10,3,'2010-03-25 22:16:33',1,'Ware ging über Post in den Versand.',1),(94,13,3,'2010-03-25 22:21:32',0,'Statusaenderung der Rekl. 1 zu In Bearbeitung: Prüfung',1),(95,13,3,'2010-03-25 22:21:47',0,'Statusaenderung der Rekl. 1 zu Abgeschlossen: In Ordnung',1),(96,13,3,'2010-03-25 22:25:27',0,'Die Retoure 1 aus Reklamation Nr 1 hat neuen Status Abholung angewiesen',1),(97,13,3,'2010-03-25 22:25:41',0,'Der Wareneingang der Retoure 1 aus Reklamation Nr 1 wurde gebucht.',1),(98,13,3,'2010-03-25 22:25:41',0,'Die Retoure 1 aus Reklamation Nr 1 hat neuen Status Beendet',1),(99,14,1,'2011-01-20 15:19:18',1,'Bestellung Webshop per moneyorder',0),(100,14,1,'2011-01-20 15:21:37',0,'Lieferschein ausgedruckt',1),(101,14,1,'2011-01-20 15:21:48',1,'Rechnung per Email an system@yes-websolutions.de versendet',1),(102,14,1,'2011-01-20 15:21:53',1,'Lieferschein per E-Mail an system@yes-websolutions.de versendet.',1),(103,14,1,'2011-01-20 15:22:03',1,'Auftragsbest. per E-Mail versendet.',1),(104,12,6,'2011-01-20 15:26:20',0,'Versandsperre aufgehoben.',1),(105,14,1,'2011-01-20 15:26:46',0,'In der Rechnungsbearbeitung wurde die Bezahlart moneyorder durch invoice ersetzt',1),(106,14,1,'2011-01-20 15:31:13',1,'Auftragsbest. per E-Mail versendet.',1),(107,14,1,'2011-01-20 15:36:33',1,'Auftragsbest. per E-Mail versendet.',1),(108,14,1,'2011-01-20 15:37:00',0,'Lieferschein ausgedruckt',1),(109,14,1,'2011-01-20 15:44:50',1,'Rechnung per Email an system@yes-websolutions.de versendet',1),(110,14,1,'2011-01-20 15:48:11',0,'Lieferschein ausgedruckt',1),(111,14,1,'2011-01-20 15:48:23',1,'Lieferschein per E-Mail an system@yes-websolutions.de versendet.',1),(112,14,1,'2011-01-20 15:48:28',1,'Rechnung per Email an system@yes-websolutions.de versendet',1),(113,14,1,'2011-01-20 15:48:35',1,'Auftragsbest. per E-Mail versendet.',1),(114,14,1,'2011-01-20 15:50:15',1,'Auftragsbest. per E-Mail versendet.',1),(115,14,1,'2011-01-20 15:53:42',1,'Auftragsbest. per E-Mail versendet.',1),(116,14,1,'2011-01-20 15:55:22',1,'Auftragsbest. per E-Mail versendet.',1),(117,14,1,'2011-01-20 15:56:48',1,'Auftragsbest. per E-Mail versendet.',1),(118,14,1,'2011-01-20 16:04:08',1,'Auftragsbest. per E-Mail versendet.',1),(119,15,1,'2011-04-14 23:41:27',0,'Neue Bestellung zum Kunden per YES System angelegt.',1),(120,15,1,'2011-04-14 23:41:40',0,'Produkt: 99, Anzahl: 2 wurde in der Rechnungsbearbeitung hinzugefuegt.',1),(121,15,1,'2011-04-14 23:42:08',0,'Versandkosten wurden mit  7,74 EUR hinzugefuegt.',1),(122,15,1,'2011-04-14 23:42:08',0,'Versandkosten in Rechnungsbearbeitung hinzugefuegt.',1),(123,15,3,'2011-04-14 23:43:42',0,'test',1),(124,15,3,'2011-04-14 23:44:13',1,'Rechnung per Email an system@yes-websolutions.de versendet',1),(125,15,3,'2011-04-14 23:44:18',1,'Lieferschein per E-Mail an system@yes-websolutions.de versendet.',1),(126,16,1,'2011-04-14 23:45:50',1,'Bestellung Webshop per moneyorder',0),(127,16,1,'2011-04-20 15:51:55',0,'Die Adressdaten der Bestellung wurden geaendert.',1),(128,17,1,'2011-04-20 15:52:23',0,'Neue Bestellung zum Kunden per YES System angelegt.',1),(129,17,1,'2011-04-20 15:55:47',0,'Die Adressdaten der Bestellung wurden geaendert.',1),(130,16,1,'2011-05-03 13:18:54',1,'Rechnung per Email an system@yes-websolutions.de versendet',1),(131,16,1,'2011-05-03 13:52:48',0,'Lieferschein ausgedruckt',1),(132,18,1,'2011-05-03 13:59:39',0,'Neue Bestellung zum Kunden per YES System angelegt.',1),(133,18,1,'2011-05-03 13:59:54',0,'Produkt: 99, Anzahl: 2 wurde in der Rechnungsbearbeitung hinzugefuegt.',1),(134,18,1,'2011-05-03 14:00:06',0,'Versandkosten wurden mit  13,50 EUR hinzugefuegt.',1),(135,18,1,'2011-05-03 14:00:06',0,'Versandkosten in Rechnungsbearbeitung hinzugefuegt.',1),(136,18,1,'2011-05-03 14:08:53',0,'Die Adressdaten der Bestellung wurden geaendert.',1),(137,18,1,'2011-05-03 14:17:11',1,'Rechnung per Email an b.agri@yes4trade.de versendet',1),(138,18,1,'2011-05-03 14:47:51',0,'Lieferschein ausgedruckt',1),(139,16,1,'2011-05-03 14:50:39',0,'Lieferschein ausgedruckt',1),(140,16,1,'2011-05-03 14:50:57',1,'Lieferschein per E-Mail an system@yes-websolutions.de versendet.',1),(141,16,1,'2011-05-03 14:51:02',1,'Rechnung per Email an system@yes-websolutions.de versendet',1),(142,16,1,'2011-05-03 14:53:02',1,'Rechnung per Email an system@yes-websolutions.de versendet',1),(143,18,1,'2011-05-03 14:56:31',1,'Rechnung per Email an der-euro@yes4trade.de versendet',1),(144,18,1,'2011-05-03 14:56:57',1,'Rechnung per Email an b.agri@yes4trade.de versendet',1),(145,18,1,'2011-05-03 14:59:47',1,'Rechnung per Email an b.agri@yes4trade.de versendet',1),(146,18,1,'2011-05-03 15:02:15',1,'Rechnung per Email an b.agri@yes4trade.de versendet',1),(147,18,8,'2011-05-03 15:03:04',0,'test',1),(148,18,8,'2011-05-03 15:03:14',1,'Rechnung per Email an b.agri@yes4trade.de versendet',1),(149,15,3,'2011-08-30 18:44:04',1,'Rechnung per Email an h.schulze@yes4trade.de versendet',1),(150,19,1,'2013-11-06 17:10:55',1,'Bestellung Webshop per moneyorder',0),(151,19,1,'2013-11-06 17:15:13',1,'Rechnung per Email an h.schulze@yes4trade.de versendet',1),(152,19,1,'2013-11-06 17:17:11',1,'Rechnung per Email an h.schulze@yes4trade.de versendet',1),(153,19,1,'2013-11-06 17:19:21',1,'Rechnung per Email an h.schulze@yes4trade.de versendet',1),(154,19,1,'2013-11-06 17:23:33',0,'Lieferschein ausgedruckt',1),(155,19,6,'2013-11-06 17:25:57',0,'Bestellung wurde an der Kasse bezahlt (Barzahlung) und auf Bezahlt gesetzt sowie fuer die (Filial-)Warenausgabe gespeichert.',1),(156,19,3,'2013-11-06 17:26:32',0,'test',1),(157,19,3,'2013-11-06 17:27:01',0,'Die Retoure 2 aus der Reklamation 2 wurde angelegt.',1),(158,19,3,'2013-11-06 17:27:01',0,'Die Rueckerstattung (Bar) 2 aus der Reklamation 2 wurde angelegt.',1),(159,19,3,'2013-11-06 17:27:01',0,'Das Produkt 113 wurde in der Reklamation Nr: 2 gespeichert.',1),(160,19,3,'2013-11-06 17:27:49',0,'Die Retoure 2 aus Reklamation Nr 2 hat neuen Status Abholung angewiesen',1),(161,20,1,'2014-02-24 17:26:51',1,'Bestellung Webshop per moneyorder',0),(162,21,1,'2017-01-31 18:36:48',1,'Bestellung Webshop per moneyorder',0),(163,21,1,'2017-02-20 19:10:21',0,'Lieferschein ausgedruckt',1),(164,21,1,'2017-02-20 19:11:00',0,'Lieferschein ausgedruckt',1),(165,21,1,'2017-02-20 19:39:15',1,'Rechnung per Email an b.agri@yes4trade.de versendet',1),(166,21,1,'2017-02-27 19:38:23',1,'Rechnung per Email an b.agri@yes4trade.de versendet',1),(167,21,1,'2017-02-27 19:42:57',1,'Rechnung per Email an system@yes-websolutions.de versendet',1),(168,22,1,'2017-06-22 21:09:56',0,'Neue Bestellung zum Kunden per YES System angelegt.',4999),(169,21,9,'2017-06-27 20:01:41',0,'Test',1),(170,21,9,'2017-06-27 20:40:25',0,'In der Rechnungsbearbeitung wurde die Bezahlart moneyorder durch invoice ersetzt',1),(171,22,7,'2017-10-16 20:51:51',0,'Beispielaufträge aus Systemauslieferung',1),(172,21,7,'2017-10-16 20:51:51',0,'Beispielaufträge aus Systemauslieferung',1),(173,20,7,'2017-10-16 20:51:51',0,'Beispielaufträge aus Systemauslieferung',1),(174,19,7,'2017-10-16 20:51:51',0,'Beispielaufträge aus Systemauslieferung',1),(175,18,7,'2017-10-16 20:51:51',0,'Beispielaufträge aus Systemauslieferung',1),(176,17,7,'2017-10-16 20:51:51',0,'Beispielaufträge aus Systemauslieferung',1),(177,16,7,'2017-10-16 20:51:51',0,'Beispielaufträge aus Systemauslieferung',1),(178,15,7,'2017-10-16 20:51:51',0,'Beispielaufträge aus Systemauslieferung',1),(179,14,7,'2017-10-16 20:51:51',0,'Beispielaufträge aus Systemauslieferung',1),(180,13,7,'2017-10-16 20:51:51',0,'Beispielaufträge aus Systemauslieferung',1),(181,12,7,'2017-10-16 20:51:51',0,'Beispielaufträge aus Systemauslieferung',1),(182,11,7,'2017-10-16 20:51:51',0,'Beispielaufträge aus Systemauslieferung',1),(183,10,7,'2017-10-16 20:51:51',0,'Beispielaufträge aus Systemauslieferung',1),(184,9,7,'2017-10-16 20:51:51',0,'Beispielaufträge aus Systemauslieferung',1),(185,8,7,'2017-10-16 20:51:51',0,'Beispielaufträge aus Systemauslieferung',1),(186,6,7,'2017-10-16 20:51:51',0,'Beispielaufträge aus Systemauslieferung',1),(187,5000,6,'2017-12-04 22:44:50',1,'CRON: Ebay-Auktion 172970434696 als Bestellung angelegt. Paypal Transaction ID: 882488756W266251G',0),(188,5000,6,'2017-12-05 12:03:57',0,'Dem Auftrag wurde die FiBu Nummer 50000 zugewiesen.',1),(189,5000,6,'2017-12-05 12:04:48',1,'Rechnung per Email an b.agri@yes4trade.de versendet',1),(190,5000,6,'2017-12-05 12:08:56',1,'Rechnung per Email an post@meinbad-guenstiger.de versendet',4999),(191,5000,6,'2017-12-05 12:09:37',1,'Rechnung per Email an b.agri@yes4trade.de versendet',1),(192,5000,6,'2017-12-05 12:10:05',1,'Rechnung per Email an volleyballulli@hotmail.de versendet',4999),(193,5000,6,'2017-12-05 12:52:06',0,'Adresse (customer) wurde geändert: customers_company:,customers_name: Marco Uhlmann,customers_street_address: Friedhofstrasse 2,customers_suburb:,customers_postcode: 86420,customers_city: Augsburg,customers_state:,customers_country: 81,customers_vat_id:,customers_telephone: 015128183265,customers_mobile:',4999),(194,5000,6,'2017-12-05 12:53:03',1,'Rechnung per Email an volleyballulli@hotmail.de versendet',4999),(195,5000,6,'2017-12-05 15:08:11',0,'Adresse (invoice) wurde geändert: billing_company:,billing_name: Marco Uhlmann,billing_street_address: Friedhofstrasse 2,billing_suburb:,billing_postcode: 86420,billing_city: Diedorf,billing_state:,billing_country: 81',4999),(196,5000,6,'2017-12-05 15:08:22',0,'Adresse (customer) wurde geändert: customers_company:,customers_name: Marco Uhlmann,customers_street_address: Friedhofstrasse 2,customers_suburb:,customers_postcode: 86420,customers_city: Diedorf,customers_state:,customers_country: 81,customers_vat_id:,customers_telephone: 015128183265,customers_mobile:',4999),(197,5000,6,'2017-12-05 15:08:44',0,'Adresse (invoice) wurde geändert: billing_company:,billing_name: Marco Uhlmann,billing_street_address: Friedhofstrasse 2,billing_suburb:,billing_postcode: 86420,billing_city: Diedorf,billing_state:,billing_country: 81',4999),(198,5000,6,'2017-12-05 15:10:11',1,'Rechnung per Email an volleyballulli@hotmail.de versendet',4999),(199,5001,6,'2017-12-06 10:58:13',1,'CRON: Ebay-Auktion 172970371576 als Bestellung angelegt. Paypal Transaction ID: 0BV549203K0215004',0),(200,5001,6,'2017-12-07 12:42:49',0,'Dem Auftrag wurde die FiBu Nummer 50001 zugewiesen.',1),(201,5001,3,'2017-12-08 11:46:55',0,'Ware ging über GLS in den Versand.',4999),(202,5000,3,'2017-12-08 11:46:55',0,'Ware ging über GLS in den Versand.',4999),(203,5000,3,'2017-12-08 11:51:57',0,'GLS Tracking ID: 56221823421',4999),(204,5000,3,'2017-12-08 11:51:57',0,'Es wurden folgende Versendercodes erzeugt: 56221823421',4999),(205,5001,3,'2017-12-08 11:51:57',0,'GLS Tracking ID: 56221823442',4999),(206,5001,3,'2017-12-08 11:51:57',0,'Es wurden folgende Versendercodes erzeugt: 56221823442',4999),(207,5000,3,'2017-12-08 11:53:56',0,'ebay completesales sent',4999),(208,5001,3,'2017-12-08 11:53:57',0,'ebay completesales sent',4999),(209,5001,3,'2017-12-08 11:55:46',1,'Rechnung per Email an carolinschulzneundorf@gmail.com versendet',1),(210,5000,3,'2017-12-08 11:55:59',1,'Rechnung per Email an volleyballulli@hotmail.de versendet',1),(211,5002,6,'2017-12-21 15:14:30',1,'CRON: Ebay-Auktion 173027816653 als Bestellung angelegt. Paypal Transaction ID: 22D05306RJ180361K',0),(212,5002,6,'2017-12-22 19:09:47',0,'Auftrag wurde per Quick Versand ins Versandmodul übergeben.',1),(213,5002,3,'2017-12-22 19:09:48',0,'Ware ging über GLS in den Versand.',1),(214,5002,3,'2017-12-22 19:09:48',0,'Mit Versandabschluss wurde automatisch die FiBu Nummer 50002 vergeben.',1),(215,5002,3,'2017-12-22 19:11:38',0,'GLS Tracking ID: 56221833753',4999),(216,5002,3,'2017-12-22 19:11:38',0,'Es wurden folgende Versendercodes erzeugt: 56221833753',4999),(217,5002,3,'2017-12-22 19:12:29',0,'ebay completesales sent',4999),(218,5002,3,'2017-12-22 19:12:51',0,'shipping mail sent',4999),(219,5003,6,'2018-01-03 18:44:24',1,'CRON: Ebay-Auktion 173027817897 als Bestellung angelegt. Paypal Transaction ID: 2MB11509WM964581M',0),(220,5003,3,'2018-01-10 18:39:29',0,'Ware ging über GLS in den Versand.',1),(221,5003,3,'2018-01-10 18:39:29',0,'Mit Versandabschluss wurde automatisch die FiBu Nummer 50003 vergeben.',1),(222,5004,1,'2018-01-31 07:49:57',1,'Bestellung Webshop per paypal',0),(223,5004,1,'2018-01-31 07:50:00',0,'',0),(224,5004,6,'2018-01-31 07:50:07',0,'PayPal IPN Completed 347.43EUR\n Sven Giertz runningsven@hotmail.de is verified.\nTotal=347.43EUR\n Payment=instant\n Date=22:49:59 Jan 30, 2018 PST\n ID=6A0173614B584825K',0),(225,5005,6,'2018-01-31 17:42:06',1,'CRON: Ebay-Auktion 173027661398 als Bestellung angelegt. Paypal Transaction ID: 4DJ88906Y69172304',0),(226,5004,6,'2018-02-01 18:20:46',0,'Dem Auftrag wurde die FiBu Nummer 50004 zugewiesen.',1),(227,5005,6,'2018-02-01 18:21:06',0,'Dem Auftrag wurde die FiBu Nummer 50005 zugewiesen.',1),(228,5006,6,'2018-02-10 14:18:10',1,'CRON: Ebay-Auktion 173027780835 als Bestellung angelegt. Paypal Transaction ID: 07S69624DC507625T',0),(229,5006,6,'2018-02-14 17:43:05',0,'Auftrag wurde per Quick Versand ins Versandmodul übergeben.',4999),(230,5005,6,'2018-02-28 09:48:32',1,'Rechnung per Email an guido.brabender@web.de versendet',4999),(231,5007,6,'2018-03-25 08:23:26',1,'CRON: Ebay-Auktion 173027816750 als Bestellung angelegt. Paypal Transaction ID: 96M20165PA209404V',0),(232,5008,6,'2018-04-07 00:19:35',1,'CRON: Ebay-Auktion 173027780577 als Bestellung angelegt. Paypal Transaction ID: 4YA31033AH118891D',0),(233,5009,1,'2018-04-13 17:43:56',1,'Bestellung Webshop per secupay_inv_xtc',0),(234,5009,6,'2018-04-13 17:45:26',0,'secupay status push (accepted): ',0),(235,5003,3,'2018-04-24 10:27:59',0,'shipping mail sent',1),(236,5010,1,'2018-05-26 17:27:38',1,'Bestellung Webshop per secupay_inv_xtc',0),(237,5010,6,'2018-05-26 17:30:07',0,'secupay status push (accepted): ',0),(238,5009,3,'2018-06-07 12:05:53',0,'Ware ging über GLS in den Versand.',4999),(239,5009,3,'2018-06-07 12:05:53',0,'Mit Versandabschluss wurde automatisch die FiBu Nummer 50006 vergeben.',4999),(240,5005,3,'2018-06-07 12:05:53',0,'Ware ging über GLS in den Versand.',4999),(241,5006,3,'2018-06-07 12:05:53',0,'Ware ging über GLS in den Versand.',4999),(242,5006,3,'2018-06-07 12:05:53',0,'Mit Versandabschluss wurde automatisch die FiBu Nummer 50007 vergeben.',4999),(243,5008,3,'2018-06-07 12:05:53',0,'Ware ging über GLS in den Versand.',4999),(244,5008,3,'2018-06-07 12:05:53',0,'Mit Versandabschluss wurde automatisch die FiBu Nummer 50008 vergeben.',4999),(245,5007,3,'2018-06-07 12:05:53',0,'Ware ging über GLS in den Versand.',4999),(246,5007,3,'2018-06-07 12:05:53',0,'Mit Versandabschluss wurde automatisch die FiBu Nummer 50009 vergeben.',4999),(247,5010,3,'2018-06-07 12:05:53',0,'Ware ging über GLS in den Versand.',4999),(248,5010,3,'2018-06-07 12:05:53',0,'Mit Versandabschluss wurde automatisch die FiBu Nummer 50010 vergeben.',4999),(249,5004,3,'2018-06-07 12:05:53',0,'Ware ging über Spedition in den Versand.',4999),(250,5006,3,'2018-06-07 12:08:48',0,'shipping mail sent',4999),(251,5005,3,'2018-06-07 12:08:49',0,'shipping mail sent',4999),(252,5007,3,'2018-06-07 12:08:50',0,'shipping mail sent',4999),(253,5008,3,'2018-06-07 12:08:51',0,'shipping mail sent',4999),(254,5009,3,'2018-06-07 12:08:51',0,'shipping mail sent',4999),(255,5010,3,'2018-06-07 12:08:52',0,'shipping mail sent',4999),(256,5004,3,'2018-06-07 12:08:53',0,'shipping mail sent',4999),(257,5009,3,'2018-06-07 12:09:23',0,'Secupay Shipping Notification',4999),(258,5010,3,'2018-06-07 12:09:23',0,'Secupay Shipping Notification',4999),(259,5003,3,'2018-06-07 16:42:23',0,'ebay completesales failed\r\n#20822 : Ungültige Artikelnummer oder Transaktions-ID\r\n',4999),(260,5005,3,'2018-06-07 16:42:24',0,'ebay completesales sent',4999),(261,5006,3,'2018-06-07 16:42:26',0,'ebay completesales sent',4999),(262,5007,3,'2018-06-07 16:42:27',0,'ebay completesales sent',4999),(263,5008,3,'2018-06-07 16:42:28',0,'ebay completesales sent',4999),(264,5011,6,'2018-06-07 22:38:12',1,'CRON: Ebay-Auktion 173027816275 als Bestellung angelegt. Paypal Transaction ID: 3A881331HY289072C',0),(265,5012,6,'2018-06-07 22:38:13',1,'CRON: Ebay-Auktion 173027817681 als Bestellung angelegt. Paypal Transaction ID: 3A881331HY289072C',0),(266,5011,3,'2018-06-11 10:08:25',0,'Ware ging über GLS in den Versand.',4999),(267,5011,3,'2018-06-11 10:08:25',0,'Mit Versandabschluss wurde automatisch die FiBu Nummer 50011 vergeben.',4999),(268,5012,3,'2018-06-11 10:08:25',0,'Ware ging über GLS in den Versand.',4999),(269,5012,3,'2018-06-11 10:08:25',0,'Mit Versandabschluss wurde automatisch die FiBu Nummer 50012 vergeben.',4999),(270,5011,3,'2018-06-11 10:11:06',0,'GLS Tracking ID: 56222430935',4999),(271,5011,3,'2018-06-11 10:11:06',0,'Es wurden folgende Versendercodes erzeugt: 56222430935',4999),(272,5012,3,'2018-06-11 10:11:06',0,'GLS Tracking ID: 56222430935',4999),(273,5012,3,'2018-06-11 10:11:06',0,'Es wurden folgende Versendercodes erzeugt: 56222430935',4999),(274,5011,3,'2018-06-11 10:11:37',0,'shipping mail sent',4999),(275,5012,3,'2018-06-11 10:11:38',0,'shipping mail sent',4999),(276,5011,3,'2018-06-11 10:12:37',0,'ebay completesales sent',4999),(277,5012,3,'2018-06-11 10:12:39',0,'ebay completesales sent',4999),(278,5009,3,'2018-06-18 14:57:17',1,'Rechnung per Email an hotel@ochsen-bad-saulgau.de versendet',4999),(279,5009,3,'2018-06-18 16:31:39',1,'Rechnung per Email an b.agri@yes4trade.de versendet',1),(280,5009,3,'2018-06-18 16:38:08',1,'Rechnung per Email an b.agri@yes4trade.de versendet',1),(281,5009,3,'2018-06-18 16:46:25',1,'Rechnung per Email an b.agri@yes4trade.de versendet',1),(282,5009,3,'2018-06-18 16:50:09',1,'Rechnung per Email an b.agri@yes4trade.de versendet',1),(283,5009,3,'2018-06-18 16:54:02',1,'Rechnung per Email an hotel@ochsen-bad-saulgau.de versendet',1),(284,5009,3,'2018-06-18 16:54:37',1,'Rechnung per Email an b.agri@yes4trade.de versendet',1),(285,5009,3,'2018-06-18 16:58:36',1,'Rechnung per Email an b.agri@yes4trade.de versendet',1),(286,5009,3,'2018-06-18 17:00:10',1,'Rechnung per Email an b. versendet',1),(287,5009,3,'2018-06-18 17:00:19',1,'Rechnung per Email an b.agri@yes4trade.de versendet',1),(288,5009,3,'2018-06-18 17:02:42',1,'Rechnung per Email an b.agri@yes4trade.de versendet',1),(289,5009,3,'2018-06-18 17:06:11',1,'Rechnung per Email an b.agri@yes4trade.de versendet',1),(290,5009,3,'2018-06-18 17:13:06',1,'Rechnung per Email an b.agri@yes4trade.de versendet',1),(291,5013,6,'2018-06-19 16:38:16',1,'CRON: Ebay-Auktion 173027778710 als Bestellung angelegt. Paypal Transaction ID: 910306951N156345Y',0),(292,5010,7,'2018-06-25 13:35:07',0,'secupay status push (void): ',0),(293,5010,7,'2018-06-26 11:26:27',0,'Ware zurückgekommen; Ware okay; Storno und Rückerstattung durch Secupay erfolgt!',4999),(294,5013,6,'2018-06-26 11:27:37',0,'Auftrag wurde per Quick Versand ins Versandmodul übergeben.',4999),(295,5013,3,'2018-06-26 11:29:23',0,'Ware ging über GLS in den Versand.',4999),(296,5013,3,'2018-06-26 11:29:23',0,'Mit Versandabschluss wurde automatisch die FiBu Nummer 50013 vergeben.',4999),(297,5013,3,'2018-06-26 11:34:45',0,'shipping mail sent',4999),(298,5013,3,'2018-06-26 11:35:00',0,'ebay completesales sent',4999),(299,5014,6,'2018-07-07 14:37:42',1,'CRON: Ebay-Auktion 173027664608 als Bestellung angelegt. Paypal Transaction ID: 9MC242958P364790N',0),(300,5015,1,'2018-07-13 15:20:57',0,'Neuer Auftrag zum Kunden per YES System angelegt.',4999),(301,5015,1,'2018-07-13 15:24:08',0,'Adresse (shipping) wurde geändert: delivery_company:,delivery_name: Ralph Süsser,delivery_street_address: Inselweg 15/1,delivery_suburb:,delivery_postcode: 75392,delivery_city: Deckenpfronn,delivery_state:,delivery_country: 81',4999),(302,5016,1,'2018-07-13 15:25:31',0,'Neuer Auftrag zum Kunden per YES System angelegt.',4999),(303,5017,1,'2018-07-13 15:29:37',0,'Neuer Auftrag zum Kunden per YES System angelegt.',4999),(304,5016,1,'2018-07-13 15:31:09',0,'[pID 1582] 1 Stk, wurden in Auftragsbearbeitung hinzugefügt.',4999),(305,5016,1,'2018-07-13 15:32:06',0,'[pID 1583] 1 Stk, wurden in Auftragsbearbeitung hinzugefügt.',4999),(306,5016,1,'2018-07-13 15:32:21',0,'[pID 1584] 1 Stk, wurden in Auftragsbearbeitung hinzugefügt.',4999),(307,5016,1,'2018-07-13 15:32:33',0,'[pID 1585] 1 Stk, wurden in Auftragsbearbeitung hinzugefügt.',4999),(308,5016,1,'2018-07-13 15:32:47',0,'[pID 1586] 1 Stk, wurden in Auftragsbearbeitung hinzugefügt.',4999),(309,5016,1,'2018-07-13 15:33:00',0,'[pID 1587] 1 Stk, wurden in Auftragsbearbeitung hinzugefügt.',4999),(310,5016,1,'2018-07-13 15:33:14',0,'[pID 1588] 1 Stk, wurden in Auftragsbearbeitung hinzugefügt.',4999),(311,5016,1,'2018-07-13 15:33:30',0,'[pID 1589] 2 Stk, wurden in Auftragsbearbeitung hinzugefügt.',4999),(312,5016,1,'2018-07-13 15:33:42',0,'[pID 1590] 1 Stk, wurden in Auftragsbearbeitung hinzugefügt.',4999),(313,5016,1,'2018-07-13 15:35:40',0,'Artikelpreis wurde in der Auftragsbearbeitung von 88,50 in 88,50 geändert.',4999),(314,5016,1,'2018-07-13 15:36:07',0,'[pID 1591] 3 Stk, wurden in Auftragsbearbeitung hinzugefügt.',4999),(315,5016,1,'2018-07-13 15:36:18',0,'[pID 1592] 2 Stk, wurden in Auftragsbearbeitung hinzugefügt.',4999),(316,5016,1,'2018-07-13 15:36:49',0,'[pID 1593] 2 Stk, wurden in Auftragsbearbeitung hinzugefügt.',4999),(317,5016,1,'2018-07-13 15:37:03',0,'[pID 1594] 2 Stk, wurden in Auftragsbearbeitung hinzugefügt.',4999),(318,5016,1,'2018-07-13 15:37:17',0,'[pID 1595] 1 Stk, wurden in Auftragsbearbeitung hinzugefügt.',4999),(319,5016,1,'2018-07-13 15:37:55',0,'Artikelpreis wurde in der Auftragsbearbeitung von 37,90 in 37,90 geändert.',4999),(320,5016,1,'2018-07-13 15:48:15',0,'Artikelpreis wurde in der Auftragsbearbeitung von 3.950,00 in 4.700,50 geändert.',4999),(321,5016,1,'2018-07-13 15:48:37',0,'Artikelpreis wurde in der Auftragsbearbeitung von 1.398,00 in 1.663,62 geändert.',4999),(322,5016,1,'2018-07-13 15:48:51',0,'Artikelpreis wurde in der Auftragsbearbeitung von 42,50 in 50,76 geändert.',4999),(323,5016,1,'2018-07-13 15:49:01',0,'Artikelpreis wurde in der Auftragsbearbeitung von 141,00 in 167,79 geändert.',4999),(324,5016,1,'2018-07-13 15:49:01',0,'Artikelname wurde in der Rechnungsbearbeitung von Schlammabscheider Rp 1\" IG mit Magnet, Abschlammventil und Wärmedämmung in Schlammabscheider Rp 1\" IG mit Magnet, Abschlammventil und Wärmedämmung geändert',4999),(325,5016,1,'2018-07-13 15:49:14',0,'Artikelpreis wurde in der Auftragsbearbeitung von 50,00 in 59,50 geändert.',4999),(326,5016,1,'2018-07-13 15:49:26',0,'Artikelpreis wurde in der Auftragsbearbeitung von 88,50 in 105,32 geändert.',4999),(327,5016,1,'2018-07-13 15:49:41',0,'Artikelpreis wurde in der Auftragsbearbeitung von 119,25 in 141,91 geändert.',4999),(328,5016,1,'2018-07-13 15:49:56',0,'Artikelpreis wurde in der Auftragsbearbeitung von 114,00 in 135,66 geändert.',4999),(329,5016,1,'2018-07-13 15:50:11',0,'Artikelpreis wurde in der Auftragsbearbeitung von 23,25 in 27,67 geändert.',4999),(330,5016,1,'2018-07-13 15:50:23',0,'Artikelpreis wurde in der Auftragsbearbeitung von 36,00 in 42,84 geändert.',4999),(331,5016,1,'2018-07-13 15:50:36',0,'Artikelpreis wurde in der Auftragsbearbeitung von 40,15 in 47,78 geändert.',4999),(332,5016,1,'2018-07-13 15:50:47',0,'Artikelpreis wurde in der Auftragsbearbeitung von 37,90 in 45,10 geändert.',4999),(333,5016,1,'2018-07-13 15:51:08',0,'Artikelpreis wurde in der Auftragsbearbeitung von 249,40 in 296,79 geändert.',4999),(334,5016,1,'2018-07-13 15:52:18',0,'Artikelpreis wurde in der Auftragsbearbeitung von 50,76 in 50,57 geändert.',4999),(335,5016,1,'2018-07-13 15:52:50',0,'Artikelpreis wurde in der Auftragsbearbeitung von 105,32 in 105,31 geändert.',4999),(336,5016,1,'2018-07-13 15:53:13',0,'Artikelpreis wurde in der Auftragsbearbeitung von 141,91 in 141,90 geändert.',4999),(337,5016,1,'2018-07-13 15:53:35',0,'Artikelpreis wurde in der Auftragsbearbeitung von 27,67 in 27,66 geändert.',4999),(338,5016,1,'2018-07-13 15:53:53',0,'Artikelpreis wurde in der Auftragsbearbeitung von 47,78 in 47,77 geändert.',4999),(339,5016,1,'2018-07-13 15:54:21',0,'Artikelpreis wurde in der Auftragsbearbeitung von 296,79 in 296,78 geändert.',4999),(340,5016,1,'2018-07-13 15:55:48',0,'Artikelpreis wurde in der Auftragsbearbeitung von 27,66 in 27,67 geändert.',4999),(341,5016,1,'2018-07-13 15:56:21',0,'Artikelpreis wurde in der Auftragsbearbeitung von 47,77 in 47,78 geändert.',4999),(342,5016,1,'2018-07-13 15:57:11',0,'Artikelpreis wurde in der Auftragsbearbeitung von 105,31 in 105,32 geändert.',4999),(343,5016,1,'2018-07-13 15:57:39',0,'Artikelpreis wurde in der Auftragsbearbeitung von 50,57 in 50,58 geändert.',4999),(344,5016,1,'2018-07-13 16:01:26',0,'Kommentar (sichtbar f&uuml;r Kunde) wurde aktualisiert.',4999),(345,5016,1,'2018-07-13 16:02:23',0,'Versand Email von \"\" in \"\" aktualisiert',4999),(346,5016,1,'2018-07-14 13:06:09',0,'Dem Auftrag wurde die FiBu Nummer 50014 zugewiesen.',4999),(347,5016,1,'2018-07-14 13:06:30',1,'Rechnung per Email an julianebock@gmx.net versendet',4999),(348,5016,1,'2018-07-16 16:07:34',0,'Es wurde ein Rabatt (1035) zum Auftrag gespeichert.',4999),(349,5016,1,'2018-07-16 16:08:14',1,'Rechnung per Email an julianebock@gmx.net versendet',4999),(350,5018,1,'2018-07-23 13:05:44',1,'Bestellung Webshop per secupay_kk_xtc Kommentar: Folgende Fragen da ich sie heute tel. leider nicht erreichen kann:\r\nAuf Ihrer Angebotsseite sagen Sie, dass der Brenner NOx - Klasse 2 (EN 267) ist.\r\nIm Datenblatt sagen Sie NOx - Klasse 3 (EN 267). Ich weise Sie darauf hin, dass der Kauf nur zustande kommt, wenn der Brenner NOx - Klasse 3 (EN 267) besitzt. Bitte um schriftliche Rückbestätigung.\r\nIch sollte nach Möglichkeit den Brenner  bis spät. diese Woche Donnerstag, 26.07.2018 geliefert bekommen haben. Geht Express gegen Mehrpreis ? \r\nBitte um Rückruf auf Tel. Nr. 7503 1327 oder 0157 87 555 354. \r\nVielen Dank\r\nGruß Hermann Probst',0),(351,5018,6,'2018-07-23 13:18:18',0,'secupay status push (accepted): ',0),(352,5018,6,'2018-08-01 07:47:51',0,'Dem Auftrag wurde die FiBu Nummer 50015 zugewiesen.',4999),(353,5018,6,'2018-08-01 07:48:06',1,'Rechnung per Email an probst.hermann@web.de versendet',4999),(354,5018,3,'2018-08-01 07:49:47',0,'Ware ging über GLS in den Versand.',4999),(355,5018,3,'2018-08-01 07:52:03',0,'Secupay Shipping Notification fehlgeschlagen. Secupay Result Fehler ',4999),(356,5018,3,'2018-08-01 07:52:15',0,'shipping mail sent',4999),(357,5014,3,'2018-08-01 07:53:22',0,'Ware ging über Spedition in den Versand.',4999),(358,5014,3,'2018-08-01 07:53:22',0,'Mit Versandabschluss wurde automatisch die FiBu Nummer 50016 vergeben.',4999),(359,5014,3,'2018-08-01 07:56:24',0,'shipping mail sent',4999),(360,5014,3,'2018-08-01 07:56:36',0,'ebay completesales sent',4999),(361,5019,6,'2018-08-08 14:37:21',1,'CRON: Ebay-Auktion 173027803669 als Bestellung angelegt. Paypal Transaction ID: 0RW77909JC5716605',0),(362,5019,3,'2018-08-09 07:57:52',0,'Ware ging über GLS in den Versand.',4999),(363,5019,3,'2018-08-09 07:57:52',0,'Mit Versandabschluss wurde automatisch die FiBu Nummer 50017 vergeben.',4999),(364,5019,3,'2018-08-09 08:02:25',0,'GLS Tracking ID: 56222490579',4999),(365,5019,3,'2018-08-09 08:02:25',0,'Es wurden folgende Versendercodes erzeugt: 56222490579',4999),(366,5019,3,'2018-08-09 08:02:34',0,'shipping mail sent',4999),(367,5019,3,'2018-08-09 08:07:31',1,'Rechnung per Email an b-hanne@t-online.de versendet',4999),(368,5019,3,'2018-08-09 08:09:58',0,'ebay completesales sent',4999),(369,5020,1,'2018-08-10 16:11:42',0,'Neuer Auftrag zum Kunden per YES System angelegt.',4999),(370,5020,1,'2018-08-10 16:18:26',0,'[pID 5] 1 Stk, wurden in Auftragsbearbeitung hinzugefügt.',4999),(371,5020,1,'2018-08-10 16:19:11',0,'Artikelname wurde in der Rechnungsbearbeitung von RESTPOSTEN 2) in Ersatzpumpe one für Seifenspender VIGOUR geändert',4999),(372,5020,1,'2018-08-10 16:19:32',0,'Artikelpreis wurde in der Auftragsbearbeitung von 0,00 in 29,75 geändert.',4999),(373,5020,1,'2018-08-10 16:23:51',0,'Dem Auftrag wurde die FiBu Nummer 50018 zugewiesen.',4999),(374,5020,1,'2018-08-10 16:24:04',1,'Rechnung per Email an hotel@ochsen-bad-saulgau.de versendet',4999),(375,5021,6,'2018-09-20 11:37:49',1,'CRON: Ebay-Auktion 173027817655 als Bestellung angelegt. Paypal Transaction ID: 6H276755C9835464B',0),(376,5022,6,'2018-11-07 19:11:10',1,'CRON: Ebay-Auktion 173027778332 als Bestellung angelegt. Paypal Transaction ID: 12B49324E7168783H',0),(377,5023,6,'2018-11-23 09:08:39',1,'CRON: Ebay-Auktion 173027803358 als Bestellung angelegt. Paypal Transaction ID: 3KH87877XK295613S',0),(378,5024,1,'2018-11-27 00:54:20',1,'Bestellung Webshop per paypal',0),(379,5024,1,'2018-11-27 00:54:23',0,'',0),(380,5024,6,'2018-11-27 00:54:32',0,'PayPal IPN Completed 138.59EUR\n Rene Wettinger weisser-neger@t-online.de is verified.\nTotal=138.59EUR\n Payment=instant\n Date=15:54:23 Nov 26, 2018 PST\n ID=6HY654699G330701L',0),(381,5024,6,'2018-11-28 07:08:00',0,'Lieferschein ausgedruckt',4999),(382,5023,6,'2018-11-28 07:08:25',0,'Lieferschein ausgedruckt',4999),(383,5025,6,'2018-12-03 10:37:20',1,'CRON: Ebay-Auktion 173027778800 als Bestellung angelegt. Paypal Transaction ID: 4JC37869W99089819',0),(384,5024,3,'2018-12-03 12:00:09',0,'Ware ging über GLS in den Versand.',4999),(385,5024,3,'2018-12-03 12:00:09',0,'Mit Versandabschluss wurde automatisch die FiBu Nummer 50019 vergeben.',4999),(386,5024,3,'2018-12-03 12:00:47',0,'shipping mail sent',4999),(387,5024,3,'2018-12-03 14:37:45',0,'GLS Tracking ID: 56229254541',4999),(388,5024,3,'2018-12-03 14:37:45',0,'Es wurden folgende Versendercodes erzeugt: 56229254541',4999),(389,5026,1,'2018-12-10 12:13:25',1,'Bestellung Webshop per paypal',0),(390,5026,1,'2018-12-10 12:13:29',0,'',0),(391,5026,6,'2018-12-10 12:13:45',0,'PayPal IPN Completed 23.75EUR\n Ilka Rosenthal rilki@gmx.de is verified.\nTotal=23.75EUR\n Payment=instant\n Date=03:13:27 Dec 10, 2018 PST\n ID=53T12940AU699093F',0),(392,5025,6,'2018-12-13 15:17:12',0,'Auftrag wurde per Quick Versand ins Versandmodul übergeben.',4999),(393,5026,6,'2018-12-13 15:17:44',0,'Auftrag wurde per Quick Versand ins Versandmodul übergeben.',4999),(394,5026,3,'2018-12-14 16:29:25',0,'Ware ging über GLS in den Versand.',4999),(395,5026,3,'2018-12-14 16:29:25',0,'Mit Versandabschluss wurde automatisch die FiBu Nummer 50020 vergeben.',4999),(396,5025,3,'2018-12-14 16:29:25',0,'Ware ging über GLS in den Versand.',4999),(397,5025,3,'2018-12-14 16:29:25',0,'Mit Versandabschluss wurde automatisch die FiBu Nummer 50021 vergeben.',4999),(398,5025,3,'2018-12-14 16:33:09',0,'GLS Tracking ID: 56229288493',4999),(399,5025,3,'2018-12-14 16:33:09',0,'Es wurden folgende Versendercodes erzeugt: 56229288493',4999),(400,5026,3,'2018-12-14 16:33:09',0,'GLS Tracking ID: 56229283688',4999),(401,5026,3,'2018-12-14 16:33:09',0,'Es wurden folgende Versendercodes erzeugt: 56229283688',4999),(402,5025,3,'2018-12-14 16:34:19',0,'shipping mail sent',4999),(403,5026,3,'2018-12-14 16:34:19',0,'shipping mail sent',4999),(404,5025,3,'2018-12-14 16:34:53',0,'ebay completesales sent',4999),(405,5025,3,'2018-12-14 16:39:07',1,'Rechnung per Email an thandor358@web.de versendet',1),(406,5026,3,'2018-12-14 16:39:30',1,'Rechnung per Email an rilki@gmx.de versendet',1),(407,5027,1,'2018-12-15 15:07:46',0,'Neuer Auftrag zum Kunden per YES System angelegt.',4999);

--
-- Table structure for table `orders_total`
--

CREATE TABLE `orders_total` (
  `orders_total_id` int(10) unsigned NOT NULL AUTO_INCREMENT,
  `orders_id` int(11) NOT NULL DEFAULT '0',
  `title` varchar(255) CHARACTER SET latin1 COLLATE latin1_general_ci NOT NULL DEFAULT '',
  `text` varchar(255) CHARACTER SET latin1 COLLATE latin1_general_ci NOT NULL DEFAULT '',
  `value` decimal(15,4) NOT NULL DEFAULT '0.0000',
  `class` varchar(32) CHARACTER SET latin1 COLLATE latin1_general_ci NOT NULL DEFAULT '',
  `sort_order` int(11) NOT NULL DEFAULT '0',
  `tax_rate_percent` float NOT NULL,
  PRIMARY KEY (`orders_total_id`),
  KEY `orders_id` (`orders_id`),
  KEY `class` (`class`)
) ENGINE=MyISAM AUTO_INCREMENT=228 DEFAULT CHARSET=utf8;

--
-- Dumping data for table `orders_total`
--

INSERT INTO `orders_total` (`orders_total_id`, `orders_id`, `title`, `text`, `value`, `class`, `sort_order`, `tax_rate_percent`) VALUES (1,1,'YES Versandmodul (Versand nach DE):',' 5,90 EUR',5.9024,'ot_shipping',30,0),(2,1,'inkl. UST 19%:',' 1,50 EUR',1.5012,'ot_tax',50,0),(3,1,'<b>Summe</b>:','<b> 9,40 EUR</b>',9.4024,'ot_total',99,0),(4,2,'YES Versandmodul (Versand nach DE):',' 23,61 EUR',23.6096,'ot_shipping',30,0),(5,2,'inkl. UST 19%:',' 4,89 EUR',4.8873,'ot_tax',50,0),(6,2,'<b>Summe</b>:','<b> 30,61 EUR</b>',30.6097,'ot_total',99,0),(7,3,'YES Versandmodul (Versand nach DE):',' 11,80 EUR',11.8048,'ot_shipping',30,0),(10,3,'Rabatt',' 5,00 EUR',5.0000,'ot_payment_fee',41,0),(9,3,'<b>Summe</b>:','16,80 EUR',16.8048,'ot_total',99,0),(11,4,'YES Versandmodul (Versand nach DE):',' 5,90 EUR',5.9024,'ot_shipping',30,0),(14,5,'Zwischensumme:',' 30,00 EUR',30.0000,'ot_subtotal',10,0),(13,4,'<b>Summe</b>:','5,90 EUR',5.9024,'ot_total',99,0),(15,5,'YES Versandmodul (Versand nach DE):',' 5,90 EUR',5.9024,'ot_shipping',30,0),(17,5,'<b>Summe</b>:','35,90 EUR',35.9024,'ot_total',99,0),(18,6,'Zwischensumme:',' 10,00 EUR',10.0000,'ot_subtotal',10,0),(19,6,'YES Versandmodul (Versand nach DE):',' 5,90 EUR',5.9024,'ot_shipping',30,0),(20,6,'inkl. UST 19%:',' 2,54 EUR',2.5390,'ot_tax',50,0),(21,6,'<b>Summe</b>:','<b> 15,90 EUR</b>',15.9024,'ot_total',99,0),(22,7,'Zwischensumme:',' 5,00 EUR',5.0000,'ot_subtotal',10,0),(23,7,'YES Versandmodul (Versand nach DE):',' 5,90 EUR',5.9024,'ot_shipping',30,0),(24,7,'inkl. UST 19%:',' 1,74 EUR',1.7407,'ot_tax',50,0),(25,7,'<b>Summe</b>:','<b> 10,90 EUR</b>',10.9024,'ot_total',99,0),(26,8,'Zwischensumme:',' 20,00 EUR',20.0000,'ot_subtotal',10,0),(27,8,'Versand (nach DE):',' 5,90 EUR',5.9024,'ot_shipping',30,0),(29,8,'<b>Summe</b>:','25,90 EUR',25.9024,'ot_total',99,0),(30,9,'Zwischensumme:',' 2.115,00 EUR',2114.9996,'ot_subtotal',10,0),(31,9,'Versand (nach DE (73,00 kg)):',' 5,90 EUR',5.9024,'ot_shipping',30,0),(32,9,'inkl. UST 19%:',' 338,63 EUR',338.6314,'ot_tax',50,0),(33,9,'<b>Summe</b>:','<b> 2.120,90 EUR</b>',2120.9020,'ot_total',99,0),(34,10,'Zwischensumme:',' 5,00 EUR',5.0000,'ot_subtotal',10,0),(35,10,'Versand (nach DE (5,00 kg)):',' 7,74 EUR',7.7350,'ot_shipping',30,0),(36,10,'inkl. UST 19%:',' 2,03 EUR',2.0333,'ot_tax',50,0),(37,10,'<b>Summe</b>:','<b> 12,74 EUR</b>',12.7350,'ot_total',99,0),(38,11,'<b>Summe</b>:','0',0.0000,'ot_total',99,0),(39,11,'Zwischensumme:','0',0.0000,'ot_subtotal',10,0),(40,12,'Zwischensumme:',' 275,00 EUR',274.9998,'ot_subtotal',10,0),(44,13,'Zwischensumme:',' 232,00 EUR',231.9999,'ot_subtotal',10,0),(42,12,'inkl. UST 19%:',' 49,42 EUR',49.4175,'ot_tax',50,0),(43,12,'<b>Summe</b>:','<b>275,00 EUR</b>',274.9998,'ot_total',99,0),(45,13,'Versand (nach DE (20,00 kg)):',' 7,74 EUR',7.7350,'ot_shipping',30,0),(46,13,'inkl. UST 19%:',' 38,28 EUR',38.2770,'ot_tax',50,0),(47,13,'<b>Summe</b>:','<b> 239,73 EUR</b>',239.7349,'ot_total',99,0),(48,14,'Zwischensumme:',' 33,00 EUR',33.0000,'ot_subtotal',10,0),(49,14,'Versand (nach DE):',' 5,90 EUR',5.9024,'ot_shipping',30,0),(51,14,'<b>Summe</b>:','38,90 EUR',38.9024,'ot_total',99,0),(52,15,'<b>Summe</b>:','37,73 EUR',37.7349,'ot_total',99,0),(53,15,'Zwischensumme:',' 30,00 EUR',29.9999,'ot_subtotal',10,0),(56,15,'UST 19%','6,02 EUR',6.0249,'ot_tax',50,0),(55,15,'Versand (nach DE)','7,74 EUR',7.7350,'ot_shipping',30,0),(57,16,'Zwischensumme:',' 235,00 EUR',235.0000,'ot_subtotal',10,0),(58,16,'Versand (nach DE):',' 7,74 EUR',7.7350,'ot_shipping',30,0),(61,16,'UST 19%','38,76 EUR',38.7561,'ot_tax',50,0),(60,16,'<b>Summe</b>:','242,74 EUR',242.7350,'ot_total',99,0),(62,17,'<b>Summe</b>:','0,00 EUR',0.0000,'ot_total',99,0),(63,17,'Zwischensumme:',' 0,00 EUR',0.0000,'ot_subtotal',10,0),(64,18,'<b>Summe, netto</b>:','38,71 EUR',38.7100,'ot_total',99,0),(65,18,'Zwischensumme:',' 25,21 EUR',25.2100,'ot_subtotal',10,0),(66,18,'Versand (nach SE)','13,50 EUR',13.5000,'ot_shipping',30,0),(67,19,'Zwischensumme:',' 31,00 EUR',31.0000,'ot_subtotal',10,0),(68,19,'Versand (nach DE):',' 5,90 EUR',5.9024,'ot_shipping',30,19),(69,19,'inkl. UST 19%:',' 5,89 EUR',5.8920,'ot_tax',50,19),(70,19,'<b>Summe</b>:','<b> 36,90 EUR</b>',36.9024,'ot_total',99,0),(71,20,'Zwischensumme:',' 15,00 EUR',15.0001,'ot_subtotal',10,0),(72,20,'Versand (nach DE):',' 17,79 EUR',17.7905,'ot_shipping',30,19),(73,20,'inkl. UST 19%:',' 5,24 EUR',5.2355,'ot_tax',50,19),(74,20,'<b>Summe</b>:','<b> 32,79 EUR</b>',32.7906,'ot_total',99,0),(75,21,'Zwischensumme:',' 52,00 EUR',52.0000,'ot_subtotal',10,0),(76,21,'Versand (nach DE):',' 7,74 EUR',7.7350,'ot_shipping',30,19),(77,21,'inkl. UST 19%:',' 9,54 EUR',9.5375,'ot_tax',50,19),(78,21,'<b>Summe</b>:','<b> 59,74 EUR</b>',59.7350,'ot_total',99,0),(79,22,'<b>Summe</b>:','0',0.0000,'ot_total',99,0),(80,22,'Zwischensumme:','0',0.0000,'ot_subtotal',10,0),(81,5000,'Zwischensumme','70,81 EUR',70.8100,'ot_subtotal',10,0),(82,5000,'Versandkosten Ebay','0,00 EUR',0.0000,'ot_shipping',30,19),(83,5000,'inkl. UST 19%','11,31 EUR',11.3058,'ot_tax',50,19),(84,5000,'<b>Gesamtsumme</b>','70,81 EUR',70.8100,'ot_total',99,0),(85,5001,'Zwischensumme','67,83 EUR',67.8300,'ot_subtotal',10,0),(86,5001,'Versandkosten Ebay','0,00 EUR',0.0000,'ot_shipping',30,19),(87,5001,'inkl. UST 19%','10,83 EUR',10.8300,'ot_tax',50,19),(88,5001,'<b>Gesamtsumme</b>','67,83 EUR',67.8300,'ot_total',99,0),(89,5002,'Zwischensumme','59,99 EUR',59.9900,'ot_subtotal',10,0),(90,5002,'Versandkosten Ebay','0,00 EUR',0.0000,'ot_shipping',30,19),(91,5002,'inkl. UST 19%','9,58 EUR',9.5782,'ot_tax',50,19),(92,5002,'<b>Gesamtsumme</b>','59,99 EUR',59.9900,'ot_total',99,0),(93,5003,'Zwischensumme','44,49 EUR',44.4900,'ot_subtotal',10,0),(94,5003,'Versandkosten Ebay','0,00 EUR',0.0000,'ot_shipping',30,19),(95,5003,'inkl. UST 19%','7,10 EUR',7.1034,'ot_tax',50,19),(96,5003,'<b>Gesamtsumme</b>','44,49 EUR',44.4900,'ot_total',99,0),(97,5004,'Zwischensumme:',' 341,53 EUR',341.5300,'ot_subtotal',10,0),(98,5004,'Versand (nach DE):',' 5,90 EUR',5.9024,'ot_shipping',30,19),(99,5004,'inkl. UST 19%:',' 55,47 EUR',55.4724,'ot_tax',50,19),(100,5004,'<b>Summe</b>:','<b> 347,43 EUR</b>',347.4324,'ot_total',99,0),(101,5005,'Zwischensumme','64,62 EUR',64.6200,'ot_subtotal',10,0),(102,5005,'Versandkosten Ebay','0,00 EUR',0.0000,'ot_shipping',30,19),(103,5005,'inkl. UST 19%','10,32 EUR',10.3175,'ot_tax',50,19),(104,5005,'<b>Gesamtsumme</b>','64,62 EUR',64.6200,'ot_total',99,0),(105,5006,'Zwischensumme','44,03 EUR',44.0300,'ot_subtotal',10,0),(106,5006,'Versandkosten Ebay','0,00 EUR',0.0000,'ot_shipping',30,19),(107,5006,'inkl. UST 19%','7,03 EUR',7.0300,'ot_tax',50,19),(108,5006,'<b>Gesamtsumme</b>','44,03 EUR',44.0300,'ot_total',99,0),(109,5007,'Zwischensumme','24,99 EUR',24.9900,'ot_subtotal',10,0),(110,5007,'Versandkosten Ebay','0,00 EUR',0.0000,'ot_shipping',30,19),(111,5007,'inkl. UST 19%','3,99 EUR',3.9900,'ot_tax',50,19),(112,5007,'<b>Gesamtsumme</b>','24,99 EUR',24.9900,'ot_total',99,0),(113,5008,'Zwischensumme','20,71 EUR',20.7100,'ot_subtotal',10,0),(114,5008,'Versandkosten Ebay','0,00 EUR',0.0000,'ot_shipping',30,19),(115,5008,'inkl. UST 19%','3,31 EUR',3.3066,'ot_tax',50,19),(116,5008,'<b>Gesamtsumme</b>','20,71 EUR',20.7100,'ot_total',99,0),(117,5009,'Zwischensumme:',' 74,85 EUR',74.8500,'ot_subtotal',10,0),(118,5009,'Versand (nach DE):',' 5,90 EUR',5.9024,'ot_shipping',30,19),(119,5009,'inkl. UST 19%:',' 12,89 EUR',12.8932,'ot_tax',50,19),(120,5009,'<b>Summe</b>:','<b> 80,75 EUR</b>',80.7524,'ot_total',99,0),(121,5010,'Zwischensumme:',' 67,47 EUR',67.4700,'ot_subtotal',10,0),(122,5010,'Versand (nach DE):',' 5,90 EUR',5.9024,'ot_shipping',30,19),(123,5010,'inkl. UST 19%:',' 11,71 EUR',11.7149,'ot_tax',50,19),(124,5010,'<b>Summe</b>:','<b> 73,37 EUR</b>',73.3724,'ot_total',99,0),(125,5011,'Zwischensumme','69,99 EUR',69.9900,'ot_subtotal',10,0),(126,5011,'Versandkosten Ebay','0,00 EUR',0.0000,'ot_shipping',30,19),(127,5011,'inkl. UST 19%','11,17 EUR',11.1749,'ot_tax',50,19),(128,5011,'<b>Gesamtsumme</b>','69,99 EUR',69.9900,'ot_total',99,0),(129,5012,'Zwischensumme','29,99 EUR',29.9900,'ot_subtotal',10,0),(130,5012,'Versandkosten Ebay','0,00 EUR',0.0000,'ot_shipping',30,19),(131,5012,'inkl. UST 19%','4,79 EUR',4.7883,'ot_tax',50,19),(132,5012,'<b>Gesamtsumme</b>','29,99 EUR',29.9900,'ot_total',99,0),(133,5013,'Zwischensumme','17,85 EUR',17.8500,'ot_subtotal',10,0),(134,5013,'Versandkosten Ebay','0,00 EUR',0.0000,'ot_shipping',30,19),(135,5013,'inkl. UST 19%','2,85 EUR',2.8500,'ot_tax',50,19),(136,5013,'<b>Gesamtsumme</b>','17,85 EUR',17.8500,'ot_total',99,0),(137,5014,'Zwischensumme','86,75 EUR',86.7500,'ot_subtotal',10,0),(138,5014,'Versandkosten Ebay','0,00 EUR',0.0000,'ot_shipping',30,19),(139,5014,'inkl. UST 19%','13,85 EUR',13.8508,'ot_tax',50,19),(140,5014,'<b>Gesamtsumme</b>','86,75 EUR',86.7500,'ot_total',99,0),(141,5015,'<b>Summe</b>:','0',0.0000,'ot_total',99,0),(142,5015,'Zwischensumme:','0',0.0000,'ot_subtotal',10,0),(143,5016,'<b>Summe</b>:','6.783,00 EUR',6783.0000,'ot_total',99,0),(144,5016,'Zwischensumme:',' 7.818,00 EUR',7818.0000,'ot_subtotal',10,0),(145,5017,'<b>Summe</b>:','0',0.0000,'ot_total',99,0),(146,5017,'Zwischensumme:','0',0.0000,'ot_subtotal',10,0),(188,5016,'UST 19%',' 1.083,00 EUR',1083.0000,'ot_tax',50,19),(187,5016,'Rabatt 1035',' -1.035,00 EUR',-1035.0000,'ot_discount',20,0),(189,5018,'Zwischensumme:',' 869,00 EUR',869.0000,'ot_subtotal',10,0),(190,5018,'Versand (nach DE):',' 5,90 EUR',5.9024,'ot_shipping',30,19),(191,5018,'inkl. UST 19%:',' 139,69 EUR',139.6903,'ot_tax',50,19),(192,5018,'<b>Summe</b>:','<b> 874,90 EUR</b>',874.9024,'ot_total',99,0),(193,5019,'Zwischensumme','440,30 EUR',440.3000,'ot_subtotal',10,0),(194,5019,'Versandkosten Ebay','0,00 EUR',0.0000,'ot_shipping',30,19),(195,5019,'inkl. UST 19%','70,30 EUR',70.3000,'ot_tax',50,19),(196,5019,'<b>Gesamtsumme</b>','440,30 EUR',440.3000,'ot_total',99,0),(197,5020,'<b>Summe</b>:','29,75 EUR',29.7500,'ot_total',99,0),(198,5020,'Zwischensumme:',' 29,75 EUR',29.7500,'ot_subtotal',10,0),(201,5020,'UST 19%','4,75 EUR',4.7500,'ot_tax',50,19),(202,5021,'Zwischensumme','55,99 EUR',55.9900,'ot_subtotal',10,0),(203,5021,'Versandkosten Ebay','0,00 EUR',0.0000,'ot_shipping',30,19),(204,5021,'inkl. UST 19%','8,94 EUR',8.9396,'ot_tax',50,19),(205,5021,'<b>Gesamtsumme</b>','55,99 EUR',55.9900,'ot_total',99,0),(206,5022,'Zwischensumme','7,97 EUR',7.9700,'ot_subtotal',10,0),(207,5022,'Versandkosten Ebay','0,00 EUR',0.0000,'ot_shipping',30,19),(208,5022,'inkl. UST 19%','1,27 EUR',1.2725,'ot_tax',50,19),(209,5022,'<b>Gesamtsumme</b>','7,97 EUR',7.9700,'ot_total',99,0),(210,5023,'Zwischensumme','560,49 EUR',560.4900,'ot_subtotal',10,0),(211,5023,'Versandkosten Ebay','0,00 EUR',0.0000,'ot_shipping',30,19),(212,5023,'inkl. UST 19%','89,49 EUR',89.4900,'ot_tax',50,19),(213,5023,'<b>Gesamtsumme</b>','560,49 EUR',560.4900,'ot_total',99,0),(214,5024,'Zwischensumme:',' 132,69 EUR',132.6900,'ot_subtotal',10,0),(215,5024,'Versand (nach DE):',' 5,90 EUR',5.9024,'ot_shipping',30,19),(216,5024,'inkl. UST 19%:',' 22,13 EUR',22.1282,'ot_tax',50,19),(217,5024,'<b>Summe</b>:','<b> 138,59 EUR</b>',138.5924,'ot_total',99,0),(218,5025,'Zwischensumme','39,15 EUR',39.1500,'ot_subtotal',10,0),(219,5025,'Versandkosten Ebay','0,00 EUR',0.0000,'ot_shipping',30,19),(220,5025,'inkl. UST 19%','6,25 EUR',6.2508,'ot_tax',50,19),(221,5025,'<b>Gesamtsumme</b>','39,15 EUR',39.1500,'ot_total',99,0),(222,5026,'Zwischensumme:',' 17,85 EUR',17.8500,'ot_subtotal',10,0),(223,5026,'Versand (nach DE):',' 5,90 EUR',5.9024,'ot_shipping',30,19),(224,5026,'inkl. UST 19%:',' 3,79 EUR',3.7924,'ot_tax',50,19),(225,5026,'<b>Summe</b>:','<b> 23,75 EUR</b>',23.7524,'ot_total',99,0),(226,5027,'<b>Summe</b>:','0',0.0000,'ot_total',99,0),(227,5027,'Zwischensumme:','0',0.0000,'ot_subtotal',10,0);

--
-- Table structure for table `otc`
--

CREATE TABLE `otc` (
  `otc_id` int(11) NOT NULL AUTO_INCREMENT,
  `orders_id` int(11) NOT NULL DEFAULT '0',
  `date_saved` datetime NOT NULL DEFAULT '0000-00-00 00:00:00',
  `editor_id` int(11) NOT NULL DEFAULT '0',
  `branches_id` int(11) NOT NULL DEFAULT '0',
  `reclamations_id` int(11) NOT NULL,
  PRIMARY KEY (`otc_id`),
  KEY `orders_id` (`orders_id`),
  KEY `reclamations_id` (`reclamations_id`)
) ENGINE=MyISAM AUTO_INCREMENT=2 DEFAULT CHARSET=utf8;

--
-- Dumping data for table `otc`
--

INSERT INTO `otc` (`otc_id`, `orders_id`, `date_saved`, `editor_id`, `branches_id`, `reclamations_id`) VALUES (1,13,'2010-03-25 22:10:32',1,0,0);

--
-- Table structure for table `packages_calc`
--

CREATE TABLE `packages_calc` (
  `id` int(11) NOT NULL AUTO_INCREMENT,
  `orders_id` varchar(100) CHARACTER SET latin1 COLLATE latin1_general_ci NOT NULL DEFAULT '',
  `reclamations_id` int(11) NOT NULL DEFAULT '0',
  `lfd` varchar(25) CHARACTER SET latin1 COLLATE latin1_general_ci NOT NULL DEFAULT '0',
  `name2` varchar(30) CHARACTER SET latin1 COLLATE latin1_general_ci NOT NULL DEFAULT '',
  `name3` varchar(30) CHARACTER SET latin1 COLLATE latin1_general_ci NOT NULL DEFAULT '',
  `name1` varchar(30) CHARACTER SET latin1 COLLATE latin1_general_ci NOT NULL DEFAULT '',
  `sammelbestellung` enum('n','y') CHARACTER SET latin1 COLLATE latin1_general_ci NOT NULL DEFAULT 'n',
  `packages_nr` int(11) NOT NULL DEFAULT '0',
  `strasse` varchar(128) CHARACTER SET latin1 COLLATE latin1_general_ci NOT NULL DEFAULT '',
  `plz` varchar(10) NOT NULL,
  `unique_key` varchar(32) CHARACTER SET latin1 COLLATE latin1_general_ci NOT NULL DEFAULT '',
  `ort` varchar(30) CHARACTER SET latin1 COLLATE latin1_general_ci NOT NULL DEFAULT '',
  `versandart` varchar(10) CHARACTER SET latin1 COLLATE latin1_general_ci NOT NULL DEFAULT '',
  `telefon` varchar(30) CHARACTER SET latin1 COLLATE latin1_general_ci NOT NULL DEFAULT '',
  `absendernummer` varchar(100) CHARACTER SET latin1 COLLATE latin1_general_ci NOT NULL DEFAULT '',
  `betrag` varchar(100) CHARACTER SET latin1 COLLATE latin1_general_ci NOT NULL DEFAULT '',
  `versandtitel1` varchar(30) CHARACTER SET latin1 COLLATE latin1_general_ci NOT NULL DEFAULT '',
  `versandtitel2` varchar(62) CHARACTER SET latin1 COLLATE latin1_general_ci NOT NULL DEFAULT '',
  `weight` varchar(4) CHARACTER SET latin1 COLLATE latin1_general_ci NOT NULL DEFAULT '50',
  `unknown2` varchar(43) CHARACTER SET latin1 COLLATE latin1_general_ci NOT NULL DEFAULT '',
  `status` int(11) NOT NULL DEFAULT '0',
  `date_saved` datetime NOT NULL DEFAULT '0000-00-00 00:00:00',
  `land` char(3) CHARACTER SET latin1 COLLATE latin1_general_ci NOT NULL DEFAULT '',
  `sort_order` int(11) NOT NULL DEFAULT '0',
  `cod` int(1) NOT NULL DEFAULT '0',
  `email` varchar(255) NOT NULL,
  PRIMARY KEY (`id`),
  KEY `orders_id` (`orders_id`),
  KEY `reclamations_id` (`reclamations_id`)
) ENGINE=MyISAM AUTO_INCREMENT=18 DEFAULT CHARSET=utf8;

--
-- Dumping data for table `packages_calc`
--

INSERT INTO `packages_calc` (`id`, `orders_id`, `reclamations_id`, `lfd`, `name2`, `name3`, `name1`, `sammelbestellung`, `packages_nr`, `strasse`, `plz`, `unique_key`, `ort`, `versandart`, `telefon`, `absendernummer`, `betrag`, `versandtitel1`, `versandtitel2`, `weight`, `unknown2`, `status`, `date_saved`, `land`, `sort_order`, `cod`, `email`) VALUES (1,'5001',0,'1729703715767825500053001','','','Carolin Schulz','n',1,'Wiesenweg 4','96479','1','Weitramsdorf','','01607246347','','6783','RE-NR: 5001 172970371','1x Seifenspender oneKunstglas klar VIGOUR','0','A: ONSSPK pID: 352 E: 172970371576',2,'2017-12-08 11:46:53','DE',0,0,'carolinschulzneundorf@gmail.com'),(2,'5000',0,'1729704346967848420053001','','','Uhlmann Marco','n',1,'Friedhofstraße 2','86420','2','Diedorf','','015128183265','','7081','RE-NR: 5000 172970434','1x Waschtisch one 60 x 45cm weiß VIGOUR','0','A: ON60 pID: 412 E: 172970434696',2,'2017-12-08 11:46:53','DE',1,0,'volleyballulli@hotmail.de'),(3,'5003',0,'1730278178972368920028001','','','Ralf Poelmann','n',1,'Johann-Strauß-Ring 31','26842','2','Ostrhauderfehn','','04952990327','','4449','RE-NR: 5003 173027817','1x coqon TSF55QEA2 Wandtaster 2-fachFormat 55 weiß','0','A: QTSF55QEA2N N pID: 226 E: 173027817897',2,'2018-01-10 18:39:28','DE',0,0,'mail@ralf-poelmann.de'),(4,'5009',0,'06070050099449980050001','Hotel Restaurant & Steakhaus O','','Christoph Stroppel','n',1,'Paradiesstr. 6','88348','3','Bad Saulgau','','','','8075','RE-NR: 5009','1x Seifenspender oneKristallglas klar VIGOUR','0','A: ONSSP pID: 351',2,'2018-06-07 12:05:50','DE',0,0,''),(5,'5005',0,'1730276613989473550050001','','','Guido Brabender','n',1,'Gräfenhohner Str. 23','53639','4','Königswinter','','','','6462','RE-NR: 5005 173027661','1x Waschtisch one 55 x 39cm weiß VIGOUR','0','A: ON55 pID: 413 E: 173027661398',2,'2018-06-07 12:05:50','DE',1,0,''),(6,'5006',0,'1730277808359495790050001','','','Hans Jürgen Weber','n',1,'Auf der Oes 4','35510','5','Butzbach','','','','4403','RE-NR: 5006 173027780','1x Brausegarnitur one m. Stange 90 cm,Schlauch u.Handbr.1-fach','0','A: ONBG901 pID: 265 E: 173027780835',2,'2018-06-07 12:05:50','DE',2,0,''),(7,'5008',0,'1730277805779518020050001','','','Johannes Metzger','n',1,'Alte Poststraße 28a','53721','6','Siegburg','','','','2071','RE-NR: 5008 173027780','1x Handbrause one verchromt1-fach m. Antikalksystem VIGOUR','0','A: ONHB1 pID: 354 E: 173027780577',2,'2018-06-07 12:05:50','DE',3,0,''),(8,'5007',0,'1730278167509540350050001','','','Rolf Neumann','n',1,'Freiheit 17 // Klärwerl Ruhleben / Betriebsleitung','13597','7','Berlin','','','','2499','RE-NR: 5007 173027816','1x coqon EBSKSQ001 Einbausender Kleinspann.1-Kanal','0','A: QEBSKSQ001N N pID: 198 E: 173027816750',2,'2018-06-07 12:05:50','DE',4,0,''),(9,'5010',0,'06070050109562680050001','','','Theo Giesen','n',1,'Bürgermeister-Singer-Str. 10','86825','8','Bad Wörishofen','','','','7337','RE-NR: 5010','1x Halbsäule zu Handwaschbecken one 35cmm. Befestigung weiß VI','0','A: ONHSH pID: 418',2,'2018-06-07 12:05:50','DE',5,0,''),(10,'5011',0,'1730278162758900910023001','','','Tim Körner','n',1,'Paula-Fürst-Str. 11','10317','9','Berlin','','','','6999','RE-NR: 5011 173027816','1x coqon FSENSZ01 Alarmkontakt z.Feuchtigkeitsüberwachung (Lec','0','A: QFSENSZ01NN pID: 182 E: 173027816275',2,'2018-06-11 10:08:23','DE',0,0,''),(11,'5012',0,'1730278176818926430023001','','','Tim Körner','n',1,'Paula-Fürst-Str. 11','10317','10','Berlin','','','','2999','RE-NR: 5012 173027817','1x coqon EBSUQ001 Einbausender 4-fach für externe Schalter ein','0','A: QEBSUQ001NN pID: 221 E: 173027817681',2,'2018-06-11 10:08:23','DE',1,0,''),(12,'5013',0,'1730277787101159360021001','','','Ilka Rosenthal','n',1,'Oderstraße 16','10247','10','Berlin','','','','1785','RE-NR: 5013 173027778','1x Handtuchhaken one 2tlg.B:60mm A:44mmverchromt VIGOUR','0','A: ONHA2 pID: 267 E: 173027778710',2,'2018-06-26 11:29:21','DE',0,0,''),(13,'5018',0,'08010050182353530042001','','','Hermann Probst','n',1,'Ibach 1','88263','11','Horgenzell','','','','87490','RE-NR: 5018','1x Ölbrenner WL5/1-B mit Stellantrieb, 21,5-40 kW','0','A: 24105120 pID: 180',2,'2018-08-01 07:49:42','DE',0,0,''),(14,'5019',0,'1730278036695505800046001','','','Beatrice Blumenroth','n',1,'Peter-Klein-Str.27','53117','12','Bonn','','','','44030','RE-NR: 5019 173027803','1x WT-Unterscrank one WVMF080800x500x480 Weiss Hochglanz VIGOU','0','A: ONWVMF080 pID: 387 E: 173027803669',2,'2018-08-09 07:57:46','DE',0,0,''),(15,'5024',0,'12030050249908590006001','','','Natalie Wettinger','n',1,'Schulgasse 10','92637','13','Weiden','','','','13859','RE-NR: 5024','1x Wand-Tiefspül-WC one weiß VIGOUR','0','A: ONWWC pID: 405',2,'2018-12-03 12:00:06','DE',0,0,''),(16,'5026',0,'12140050264581480021001','Herbert und Kohlmeyer Immobili','','Ilka Rosenthal','n',1,'Lychener Straße // 2','10437','14','Berlin','','','','2375','RE-NR: 5026','1x Handtuchhaken one 2tlg.B:60mm A:44mmverchromt VIGOUR','0','A: ONHA2 pID: 267',2,'2018-12-14 16:29:21','DE',0,0,''),(17,'5025',0,'1730277788004599910021001','','','Jens Rommelfanger','n',1,'Trierer Str. 10a // ITA Rommelfanger GmbH','54314','15','Zerf','','','','3915','RE-NR: 5025 173027778','1x Eck-Schwammkorb one B:250mm T:172mmH:61mm verchromt VIGOUR','0','A: ONESWK pID: 242 E: 173027778800',2,'2018-12-14 16:29:21','DE',1,0,'');

--
-- Table structure for table `packages_calc_UPS`
--

CREATE TABLE `packages_calc_UPS` (
  `packages_calc_ups_id` int(11) NOT NULL AUTO_INCREMENT,
  `orders_id` int(11) NOT NULL,
  `reclamations_id` int(11) NOT NULL,
  `status` int(1) NOT NULL,
  `sort_order` int(11) NOT NULL,
  `name` varchar(64) NOT NULL,
  `ansprechpartner` varchar(64) NOT NULL,
  `strasse` varchar(64) NOT NULL,
  `adresszusatz2` varchar(64) NOT NULL,
  `ort` varchar(64) NOT NULL,
  `plz` varchar(10) NOT NULL,
  `land` varchar(2) NOT NULL,
  `telefon` varchar(32) NOT NULL,
  `ups_kunden_nummer` varchar(32) NOT NULL,
  `upsservice` varchar(3) NOT NULL,
  `frankatur` varchar(3) NOT NULL,
  `verpackung` varchar(3) NOT NULL,
  `paketanzahl` int(1) NOT NULL,
  `sendungsgewicht` float NOT NULL,
  `warenbeschreibung` varchar(64) NOT NULL,
  `referenz1` varchar(64) NOT NULL,
  `referenz2` varchar(64) NOT NULL,
  `emailadresse` varchar(128) NOT NULL,
  `real_weight` float NOT NULL,
  PRIMARY KEY (`packages_calc_ups_id`)
) ENGINE=MyISAM DEFAULT CHARSET=latin1;

--
-- Dumping data for table `packages_calc_UPS`
--


--
-- Table structure for table `packages_calc_dpd`
--

CREATE TABLE `packages_calc_dpd` (
  `packages_calc_dpd` int(11) NOT NULL AUTO_INCREMENT,
  `packages` int(11) NOT NULL DEFAULT '0',
  `order_string` varchar(16) CHARACTER SET latin1 COLLATE latin1_german2_ci NOT NULL DEFAULT '',
  `company` varchar(128) CHARACTER SET latin1 COLLATE latin1_general_ci NOT NULL DEFAULT '',
  `name1` varchar(128) CHARACTER SET latin1 COLLATE latin1_general_ci NOT NULL DEFAULT '',
  `street` varchar(128) CHARACTER SET latin1 COLLATE latin1_general_ci NOT NULL DEFAULT '',
  `suburb` varchar(128) CHARACTER SET latin1 COLLATE latin1_general_ci NOT NULL DEFAULT '',
  `zipcode` varchar(10) NOT NULL,
  `city` varchar(128) CHARACTER SET latin1 COLLATE latin1_general_ci NOT NULL DEFAULT '',
  `country_iso2` char(2) CHARACTER SET latin1 COLLATE latin1_general_ci NOT NULL DEFAULT '',
  `weight` float NOT NULL DEFAULT '0',
  `customers_id` int(11) NOT NULL DEFAULT '0',
  `email` varchar(255) CHARACTER SET latin1 COLLATE latin1_general_ci NOT NULL DEFAULT '',
  `date_saved` datetime NOT NULL DEFAULT '0000-00-00 00:00:00',
  `sort_order` int(11) NOT NULL DEFAULT '0',
  `status` int(1) NOT NULL DEFAULT '0',
  PRIMARY KEY (`packages_calc_dpd`)
) ENGINE=MyISAM DEFAULT CHARSET=utf8;

--
-- Dumping data for table `packages_calc_dpd`
--


--
-- Table structure for table `packages_calc_easylog`
--

CREATE TABLE `packages_calc_easylog` (
  `packages_calc_easylog_id` int(11) NOT NULL AUTO_INCREMENT,
  `reference_number` varchar(20) NOT NULL,
  `sender_reference_number` varchar(20) NOT NULL,
  `verfahren` varchar(2) NOT NULL,
  `teilnahme` varchar(2) NOT NULL,
  `service` varchar(255) NOT NULL,
  `waehrung` varchar(3) NOT NULL,
  `name1` varchar(40) NOT NULL,
  `name2` varchar(40) NOT NULL,
  `name3` varchar(40) NOT NULL,
  `postcode` varchar(10) NOT NULL,
  `city` varchar(40) NOT NULL,
  `suburb` varchar(40) NOT NULL,
  `street` varchar(30) NOT NULL,
  `email` varchar(50) NOT NULL,
  `country` varchar(45) NOT NULL,
  `weight` varchar(255) NOT NULL,
  `packages` int(11) NOT NULL,
  `package_type` int(11) NOT NULL,
  `date_added` datetime NOT NULL,
  `kommentar` varchar(255) NOT NULL,
  `sort_order` int(11) NOT NULL,
  `product` varchar(5) NOT NULL,
  `telephone` varchar(64) NOT NULL,
  `real_weight` decimal(15,4) NOT NULL,
  PRIMARY KEY (`packages_calc_easylog_id`)
) ENGINE=MyISAM DEFAULT CHARSET=latin1;

--
-- Dumping data for table `packages_calc_easylog`
--


--
-- Table structure for table `packages_calc_fix`
--

CREATE TABLE `packages_calc_fix` (
  `id` int(11) NOT NULL AUTO_INCREMENT,
  `orders_id` varchar(100) CHARACTER SET latin1 COLLATE latin1_general_ci NOT NULL DEFAULT '',
  `lfd` varchar(25) CHARACTER SET latin1 COLLATE latin1_general_ci NOT NULL DEFAULT '0',
  `name2` varchar(30) CHARACTER SET latin1 COLLATE latin1_general_ci NOT NULL DEFAULT '',
  `name3` varchar(30) CHARACTER SET latin1 COLLATE latin1_general_ci NOT NULL DEFAULT '',
  `name1` varchar(30) CHARACTER SET latin1 COLLATE latin1_general_ci NOT NULL DEFAULT '',
  `sammelbestellung` enum('n','y') CHARACTER SET latin1 COLLATE latin1_general_ci NOT NULL DEFAULT 'n',
  `packages_nr` int(11) NOT NULL DEFAULT '0',
  `strasse` varchar(128) CHARACTER SET latin1 COLLATE latin1_general_ci NOT NULL DEFAULT '',
  `plz` varchar(10) NOT NULL,
  `unique_key` varchar(32) CHARACTER SET latin1 COLLATE latin1_general_ci NOT NULL DEFAULT '',
  `ort` varchar(30) CHARACTER SET latin1 COLLATE latin1_general_ci NOT NULL DEFAULT '',
  `versandart` varchar(10) CHARACTER SET latin1 COLLATE latin1_general_ci NOT NULL DEFAULT '',
  `telefon` varchar(30) CHARACTER SET latin1 COLLATE latin1_general_ci NOT NULL DEFAULT '',
  `absendernummer` varchar(100) CHARACTER SET latin1 COLLATE latin1_general_ci NOT NULL DEFAULT '',
  `betrag` varchar(100) CHARACTER SET latin1 COLLATE latin1_general_ci NOT NULL DEFAULT '',
  `versandtitel1` varchar(30) CHARACTER SET latin1 COLLATE latin1_general_ci NOT NULL DEFAULT '',
  `versandtitel2` varchar(62) CHARACTER SET latin1 COLLATE latin1_general_ci NOT NULL DEFAULT '',
  `weight` varchar(4) CHARACTER SET latin1 COLLATE latin1_general_ci NOT NULL DEFAULT '50',
  `unknown2` varchar(4) CHARACTER SET latin1 COLLATE latin1_general_ci NOT NULL DEFAULT '',
  `status` int(11) NOT NULL DEFAULT '0',
  `date_saved` datetime NOT NULL DEFAULT '0000-00-00 00:00:00',
  `land` char(3) CHARACTER SET latin1 COLLATE latin1_general_ci NOT NULL DEFAULT '',
  PRIMARY KEY (`id`)
) ENGINE=MyISAM DEFAULT CHARSET=utf8;

--
-- Dumping data for table `packages_calc_fix`
--


--
-- Table structure for table `packages_calc_hermesweb`
--

CREATE TABLE `packages_calc_hermesweb` (
  `packages_calc_hermesweb_id` int(11) NOT NULL AUTO_INCREMENT,
  `orders_id` int(11) NOT NULL DEFAULT '0',
  `reclamations_id` int(11) NOT NULL DEFAULT '0',
  `name1` varchar(20) CHARACTER SET latin1 COLLATE latin1_general_ci NOT NULL DEFAULT '',
  `name2` varchar(25) CHARACTER SET latin1 COLLATE latin1_general_ci NOT NULL DEFAULT '',
  `zusatz` varchar(20) CHARACTER SET latin1 COLLATE latin1_general_ci NOT NULL DEFAULT '',
  `strasse` varchar(27) CHARACTER SET latin1 COLLATE latin1_general_ci NOT NULL DEFAULT '',
  `plz` varchar(10) NOT NULL,
  `ort` varchar(25) CHARACTER SET latin1 COLLATE latin1_general_ci NOT NULL DEFAULT '',
  `email` varchar(80) CHARACTER SET latin1 COLLATE latin1_general_ci NOT NULL DEFAULT '',
  `sort_order` int(11) NOT NULL DEFAULT '0',
  `nummer` varchar(20) CHARACTER SET latin1 COLLATE latin1_general_ci NOT NULL DEFAULT '',
  `status` int(1) NOT NULL DEFAULT '0',
  PRIMARY KEY (`packages_calc_hermesweb_id`)
) ENGINE=MyISAM DEFAULT CHARSET=utf8;

--
-- Dumping data for table `packages_calc_hermesweb`
--


--
-- Table structure for table `packages_easytosend_calc`
--

CREATE TABLE `packages_easytosend_calc` (
  `id` int(11) NOT NULL AUTO_INCREMENT,
  `orders_id` varchar(100) NOT NULL DEFAULT '',
  `reclamations_id` int(11) NOT NULL DEFAULT '0',
  `lfd` varchar(25) NOT NULL DEFAULT '0',
  `name2` varchar(30) NOT NULL DEFAULT '',
  `name3` varchar(30) NOT NULL DEFAULT '',
  `name1` varchar(30) NOT NULL DEFAULT '',
  `sammelbestellung` enum('n','y') NOT NULL DEFAULT 'n',
  `packages_nr` int(11) NOT NULL DEFAULT '0',
  `strasse` varchar(128) NOT NULL DEFAULT '',
  `plz` varchar(10) NOT NULL,
  `unique_key` varchar(32) NOT NULL DEFAULT '',
  `ort` varchar(30) NOT NULL DEFAULT '',
  `versandart` varchar(10) NOT NULL DEFAULT '',
  `telefon` varchar(30) NOT NULL DEFAULT '',
  `absendernummer` varchar(100) NOT NULL DEFAULT '',
  `betrag` varchar(100) NOT NULL DEFAULT '',
  `versandtitel1` varchar(30) NOT NULL DEFAULT '',
  `versandtitel2` varchar(62) NOT NULL DEFAULT '',
  `weight` varchar(4) NOT NULL DEFAULT '50',
  `unknown2` varchar(4) NOT NULL DEFAULT '',
  `status` int(11) NOT NULL DEFAULT '0',
  `date_saved` datetime NOT NULL DEFAULT '0000-00-00 00:00:00',
  `land` char(3) NOT NULL DEFAULT '',
  `sort_order` int(11) NOT NULL DEFAULT '0',
  PRIMARY KEY (`id`),
  KEY `orders_id` (`orders_id`),
  KEY `reclamations_id` (`reclamations_id`)
) ENGINE=MyISAM DEFAULT CHARSET=utf8;

--
-- Dumping data for table `packages_easytosend_calc`
--


--
-- Table structure for table `packages_postpaket_calc`
--

CREATE TABLE `packages_postpaket_calc` (
  `id` int(11) NOT NULL AUTO_INCREMENT,
  `orders_id` varchar(100) NOT NULL DEFAULT '',
  `reclamations_id` int(11) NOT NULL DEFAULT '0',
  `lfd` varchar(25) NOT NULL DEFAULT '0',
  `name2` varchar(30) NOT NULL DEFAULT '',
  `name3` varchar(30) NOT NULL DEFAULT '',
  `name1` varchar(30) NOT NULL DEFAULT '',
  `sammelbestellung` enum('n','y') NOT NULL DEFAULT 'n',
  `packages_nr` int(11) NOT NULL DEFAULT '0',
  `strasse` varchar(128) NOT NULL DEFAULT '',
  `plz` varchar(10) NOT NULL,
  `unique_key` varchar(32) NOT NULL DEFAULT '',
  `ort` varchar(30) NOT NULL DEFAULT '',
  `versandart` varchar(10) NOT NULL DEFAULT '',
  `telefon` varchar(30) NOT NULL DEFAULT '',
  `absendernummer` varchar(100) NOT NULL DEFAULT '',
  `betrag` varchar(100) NOT NULL DEFAULT '',
  `versandtitel1` varchar(30) NOT NULL DEFAULT '',
  `versandtitel2` varchar(62) NOT NULL DEFAULT '',
  `weight` varchar(4) NOT NULL DEFAULT '50',
  `unknown2` varchar(4) NOT NULL DEFAULT '',
  `status` int(11) NOT NULL DEFAULT '0',
  `date_saved` datetime NOT NULL DEFAULT '0000-00-00 00:00:00',
  `land` varchar(3) NOT NULL DEFAULT '',
  `sort_order` int(11) NOT NULL DEFAULT '0',
  `email_address` varchar(255) NOT NULL,
  PRIMARY KEY (`id`),
  KEY `orders_id` (`orders_id`),
  KEY `reclamations_id` (`reclamations_id`)
) ENGINE=MyISAM DEFAULT CHARSET=utf8;

--
-- Dumping data for table `packages_postpaket_calc`
--


--
-- Table structure for table `packagings`
--

CREATE TABLE `packagings` (
  `packagings_id` int(11) NOT NULL AUTO_INCREMENT,
  `title` varchar(64) NOT NULL,
  `weight` decimal(15,4) NOT NULL,
  `date_added` datetime NOT NULL,
  PRIMARY KEY (`packagings_id`)
) ENGINE=InnoDB DEFAULT CHARSET=utf8;

--
-- Dumping data for table `packagings`
--


--
-- Table structure for table `pangora`
--

CREATE TABLE `pangora` (
  `id` int(11) NOT NULL AUTO_INCREMENT,
  `products_id` int(11) NOT NULL DEFAULT '0',
  `date_added` datetime NOT NULL DEFAULT '0000-00-00 00:00:00',
  `category` varchar(128) CHARACTER SET latin1 COLLATE latin1_general_ci NOT NULL DEFAULT '',
  `offer_id` varchar(64) CHARACTER SET latin1 COLLATE latin1_general_ci NOT NULL DEFAULT '',
  `products_name` varchar(255) CHARACTER SET latin1 COLLATE latin1_general_ci NOT NULL DEFAULT '',
  `brand` varchar(255) CHARACTER SET latin1 COLLATE latin1_general_ci NOT NULL DEFAULT '',
  `description` text CHARACTER SET latin1 COLLATE latin1_general_ci NOT NULL,
  `deeplink` varchar(255) CHARACTER SET latin1 COLLATE latin1_general_ci NOT NULL DEFAULT '',
  `imageurl` varchar(255) CHARACTER SET latin1 COLLATE latin1_general_ci NOT NULL DEFAULT '',
  `oldprices` varchar(25) CHARACTER SET latin1 COLLATE latin1_general_ci NOT NULL DEFAULT '',
  `promotiontext` varchar(25) CHARACTER SET latin1 COLLATE latin1_general_ci NOT NULL DEFAULT '',
  `prices` varchar(25) CHARACTER SET latin1 COLLATE latin1_general_ci NOT NULL DEFAULT '',
  `shipping` varchar(25) CHARACTER SET latin1 COLLATE latin1_general_ci NOT NULL DEFAULT '',
  `submitted` int(1) NOT NULL DEFAULT '0',
  PRIMARY KEY (`id`)
) ENGINE=MyISAM DEFAULT CHARSET=utf8;

--
-- Dumping data for table `pangora`
--


--
-- Table structure for table `payment_moneybookers`
--

CREATE TABLE `payment_moneybookers` (
  `mb_TRID` varchar(255) CHARACTER SET latin1 COLLATE latin1_general_ci NOT NULL DEFAULT '',
  `mb_ERRNO` smallint(3) unsigned NOT NULL DEFAULT '0',
  `mb_ERRTXT` varchar(255) CHARACTER SET latin1 COLLATE latin1_general_ci NOT NULL DEFAULT '',
  `mb_DATE` datetime NOT NULL DEFAULT '0000-00-00 00:00:00',
  `mb_MBTID` bigint(18) unsigned NOT NULL DEFAULT '0',
  `mb_STATUS` tinyint(1) NOT NULL DEFAULT '0',
  `mb_ORDERID` int(11) unsigned NOT NULL DEFAULT '0',
  PRIMARY KEY (`mb_TRID`)
) ENGINE=MyISAM DEFAULT CHARSET=utf8;

--
-- Dumping data for table `payment_moneybookers`
--


--
-- Table structure for table `payment_moneybookers_countries`
--

CREATE TABLE `payment_moneybookers_countries` (
  `osc_cID` int(11) NOT NULL DEFAULT '0',
  `mb_cID` char(3) CHARACTER SET latin1 COLLATE latin1_general_ci NOT NULL DEFAULT '',
  PRIMARY KEY (`osc_cID`)
) ENGINE=MyISAM DEFAULT CHARSET=utf8;

--
-- Dumping data for table `payment_moneybookers_countries`
--

INSERT INTO `payment_moneybookers_countries` (`osc_cID`, `mb_cID`) VALUES (2,'ALB'),(3,'ALG'),(4,'AME'),(5,'AND'),(6,'AGL'),(7,'ANG'),(9,'ANT'),(10,'ARG'),(11,'ARM'),(12,'ARU'),(13,'AUS'),(14,'AUT'),(15,'AZE'),(16,'BMS'),(17,'BAH'),(18,'BAN'),(19,'BAR'),(20,'BLR'),(21,'BGM'),(22,'BEL'),(23,'BEN'),(24,'BER'),(26,'BOL'),(27,'BOS'),(28,'BOT'),(30,'BRA'),(32,'BRU'),(33,'BUL'),(34,'BKF'),(35,'BUR'),(36,'CAM'),(37,'CMR'),(38,'CAN'),(39,'CAP'),(40,'CAY'),(41,'CEN'),(42,'CHA'),(43,'CHL'),(44,'CHN'),(47,'COL'),(49,'CON'),(51,'COS'),(52,'COT'),(53,'CRO'),(54,'CUB'),(55,'CYP'),(56,'CZE'),(57,'DEN'),(58,'DJI'),(59,'DOM'),(60,'DRP'),(62,'ECU'),(64,'EL_'),(65,'EQU'),(66,'ERI'),(67,'EST'),(68,'ETH'),(70,'FAR'),(71,'FIJ'),(72,'FIN'),(73,'FRA'),(75,'FRE'),(78,'GAB'),(79,'GAM'),(80,'GEO'),(81,'GER'),(82,'GHA'),(83,'GIB'),(84,'GRC'),(85,'GRL'),(87,'GDL'),(88,'GUM'),(89,'GUA'),(90,'GUI'),(91,'GBS'),(92,'GUY'),(93,'HAI'),(95,'HON'),(96,'HKG'),(97,'HUN'),(98,'ICE'),(99,'IND'),(101,'IRN'),(102,'IRA'),(103,'IRE'),(104,'ISR'),(105,'ITA'),(106,'JAM'),(107,'JAP'),(108,'JOR'),(109,'KAZ'),(110,'KEN'),(112,'SKO'),(113,'KOR'),(114,'KUW'),(115,'KYR'),(116,'LAO'),(117,'LAT'),(141,'MCO'),(119,'LES'),(120,'LIB'),(121,'LBY'),(122,'LIE'),(123,'LIT'),(124,'LUX'),(125,'MAC'),(126,'F.Y'),(127,'MAD'),(128,'MLW'),(129,'MLS'),(130,'MAL'),(131,'MLI'),(132,'MLT'),(134,'MAR'),(135,'MRT'),(136,'MAU'),(138,'MEX'),(140,'MOL'),(142,'MON'),(143,'MTT'),(144,'MOR'),(145,'MOZ'),(76,'PYF'),(147,'NAM'),(149,'NEP'),(150,'NED'),(151,'NET'),(152,'CDN'),(153,'NEW'),(154,'NIC'),(155,'NIG'),(69,'FLK'),(160,'NWY'),(161,'OMA'),(162,'PAK'),(164,'PAN'),(165,'PAP'),(166,'PAR'),(167,'PER'),(168,'PHI'),(170,'POL'),(171,'POR'),(172,'PUE'),(173,'QAT'),(175,'ROM'),(176,'RUS'),(177,'RWA'),(178,'SKN'),(179,'SLU'),(180,'ST.'),(181,'WES'),(182,'SAN'),(183,'SAO'),(184,'SAU'),(185,'SEN'),(186,'SEY'),(187,'SIE'),(188,'SIN'),(189,'SLO'),(190,'SLV'),(191,'SOL'),(192,'SOM'),(193,'SOU'),(195,'SPA'),(196,'SRI'),(199,'SUD'),(200,'SUR'),(202,'SWA'),(203,'SWE'),(204,'SWI'),(205,'SYR'),(206,'TWN'),(207,'TAJ'),(208,'TAN'),(209,'THA'),(210,'TOG'),(212,'TON'),(213,'TRI'),(214,'TUN'),(215,'TUR'),(216,'TKM'),(217,'TCI'),(219,'UGA'),(231,'BRI'),(221,'UAE'),(222,'GBR'),(223,'UNI'),(225,'URU'),(226,'UZB'),(227,'VAN'),(229,'VEN'),(230,'VIE'),(232,'US_'),(235,'YEM'),(236,'YUG'),(238,'ZAM'),(239,'ZIM');

--
-- Table structure for table `payment_moneybookers_currencies`
--

CREATE TABLE `payment_moneybookers_currencies` (
  `mb_currID` char(3) CHARACTER SET latin1 COLLATE latin1_general_ci NOT NULL DEFAULT '',
  `mb_currName` varchar(255) CHARACTER SET latin1 COLLATE latin1_general_ci NOT NULL DEFAULT '',
  PRIMARY KEY (`mb_currID`)
) ENGINE=MyISAM DEFAULT CHARSET=utf8;

--
-- Dumping data for table `payment_moneybookers_currencies`
--

INSERT INTO `payment_moneybookers_currencies` (`mb_currID`, `mb_currName`) VALUES ('AUD','Australian Dollar'),('BGN','Bulgarian Lev'),('CAD','Canadian Dollar'),('CHF','Swiss Franc'),('CZK','Czech Koruna'),('DKK','Danish Krone'),('EEK','Estonian Koruna'),('EUR','Euro'),('GBP','Pound Sterling'),('HKD','Hong Kong Dollar'),('HUF','Forint'),('ILS','Shekel'),('ISK','Iceland Krona'),('JPY','Yen'),('KRW','South-Korean Won'),('LVL','Latvian Lat'),('MYR','Malaysian Ringgit'),('NOK','Norwegian Krone'),('NZD','New Zealand Dollar'),('PLN','Zloty'),('SEK','Swedish Krona'),('SGD','Singapore Dollar'),('SKK','Slovak Koruna'),('THB','Baht'),('TWD','New Taiwan Dollar'),('USD','US Dollar');

--
-- Table structure for table `payment_orders`
--

CREATE TABLE `payment_orders` (
  `payment_order_id` int(11) NOT NULL AUTO_INCREMENT,
  `payment_id` int(11) NOT NULL DEFAULT '0',
  `orders_id` int(11) NOT NULL DEFAULT '0',
  `created` datetime NOT NULL DEFAULT '0000-00-00 00:00:00',
  PRIMARY KEY (`payment_order_id`),
  KEY `orders_id` (`orders_id`),
  KEY `payment_id` (`payment_id`)
) ENGINE=MyISAM AUTO_INCREMENT=5 DEFAULT CHARSET=utf8;

--
-- Dumping data for table `payment_orders`
--

INSERT INTO `payment_orders` (`payment_order_id`, `payment_id`, `orders_id`, `created`) VALUES (1,1,10,'2010-03-22 17:09:50'),(2,73,5004,'2018-01-31 07:50:07'),(3,74,5024,'2018-11-27 00:54:32'),(4,75,5026,'2018-12-10 12:13:45');

--
-- Table structure for table `payment_qenta`
--

CREATE TABLE `payment_qenta` (
  `q_TRID` varchar(255) CHARACTER SET latin1 COLLATE latin1_general_ci NOT NULL DEFAULT '',
  `q_DATE` datetime NOT NULL DEFAULT '0000-00-00 00:00:00',
  `q_QTID` bigint(18) unsigned NOT NULL DEFAULT '0',
  `q_ORDERDESC` varchar(255) CHARACTER SET latin1 COLLATE latin1_general_ci NOT NULL DEFAULT '',
  `q_STATUS` tinyint(1) NOT NULL DEFAULT '0',
  `q_ORDERID` int(11) unsigned NOT NULL DEFAULT '0',
  PRIMARY KEY (`q_TRID`)
) ENGINE=MyISAM DEFAULT CHARSET=utf8;

--
-- Dumping data for table `payment_qenta`
--


--
-- Table structure for table `paypal`
--

CREATE TABLE `paypal` (
  `paypal_ipn_id` int(11) unsigned NOT NULL AUTO_INCREMENT,
  `xtc_order_id` int(11) unsigned NOT NULL DEFAULT '0',
  `txn_type` varchar(32) NOT NULL DEFAULT '',
  `reason_code` varchar(15) DEFAULT NULL,
  `payment_type` varchar(7) NOT NULL DEFAULT '',
  `payment_status` varchar(17) NOT NULL DEFAULT '',
  `pending_reason` varchar(14) DEFAULT NULL,
  `invoice` varchar(64) DEFAULT NULL,
  `mc_currency` char(3) NOT NULL DEFAULT '',
  `first_name` varchar(32) NOT NULL DEFAULT '',
  `last_name` varchar(32) NOT NULL DEFAULT '',
  `payer_business_name` varchar(64) DEFAULT NULL,
  `address_name` varchar(32) DEFAULT NULL,
  `address_street` varchar(64) DEFAULT NULL,
  `address_city` varchar(32) DEFAULT NULL,
  `address_state` varchar(32) DEFAULT NULL,
  `address_zip` varchar(10) DEFAULT NULL,
  `address_country` varchar(64) DEFAULT NULL,
  `address_status` varchar(11) DEFAULT NULL,
  `payer_email` varchar(96) NOT NULL DEFAULT '',
  `payer_id` varchar(32) NOT NULL DEFAULT '',
  `payer_status` varchar(10) NOT NULL DEFAULT '',
  `payment_date` datetime NOT NULL DEFAULT '0001-01-01 00:00:00',
  `business` varchar(96) NOT NULL DEFAULT '',
  `receiver_email` varchar(96) NOT NULL DEFAULT '',
  `receiver_id` varchar(32) NOT NULL DEFAULT '',
  `txn_id` varchar(40) NOT NULL DEFAULT '',
  `parent_txn_id` varchar(17) DEFAULT NULL,
  `num_cart_items` tinyint(4) unsigned NOT NULL DEFAULT '1',
  `mc_gross` decimal(7,2) NOT NULL DEFAULT '0.00',
  `mc_fee` decimal(7,2) NOT NULL DEFAULT '0.00',
  `mc_shipping` decimal(7,2) NOT NULL DEFAULT '0.00',
  `payment_gross` decimal(7,2) DEFAULT NULL,
  `payment_fee` decimal(7,2) DEFAULT NULL,
  `settle_amount` decimal(7,2) DEFAULT NULL,
  `settle_currency` char(3) DEFAULT NULL,
  `exchange_rate` decimal(4,2) DEFAULT NULL,
  `notify_version` decimal(2,1) NOT NULL DEFAULT '0.0',
  `verify_sign` varchar(128) NOT NULL DEFAULT '',
  `last_modified` datetime NOT NULL DEFAULT '0001-01-01 00:00:00',
  `date_added` datetime NOT NULL DEFAULT '0001-01-01 00:00:00',
  `memo` text,
  `mc_authorization` decimal(7,2) NOT NULL,
  `mc_captured` decimal(7,2) NOT NULL,
  PRIMARY KEY (`paypal_ipn_id`,`txn_id`),
  KEY `xtc_order_id` (`xtc_order_id`)
) ENGINE=MyISAM AUTO_INCREMENT=4 DEFAULT CHARSET=utf8;

--
-- Dumping data for table `paypal`
--

INSERT INTO `paypal` (`paypal_ipn_id`, `xtc_order_id`, `txn_type`, `reason_code`, `payment_type`, `payment_status`, `pending_reason`, `invoice`, `mc_currency`, `first_name`, `last_name`, `payer_business_name`, `address_name`, `address_street`, `address_city`, `address_state`, `address_zip`, `address_country`, `address_status`, `payer_email`, `payer_id`, `payer_status`, `payment_date`, `business`, `receiver_email`, `receiver_id`, `txn_id`, `parent_txn_id`, `num_cart_items`, `mc_gross`, `mc_fee`, `mc_shipping`, `payment_gross`, `payment_fee`, `settle_amount`, `settle_currency`, `exchange_rate`, `notify_version`, `verify_sign`, `last_modified`, `date_added`, `memo`, `mc_authorization`, `mc_captured`) VALUES (1,5004,'cart','None','instant','Completed','','5004','EUR','Sven','Giertz','','Sven Giertz','Zillebogen, 10','Zossen','','15806','Germany','confirmed','runningsven@hotmail.de','7882P5J9WHJES','verified','2018-01-31 06:50:00','','post@meinbad-guenstiger.de','','6A0173614B584825K','',1,347.43,6.95,5.90,0.00,0.00,0.00,'',0.00,9.9,'','2018-01-31 07:50:05','2018-01-31 07:50:00','',347.43,0.00),(2,5024,'cart','None','instant','Completed','','5024','EUR','Rene','Wettinger','','Rene Wettinger','Schulgasse 10','Weiden','','92637','Germany','confirmed','weisser-neger@t-online.de','PR5ADJPQPF3V4','verified','2018-11-26 23:54:23','','post@meinbad-guenstiger.de','','6HY654699G330701L','',1,138.59,3.80,5.90,0.00,0.00,0.00,'',0.00,9.9,'','2018-11-27 00:54:30','2018-11-27 00:54:23','',138.59,0.00),(3,5026,'cart','None','instant','Completed','','5026','EUR','Ilka','Rosenthal','','Ilka Rosenthal','Lychener Straße','Berlin','','10437','Germany','confirmed','rilki@gmx.de','EUP65S8TJZV7S','verified','2018-12-10 11:13:29','','post@meinbad-guenstiger.de','','53T12940AU699093F','',1,23.75,0.94,5.90,0.00,0.00,0.00,'',0.00,9.9,'','2018-12-10 12:13:43','2018-12-10 12:13:29','',23.75,0.00);

--
-- Table structure for table `paypal_status_history`
--

CREATE TABLE `paypal_status_history` (
  `payment_status_history_id` int(11) NOT NULL AUTO_INCREMENT,
  `paypal_ipn_id` int(11) NOT NULL DEFAULT '0',
  `txn_id` varchar(64) NOT NULL DEFAULT '',
  `parent_txn_id` varchar(64) NOT NULL DEFAULT '',
  `payment_status` varchar(17) NOT NULL DEFAULT '',
  `pending_reason` varchar(64) DEFAULT NULL,
  `mc_amount` decimal(7,2) NOT NULL,
  `date_added` datetime NOT NULL DEFAULT '0001-01-01 00:00:00',
  PRIMARY KEY (`payment_status_history_id`),
  KEY `paypal_ipn_id` (`paypal_ipn_id`)
) ENGINE=MyISAM AUTO_INCREMENT=4 DEFAULT CHARSET=utf8;

--
-- Dumping data for table `paypal_status_history`
--

INSERT INTO `paypal_status_history` (`payment_status_history_id`, `paypal_ipn_id`, `txn_id`, `parent_txn_id`, `payment_status`, `pending_reason`, `mc_amount`, `date_added`) VALUES (1,1,'6A0173614B584825K','','Completed','',347.43,'2018-01-31 07:50:05'),(2,2,'6HY654699G330701L','','Completed','',138.59,'2018-11-27 00:54:30'),(3,3,'53T12940AU699093F','','Completed','',23.75,'2018-12-10 12:13:43');

--
-- Table structure for table `personal_offers_by_customers_status_0`
--

CREATE TABLE `personal_offers_by_customers_status_0` (
  `price_id` int(11) NOT NULL AUTO_INCREMENT,
  `products_id` int(11) NOT NULL DEFAULT '0',
  `quantity` int(11) DEFAULT NULL,
  `personal_offer` decimal(15,4) DEFAULT NULL,
  PRIMARY KEY (`price_id`)
) ENGINE=MyISAM DEFAULT CHARSET=utf8;

--
-- Dumping data for table `personal_offers_by_customers_status_0`
--


--
-- Table structure for table `personal_offers_by_customers_status_1`
--

CREATE TABLE `personal_offers_by_customers_status_1` (
  `price_id` int(11) NOT NULL AUTO_INCREMENT,
  `products_id` int(11) NOT NULL DEFAULT '0',
  `quantity` int(11) DEFAULT NULL,
  `personal_offer` decimal(15,4) DEFAULT NULL,
  PRIMARY KEY (`price_id`)
) ENGINE=MyISAM AUTO_INCREMENT=4812 DEFAULT CHARSET=utf8;

--
-- Dumping data for table `personal_offers_by_customers_status_1`
--

INSERT INTO `personal_offers_by_customers_status_1` (`price_id`, `products_id`, `quantity`, `personal_offer`) VALUES (1,1,1,0.0000),(2,2,1,0.0000),(3,3,1,0.0000),(4,4,1,0.0000),(5,5,1,0.0000),(6,6,1,0.0000),(7,7,1,0.0000),(8,8,1,0.0000),(9,9,1,0.0000),(10,10,1,0.0000),(11,11,1,0.0000),(12,12,1,0.0000),(13,13,1,0.0000),(14,14,1,0.0000),(15,15,1,0.0000),(475,107,1,0.0000),(474,106,1,0.0000),(473,105,1,0.0000),(472,104,1,0.0000),(460,92,1,0.0000),(461,93,1,0.0000),(462,94,1,0.0000),(463,95,1,0.0000),(464,96,1,0.0000),(465,97,1,0.0000),(466,98,1,0.0000),(467,99,1,0.0000),(468,100,1,0.0000),(469,101,1,0.0000),(470,102,1,0.0000),(471,103,1,0.0000),(476,108,1,0.0000),(477,109,1,0.0000),(478,110,1,12.6134),(479,111,1,0.0000),(480,112,1,0.0000),(481,113,1,0.0000),(482,114,1,159.4538),(483,114,10,151.2185),(484,115,1,0.0000),(485,116,1,0.0000),(486,117,1,0.0000),(487,118,1,0.0000),(488,119,1,0.0000),(489,120,1,0.0000),(490,121,1,0.0000),(491,122,1,0.0000),(492,123,1,0.0000),(493,124,1,0.0000),(494,125,1,0.0000),(495,126,1,0.0000),(496,127,1,0.0000),(497,128,1,0.0000),(498,129,1,0.0000),(499,130,1,0.0000),(500,131,1,0.0000),(501,132,1,0.0000),(502,133,1,0.0000),(503,134,1,0.0000),(504,135,1,0.0000),(505,136,1,0.0000),(506,137,1,0.0000),(507,138,1,0.0000),(508,139,1,0.0000),(509,140,1,0.0000),(510,141,1,0.0000),(511,142,1,0.0000),(512,143,1,0.0000),(513,144,1,0.0000),(514,145,1,0.0000),(515,146,1,0.0000),(516,147,1,0.0000),(526,148,0,0.0000),(527,149,0,0.0000),(528,150,0,0.0000),(529,151,0,0.0000),(530,152,0,0.0000),(531,153,0,0.0000),(532,154,0,0.0000),(533,155,0,0.0000),(534,156,0,0.0000),(535,157,0,0.0000),(536,148,1,0.0000),(537,149,1,0.0000),(538,150,1,0.0000),(539,151,1,0.0000),(540,152,1,0.0000),(541,153,1,0.0000),(542,154,1,0.0000),(543,155,1,0.0000),(544,156,1,0.0000),(545,157,1,0.0000),(546,158,1,0.0000),(547,159,1,0.0000),(548,160,1,0.0000),(549,161,1,0.0000),(550,162,1,0.0000),(551,163,1,0.0000),(552,164,1,0.0000),(553,165,1,0.0000),(554,166,1,0.0000),(555,167,1,0.0000),(556,168,1,0.0000),(557,169,1,0.0000),(558,170,1,0.0000),(559,171,1,0.0000),(560,172,1,0.0000),(561,173,1,0.0000),(562,174,1,0.0000),(563,175,1,0.0000),(564,176,1,0.0000),(565,177,1,0.0000),(566,178,1,0.0000),(567,179,1,0.0000),(568,180,1,0.0000),(626,181,0,0.0000),(627,182,0,0.0000),(628,183,0,0.0000),(629,184,0,0.0000),(630,185,0,0.0000),(631,186,0,0.0000),(632,187,0,0.0000),(633,188,0,0.0000),(634,189,0,0.0000),(635,190,0,0.0000),(636,191,0,0.0000),(637,192,0,0.0000),(638,193,0,0.0000),(639,194,0,0.0000),(640,195,0,0.0000),(641,196,0,0.0000),(642,197,0,0.0000),(643,198,0,0.0000),(644,199,0,0.0000),(645,200,0,0.0000),(646,201,0,0.0000),(647,202,0,0.0000),(648,203,0,0.0000),(649,204,0,0.0000),(650,205,0,0.0000),(651,206,0,0.0000),(652,207,0,0.0000),(653,208,0,0.0000),(654,209,0,0.0000),(655,210,0,0.0000),(656,211,0,0.0000),(657,212,0,0.0000),(658,213,0,0.0000),(659,214,0,0.0000),(660,215,0,0.0000),(661,216,0,0.0000),(662,217,0,0.0000),(663,218,0,0.0000),(664,219,0,0.0000),(665,220,0,0.0000),(666,221,0,0.0000),(667,222,0,0.0000),(668,223,0,0.0000),(669,224,0,0.0000),(670,225,0,0.0000),(671,226,0,0.0000),(672,227,0,0.0000),(673,228,0,0.0000),(674,229,0,0.0000),(675,230,0,0.0000),(676,231,0,0.0000),(677,232,0,0.0000),(678,233,0,0.0000),(679,234,0,0.0000),(680,235,0,0.0000),(681,236,0,0.0000),(682,237,0,0.0000),(683,237,1,0.0000),(684,234,1,0.0000),(685,208,1,0.0000),(686,203,1,0.0000),(687,206,1,0.0000),(688,205,1,0.0000),(689,228,1,0.0000),(690,238,1,0.0000),(691,201,1,0.0000),(692,229,1,0.0000),(693,193,1,0.0000),(694,225,1,0.0000),(695,187,1,0.0000),(696,184,1,0.0000),(697,185,1,0.0000),(698,227,1,0.0000),(699,186,1,0.0000),(700,183,1,0.0000),(701,235,1,0.0000),(702,192,1,0.0000),(703,197,1,0.0000),(704,209,1,0.0000),(705,233,1,0.0000),(706,207,1,0.0000),(707,202,1,0.0000),(708,181,1,0.0000),(709,189,1,0.0000),(710,190,1,0.0000),(711,210,1,0.0000),(712,232,1,0.0000),(713,230,1,0.0000),(714,231,1,0.0000),(715,224,1,0.0000),(716,200,1,0.0000),(717,198,1,0.0000),(718,221,1,0.0000),(719,223,1,0.0000),(720,215,1,0.0000),(721,211,1,0.0000),(722,216,1,0.0000),(723,222,1,0.0000),(724,199,1,0.0000),(725,213,1,0.0000),(726,212,1,0.0000),(727,226,1,0.0000),(728,214,1,0.0000),(729,218,1,0.0000),(730,219,1,0.0000),(731,194,1,0.0000),(732,188,1,0.0000),(733,220,1,0.0000),(734,195,1,0.0000),(735,217,1,0.0000),(736,204,1,0.0000),(737,196,1,0.0000),(738,182,1,0.0000),(739,191,1,0.0000),(1099,239,0,0.0000),(992,240,0,0.0000),(993,241,0,0.0000),(994,242,0,0.0000),(995,243,0,0.0000),(996,244,0,0.0000),(997,245,0,0.0000),(998,246,0,0.0000),(999,247,0,0.0000),(1000,248,0,0.0000),(1001,249,0,0.0000),(1002,250,0,0.0000),(1003,251,0,0.0000),(1004,252,0,0.0000),(1005,253,0,0.0000),(1006,254,0,0.0000),(1007,255,0,0.0000),(1008,256,0,0.0000),(1009,257,0,0.0000),(1010,258,0,0.0000),(1011,259,0,0.0000),(1012,260,0,0.0000),(1013,261,0,0.0000),(1014,262,0,0.0000),(1015,263,0,0.0000),(1016,264,0,0.0000),(1017,265,0,0.0000),(1018,266,0,0.0000),(1019,267,0,0.0000),(1020,268,0,0.0000),(1021,269,0,0.0000),(1022,270,0,0.0000),(1023,271,0,0.0000),(1024,272,0,0.0000),(1025,273,0,0.0000),(1026,274,0,0.0000),(1027,275,0,0.0000),(1028,276,0,0.0000),(1029,277,0,0.0000),(1030,278,0,0.0000),(1031,279,0,0.0000),(1032,280,0,0.0000),(1033,281,0,0.0000),(1034,282,0,0.0000),(1035,283,0,0.0000),(1036,284,0,0.0000),(1037,285,0,0.0000),(1038,286,0,0.0000),(1039,287,0,0.0000),(1040,288,0,0.0000),(1041,289,0,0.0000),(1042,290,0,0.0000),(1043,291,0,0.0000),(1044,292,0,0.0000),(1045,293,0,0.0000),(1046,294,0,0.0000),(1047,295,0,0.0000),(1048,296,0,0.0000),(1049,297,0,0.0000),(1050,298,0,0.0000),(1051,299,0,0.0000),(1052,300,0,0.0000),(1053,301,0,0.0000),(1054,302,0,0.0000),(1055,303,0,0.0000),(1056,304,0,0.0000),(1057,305,0,0.0000),(1058,306,0,0.0000),(1059,307,0,0.0000),(1060,308,0,0.0000),(1061,309,0,0.0000),(1062,310,0,0.0000),(1063,311,0,0.0000),(1064,312,0,0.0000),(1065,313,0,0.0000),(1066,314,0,0.0000),(1067,315,0,0.0000),(1068,316,0,0.0000),(1069,317,0,0.0000),(1070,318,0,0.0000),(1071,319,0,0.0000),(1072,320,0,0.0000),(1073,321,0,0.0000),(1074,322,0,0.0000),(1075,323,0,0.0000),(1076,324,0,0.0000),(1077,325,0,0.0000),(1078,326,0,0.0000),(1079,327,0,0.0000),(1080,328,0,0.0000),(1081,329,0,0.0000),(1082,330,0,0.0000),(1083,331,0,0.0000),(1084,332,0,0.0000),(1085,333,0,0.0000),(1086,334,0,0.0000),(1087,335,0,0.0000),(1088,336,0,0.0000),(1089,337,0,0.0000),(1090,338,0,0.0000),(1091,339,0,0.0000),(1092,340,0,0.0000),(1093,341,0,0.0000),(1094,342,0,0.0000),(1095,343,0,0.0000),(1096,344,0,0.0000),(1097,345,0,0.0000),(1098,346,0,0.0000),(991,347,0,0.0000),(989,348,0,0.0000),(990,349,0,0.0000),(988,350,0,0.0000),(920,351,0,0.0000),(921,352,0,0.0000),(922,353,0,0.0000),(923,354,0,0.0000),(924,355,0,0.0000),(925,356,0,0.0000),(926,357,0,0.0000),(927,358,0,0.0000),(928,359,0,0.0000),(929,360,0,0.0000),(930,361,0,0.0000),(931,362,0,0.0000),(932,363,0,0.0000),(933,364,0,0.0000),(934,365,0,0.0000),(935,366,0,0.0000),(936,367,0,0.0000),(937,368,0,0.0000),(938,369,0,0.0000),(939,370,0,0.0000),(940,371,0,0.0000),(941,372,0,0.0000),(942,373,0,0.0000),(943,374,0,0.0000),(944,375,0,0.0000),(945,376,0,0.0000),(946,377,0,0.0000),(947,378,0,0.0000),(948,379,0,0.0000),(949,380,0,0.0000),(950,381,0,0.0000),(951,382,0,0.0000),(952,383,0,0.0000),(953,384,0,0.0000),(954,385,0,0.0000),(955,386,0,0.0000),(956,387,0,0.0000),(957,388,0,0.0000),(958,389,0,0.0000),(959,390,0,0.0000),(960,391,0,0.0000),(961,392,0,0.0000),(962,393,0,0.0000),(963,394,0,0.0000),(964,395,0,0.0000),(965,396,0,0.0000),(966,397,0,0.0000),(967,398,0,0.0000),(968,399,0,0.0000),(969,400,0,0.0000),(970,401,0,0.0000),(971,402,0,0.0000),(972,403,0,0.0000),(973,404,0,0.0000),(974,405,0,0.0000),(975,406,0,0.0000),(976,407,0,0.0000),(977,408,0,0.0000),(978,409,0,0.0000),(979,410,0,0.0000),(980,411,0,0.0000),(981,412,0,0.0000),(982,413,0,0.0000),(983,414,0,0.0000),(984,415,0,0.0000),(985,416,0,0.0000),(986,417,0,0.0000),(987,418,0,0.0000),(1100,418,1,0.0000),(1101,417,1,0.0000),(1102,416,1,0.0000),(1103,415,1,0.0000),(1104,414,1,0.0000),(1105,413,1,0.0000),(1106,412,1,0.0000),(1107,411,1,0.0000),(1108,410,1,0.0000),(1109,409,1,0.0000),(1110,408,1,0.0000),(1111,407,1,0.0000),(1112,406,1,0.0000),(1113,405,1,0.0000),(1114,404,1,0.0000),(1115,403,1,0.0000),(1116,402,1,0.0000),(1117,401,1,0.0000),(1118,400,1,0.0000),(1119,399,1,0.0000),(1120,398,1,0.0000),(1121,397,1,0.0000),(1122,396,1,0.0000),(1123,395,1,0.0000),(1124,394,1,0.0000),(1125,393,1,0.0000),(1126,392,1,0.0000),(1127,391,1,0.0000),(1128,390,1,0.0000),(1129,389,1,0.0000),(1130,388,1,0.0000),(1131,387,1,0.0000),(1132,386,1,0.0000),(1133,385,1,0.0000),(1134,384,1,0.0000),(1135,383,1,0.0000),(1136,382,1,0.0000),(1137,381,1,0.0000),(1138,380,1,0.0000),(1139,379,1,0.0000),(1140,378,1,0.0000),(1141,377,1,0.0000),(1142,376,1,0.0000),(1143,375,1,0.0000),(1144,374,1,0.0000),(1145,373,1,0.0000),(1146,372,1,0.0000),(1147,371,1,0.0000),(1148,370,1,0.0000),(1149,369,1,0.0000),(1150,368,1,0.0000),(1151,367,1,0.0000),(1152,366,1,0.0000),(1153,365,1,0.0000),(1154,364,1,0.0000),(1155,363,1,0.0000),(1156,362,1,0.0000),(1157,361,1,0.0000),(1158,360,1,0.0000),(1159,359,1,0.0000),(1160,358,1,0.0000),(1161,357,1,0.0000),(1162,356,1,0.0000),(1163,355,1,0.0000),(1164,354,1,0.0000),(1165,353,1,0.0000),(1166,352,1,0.0000),(1167,351,1,0.0000),(1168,350,1,0.0000),(1169,349,1,0.0000),(1170,348,1,0.0000),(1171,347,1,0.0000),(1172,346,1,0.0000),(1173,345,1,0.0000),(1174,344,1,0.0000),(1175,343,1,0.0000),(1176,342,1,0.0000),(1177,341,1,0.0000),(1178,340,1,0.0000),(1179,339,1,0.0000),(1180,338,1,0.0000),(1181,337,1,0.0000),(1182,336,1,0.0000),(1183,335,1,0.0000),(1184,334,1,0.0000),(1185,333,1,0.0000),(1186,332,1,0.0000),(1187,331,1,0.0000),(1188,330,1,0.0000),(1189,329,1,0.0000),(1190,328,1,0.0000),(1191,327,1,0.0000),(1192,326,1,0.0000),(1193,325,1,0.0000),(1194,324,1,0.0000),(1195,323,1,0.0000),(1196,322,1,0.0000),(1197,321,1,0.0000),(1198,320,1,0.0000),(1199,319,1,0.0000),(1200,236,1,0.0000),(1201,318,1,0.0000),(1202,317,1,0.0000),(1203,316,1,0.0000),(1204,315,1,0.0000),(1205,314,1,0.0000),(1206,313,1,0.0000),(1207,312,1,0.0000),(1208,311,1,0.0000),(1209,310,1,0.0000),(1210,309,1,0.0000),(1211,308,1,0.0000),(1212,307,1,0.0000),(1213,306,1,0.0000),(1214,305,1,0.0000),(1215,304,1,0.0000),(1216,303,1,0.0000),(1217,302,1,0.0000),(1218,301,1,0.0000),(1219,300,1,0.0000),(1220,299,1,0.0000),(1221,298,1,0.0000),(1222,297,1,0.0000),(1223,296,1,0.0000),(1224,295,1,0.0000),(1225,294,1,0.0000),(1226,293,1,0.0000),(1227,292,1,0.0000),(1228,291,1,0.0000),(1229,290,1,0.0000),(1230,289,1,0.0000),(1231,288,1,0.0000),(1232,287,1,0.0000),(1233,286,1,0.0000),(1234,285,1,0.0000),(1235,284,1,0.0000),(1236,283,1,0.0000),(1237,282,1,0.0000),(1238,281,1,0.0000),(1239,280,1,0.0000),(1240,279,1,0.0000),(1241,278,1,0.0000),(1242,277,1,0.0000),(1243,276,1,0.0000),(1244,275,1,0.0000),(1245,274,1,0.0000),(1246,273,1,0.0000),(1247,272,1,0.0000),(1248,271,1,0.0000),(1249,270,1,0.0000),(1250,269,1,0.0000),(1251,268,1,0.0000),(1252,267,1,0.0000),(1253,266,1,0.0000),(1254,265,1,0.0000),(1255,264,1,0.0000),(1256,263,1,0.0000),(1257,262,1,0.0000),(1258,261,1,0.0000),(1259,260,1,0.0000),(1260,259,1,0.0000),(1261,258,1,0.0000),(1262,257,1,0.0000),(1263,256,1,0.0000),(1264,255,1,0.0000),(1265,254,1,0.0000),(1266,253,1,0.0000),(1267,252,1,0.0000),(1268,251,1,0.0000),(1269,250,1,0.0000),(1270,249,1,0.0000),(1271,248,1,0.0000),(1272,247,1,0.0000),(1273,246,1,0.0000),(1274,245,1,0.0000),(1275,244,1,0.0000),(1276,243,1,0.0000),(1277,242,1,0.0000),(1278,241,1,0.0000),(1279,240,1,0.0000),(1280,239,1,0.0000),(4763,419,0,0.0000),(4563,420,0,0.0000),(4564,421,0,0.0000),(4565,422,0,0.0000),(4566,423,0,0.0000),(4567,424,0,0.0000),(4568,425,0,0.0000),(4569,426,0,0.0000),(4570,427,0,0.0000),(4571,428,0,0.0000),(4572,429,0,0.0000),(4573,430,0,0.0000),(4574,431,0,0.0000),(4575,432,0,0.0000),(4576,433,0,0.0000),(4577,434,0,0.0000),(4578,435,0,0.0000),(4579,436,0,0.0000),(4580,437,0,0.0000),(4581,438,0,0.0000),(4582,439,0,0.0000),(4583,440,0,0.0000),(4584,441,0,0.0000),(4585,442,0,0.0000),(4586,443,0,0.0000),(4587,444,0,0.0000),(4588,445,0,0.0000),(4589,446,0,0.0000),(4590,447,0,0.0000),(4591,448,0,0.0000),(4592,449,0,0.0000),(4593,450,0,0.0000),(4594,451,0,0.0000),(4595,452,0,0.0000),(4596,453,0,0.0000),(4597,454,0,0.0000),(4598,455,0,0.0000),(4599,456,0,0.0000),(4600,457,0,0.0000),(4601,458,0,0.0000),(4602,459,0,0.0000),(4603,460,0,0.0000),(4604,461,0,0.0000),(4605,462,0,0.0000),(4606,463,0,0.0000),(4607,464,0,0.0000),(4608,465,0,0.0000),(4609,466,0,0.0000),(4610,467,0,0.0000),(4611,468,0,0.0000),(4612,469,0,0.0000),(4613,470,0,0.0000),(4614,471,0,0.0000),(4615,472,0,0.0000),(4616,473,0,0.0000),(4617,474,0,0.0000),(4618,475,0,0.0000),(4619,476,0,0.0000),(4620,477,0,0.0000),(4621,478,0,0.0000),(4622,479,0,0.0000),(4623,480,0,0.0000),(4624,481,0,0.0000),(4625,482,0,0.0000),(4626,483,0,0.0000),(4627,484,0,0.0000),(4628,485,0,0.0000),(4629,486,0,0.0000),(4630,487,0,0.0000),(4631,488,0,0.0000),(4632,489,0,0.0000),(4633,490,0,0.0000),(4634,491,0,0.0000),(4635,492,0,0.0000),(4636,493,0,0.0000),(4637,494,0,0.0000),(4638,495,0,0.0000),(4639,496,0,0.0000),(4640,497,0,0.0000),(4641,498,0,0.0000),(4642,499,0,0.0000),(4643,500,0,0.0000),(4644,501,0,0.0000),(4645,502,0,0.0000),(4646,503,0,0.0000),(4647,504,0,0.0000),(4648,505,0,0.0000),(4649,506,0,0.0000),(4650,507,0,0.0000),(4651,508,0,0.0000),(4652,509,0,0.0000),(4653,510,0,0.0000),(4654,511,0,0.0000),(4655,512,0,0.0000),(4656,513,0,0.0000),(4657,514,0,0.0000),(4658,515,0,0.0000),(4659,516,0,0.0000),(4660,517,0,0.0000),(4661,518,0,0.0000),(4662,519,0,0.0000),(4663,520,0,0.0000),(4664,521,0,0.0000),(4665,522,0,0.0000),(4666,523,0,0.0000),(4667,524,0,0.0000),(4668,525,0,0.0000),(4669,526,0,0.0000),(4670,527,0,0.0000),(4671,528,0,0.0000),(4672,529,0,0.0000),(4673,530,0,0.0000),(4674,531,0,0.0000),(4675,532,0,0.0000),(4676,533,0,0.0000),(4677,534,0,0.0000),(4678,535,0,0.0000),(4679,536,0,0.0000),(4680,537,0,0.0000),(4681,538,0,0.0000),(4682,539,0,0.0000),(4683,540,0,0.0000),(4684,541,0,0.0000),(4685,542,0,0.0000),(4686,543,0,0.0000),(4687,544,0,0.0000),(4688,545,0,0.0000),(4689,546,0,0.0000),(4690,547,0,0.0000),(4691,548,0,0.0000),(4692,549,0,0.0000),(4693,550,0,0.0000),(4694,551,0,0.0000),(4695,552,0,0.0000),(4696,553,0,0.0000),(4697,554,0,0.0000),(4698,555,0,0.0000),(4699,556,0,0.0000),(4700,557,0,0.0000),(4701,558,0,0.0000),(4702,559,0,0.0000),(4703,560,0,0.0000),(4704,561,0,0.0000),(4705,562,0,0.0000),(4706,563,0,0.0000),(4707,564,0,0.0000),(4708,565,0,0.0000),(4709,566,0,0.0000),(4710,567,0,0.0000),(4711,568,0,0.0000),(4712,569,0,0.0000),(4713,570,0,0.0000),(4714,571,0,0.0000),(4715,572,0,0.0000),(4716,573,0,0.0000),(4717,574,0,0.0000),(4718,575,0,0.0000),(4719,576,0,0.0000),(4720,577,0,0.0000),(4721,578,0,0.0000),(4722,579,0,0.0000),(4723,580,0,0.0000),(4724,581,0,0.0000),(4725,582,0,0.0000),(4726,583,0,0.0000),(4727,584,0,0.0000),(4728,585,0,0.0000),(4729,586,0,0.0000),(4730,587,0,0.0000),(4731,588,0,0.0000),(4732,589,0,0.0000),(4733,590,0,0.0000),(4734,591,0,0.0000),(4735,592,0,0.0000),(4736,593,0,0.0000),(4737,594,0,0.0000),(4738,595,0,0.0000),(4739,596,0,0.0000),(4740,597,0,0.0000),(4741,598,0,0.0000),(4742,599,0,0.0000),(4743,600,0,0.0000),(4744,601,0,0.0000),(4745,602,0,0.0000),(4746,603,0,0.0000),(4747,604,0,0.0000),(4748,605,0,0.0000),(4749,606,0,0.0000),(4750,607,0,0.0000),(4751,608,0,0.0000),(4752,609,0,0.0000),(4753,610,0,0.0000),(4754,611,0,0.0000),(4755,612,0,0.0000),(4756,613,0,0.0000),(4757,614,0,0.0000),(4758,615,0,0.0000),(4759,616,0,0.0000),(4760,617,0,0.0000),(4761,618,0,0.0000),(4762,619,0,0.0000),(4313,620,0,0.0000),(4314,621,0,0.0000),(4315,622,0,0.0000),(4316,623,0,0.0000),(4317,624,0,0.0000),(4318,625,0,0.0000),(4319,626,0,0.0000),(4320,627,0,0.0000),(4321,628,0,0.0000),(4322,629,0,0.0000),(4323,630,0,0.0000),(4324,631,0,0.0000),(4325,632,0,0.0000),(4326,633,0,0.0000),(4327,634,0,0.0000),(4328,635,0,0.0000),(4329,636,0,0.0000),(4330,637,0,0.0000),(4331,638,0,0.0000),(4332,639,0,0.0000),(4333,640,0,0.0000),(4334,641,0,0.0000),(4335,642,0,0.0000),(4336,643,0,0.0000),(4337,644,0,0.0000),(4338,645,0,0.0000),(4339,646,0,0.0000),(4340,647,0,0.0000),(4341,648,0,0.0000),(4342,649,0,0.0000),(4343,650,0,0.0000),(4344,651,0,0.0000),(4345,652,0,0.0000),(4346,653,0,0.0000),(4347,654,0,0.0000),(4348,655,0,0.0000),(4349,656,0,0.0000),(4350,657,0,0.0000),(4351,658,0,0.0000),(4352,659,0,0.0000),(4353,660,0,0.0000),(4354,661,0,0.0000),(4355,662,0,0.0000),(4356,663,0,0.0000),(4357,664,0,0.0000),(4358,665,0,0.0000),(4359,666,0,0.0000),(4360,667,0,0.0000),(4361,668,0,0.0000),(4362,669,0,0.0000),(4363,670,0,0.0000),(4364,671,0,0.0000),(4365,672,0,0.0000),(4366,673,0,0.0000),(4367,674,0,0.0000),(4368,675,0,0.0000),(4369,676,0,0.0000),(4370,677,0,0.0000),(4371,678,0,0.0000),(4372,679,0,0.0000),(4373,680,0,0.0000),(4374,681,0,0.0000),(4375,682,0,0.0000),(4376,683,0,0.0000),(4377,684,0,0.0000),(4378,685,0,0.0000),(4379,686,0,0.0000),(4380,687,0,0.0000),(4381,688,0,0.0000),(4382,689,0,0.0000),(4383,690,0,0.0000),(4384,691,0,0.0000),(4385,692,0,0.0000),(4386,693,0,0.0000),(4387,694,0,0.0000),(4388,695,0,0.0000),(4389,696,0,0.0000),(4390,697,0,0.0000),(4391,698,0,0.0000),(4392,699,0,0.0000),(4393,700,0,0.0000),(4394,701,0,0.0000),(4395,702,0,0.0000),(4396,703,0,0.0000),(4397,704,0,0.0000),(4398,705,0,0.0000),(4399,706,0,0.0000),(4400,707,0,0.0000),(4401,708,0,0.0000),(4402,709,0,0.0000),(4403,710,0,0.0000),(4404,711,0,0.0000),(4405,712,0,0.0000),(4406,713,0,0.0000),(4407,714,0,0.0000),(4408,715,0,0.0000),(4409,716,0,0.0000),(4410,717,0,0.0000),(4411,718,0,0.0000),(4412,719,0,0.0000),(4413,720,0,0.0000),(4414,721,0,0.0000),(4415,722,0,0.0000),(4416,723,0,0.0000),(4417,724,0,0.0000),(4418,725,0,0.0000),(4419,726,0,0.0000),(4420,727,0,0.0000),(4421,728,0,0.0000),(4422,729,0,0.0000),(4423,730,0,0.0000),(4424,731,0,0.0000),(4425,732,0,0.0000),(4426,733,0,0.0000),(4427,734,0,0.0000),(4428,735,0,0.0000),(4429,736,0,0.0000),(4430,737,0,0.0000),(4431,738,0,0.0000),(4432,739,0,0.0000),(4433,740,0,0.0000),(4434,741,0,0.0000),(4435,742,0,0.0000),(4436,743,0,0.0000),(4437,744,0,0.0000),(4438,745,0,0.0000),(4439,746,0,0.0000),(4440,747,0,0.0000),(4441,748,0,0.0000),(4442,749,0,0.0000),(4443,750,0,0.0000),(4444,751,0,0.0000),(4445,752,0,0.0000),(4446,753,0,0.0000),(4447,754,0,0.0000),(4448,755,0,0.0000),(4449,756,0,0.0000),(4450,757,0,0.0000),(4451,758,0,0.0000),(4452,759,0,0.0000),(4453,760,0,0.0000),(4454,761,0,0.0000),(4455,762,0,0.0000),(4456,763,0,0.0000),(4457,764,0,0.0000),(4458,765,0,0.0000),(4459,766,0,0.0000),(4460,767,0,0.0000),(4461,768,0,0.0000),(4462,769,0,0.0000),(4463,770,0,0.0000),(4464,771,0,0.0000),(4465,772,0,0.0000),(4466,773,0,0.0000),(4467,774,0,0.0000),(4468,775,0,0.0000),(4469,776,0,0.0000),(4470,777,0,0.0000),(4471,778,0,0.0000),(4472,779,0,0.0000),(4473,780,0,0.0000),(4474,781,0,0.0000),(4475,782,0,0.0000),(4476,783,0,0.0000),(4477,784,0,0.0000),(4478,785,0,0.0000),(4479,786,0,0.0000),(4480,787,0,0.0000),(4481,788,0,0.0000),(4482,789,0,0.0000),(4483,790,0,0.0000),(4484,791,0,0.0000),(4485,792,0,0.0000),(4486,793,0,0.0000),(4487,794,0,0.0000),(4488,795,0,0.0000),(4489,796,0,0.0000),(4490,797,0,0.0000),(4491,798,0,0.0000),(4492,799,0,0.0000),(4493,800,0,0.0000),(4494,801,0,0.0000),(4495,802,0,0.0000),(4496,803,0,0.0000),(4497,804,0,0.0000),(4498,805,0,0.0000),(4499,806,0,0.0000),(4500,807,0,0.0000),(4501,808,0,0.0000),(4502,809,0,0.0000),(4503,810,0,0.0000),(4504,811,0,0.0000),(4505,812,0,0.0000),(4506,813,0,0.0000),(4507,814,0,0.0000),(4508,815,0,0.0000),(4509,816,0,0.0000),(4510,817,0,0.0000),(4511,818,0,0.0000),(4512,819,0,0.0000),(4513,820,0,0.0000),(4514,821,0,0.0000),(4515,822,0,0.0000),(4516,823,0,0.0000),(4517,824,0,0.0000),(4518,825,0,0.0000),(4519,826,0,0.0000),(4520,827,0,0.0000),(4521,828,0,0.0000),(4522,829,0,0.0000),(4523,830,0,0.0000),(4524,831,0,0.0000),(4525,832,0,0.0000),(4526,833,0,0.0000),(4527,834,0,0.0000),(4528,835,0,0.0000),(4529,836,0,0.0000),(4530,837,0,0.0000),(4531,838,0,0.0000),(4532,839,0,0.0000),(4533,840,0,0.0000),(4534,841,0,0.0000),(4535,842,0,0.0000),(4536,843,0,0.0000),(4537,844,0,0.0000),(4538,845,0,0.0000),(4539,846,0,0.0000),(4540,847,0,0.0000),(4541,848,0,0.0000),(4542,849,0,0.0000),(4543,850,0,0.0000),(4544,851,0,0.0000),(4545,852,0,0.0000),(4546,853,0,0.0000),(4547,854,0,0.0000),(4548,855,0,0.0000),(4549,856,0,0.0000),(4550,857,0,0.0000),(4551,858,0,0.0000),(4552,859,0,0.0000),(4553,860,0,0.0000),(4554,861,0,0.0000),(4555,862,0,0.0000),(4556,863,0,0.0000),(4557,864,0,0.0000),(4558,865,0,0.0000),(4559,866,0,0.0000),(4560,867,0,0.0000),(4561,868,0,0.0000),(4562,869,0,0.0000),(4263,870,0,0.0000),(4264,871,0,0.0000),(4265,872,0,0.0000),(4266,873,0,0.0000),(4267,874,0,0.0000),(4268,875,0,0.0000),(4269,876,0,0.0000),(4270,877,0,0.0000),(4271,878,0,0.0000),(4272,879,0,0.0000),(4273,880,0,0.0000),(4274,881,0,0.0000),(4275,882,0,0.0000),(4276,883,0,0.0000),(4277,884,0,0.0000),(4278,885,0,0.0000),(4279,886,0,0.0000),(4280,887,0,0.0000),(4281,888,0,0.0000),(4282,889,0,0.0000),(4283,890,0,0.0000),(4284,891,0,0.0000),(4285,892,0,0.0000),(4286,893,0,0.0000),(4287,894,0,0.0000),(4288,895,0,0.0000),(4289,896,0,0.0000),(4290,897,0,0.0000),(4291,898,0,0.0000),(4292,899,0,0.0000),(4293,900,0,0.0000),(4294,901,0,0.0000),(4295,902,0,0.0000),(4296,903,0,0.0000),(4297,904,0,0.0000),(4298,905,0,0.0000),(4299,906,0,0.0000),(4300,907,0,0.0000),(4301,908,0,0.0000),(4302,909,0,0.0000),(4303,910,0,0.0000),(4304,911,0,0.0000),(4305,912,0,0.0000),(4306,913,0,0.0000),(4307,914,0,0.0000),(4308,915,0,0.0000),(4309,916,0,0.0000),(4310,917,0,0.0000),(4311,918,0,0.0000),(4312,919,0,0.0000),(4140,920,0,0.0000),(4141,921,0,0.0000),(4142,922,0,0.0000),(4143,923,0,0.0000),(4144,924,0,0.0000),(4145,925,0,0.0000),(4146,926,0,0.0000),(4147,927,0,0.0000),(4148,928,0,0.0000),(4149,929,0,0.0000),(4150,930,0,0.0000),(4151,931,0,0.0000),(4152,932,0,0.0000),(4153,933,0,0.0000),(4154,934,0,0.0000),(4155,935,0,0.0000),(4156,936,0,0.0000),(4157,937,0,0.0000),(4158,938,0,0.0000),(4159,939,0,0.0000),(4160,940,0,0.0000),(4161,941,0,0.0000),(4162,942,0,0.0000),(4163,943,0,0.0000),(4164,944,0,0.0000),(4165,945,0,0.0000),(4166,946,0,0.0000),(4167,947,0,0.0000),(4168,948,0,0.0000),(4169,949,0,0.0000),(4170,950,0,0.0000),(4171,951,0,0.0000),(4172,952,0,0.0000),(4173,953,0,0.0000),(4174,954,0,0.0000),(4175,955,0,0.0000),(4176,956,0,0.0000),(4177,957,0,0.0000),(4178,958,0,0.0000),(4179,959,0,0.0000),(4180,960,0,0.0000),(4181,961,0,0.0000),(4182,962,0,0.0000),(4183,963,0,0.0000),(4184,964,0,0.0000),(4185,965,0,0.0000),(4186,966,0,0.0000),(4187,967,0,0.0000),(4188,968,0,0.0000),(4189,969,0,0.0000),(4190,970,0,0.0000),(4191,971,0,0.0000),(4192,972,0,0.0000),(4193,973,0,0.0000),(4194,974,0,0.0000),(4195,975,0,0.0000),(4196,976,0,0.0000),(4197,977,0,0.0000),(4198,978,0,0.0000),(4199,979,0,0.0000),(4200,980,0,0.0000),(4201,981,0,0.0000),(4202,982,0,0.0000),(4203,983,0,0.0000),(4204,984,0,0.0000),(4205,985,0,0.0000),(4206,986,0,0.0000),(4207,987,0,0.0000),(4208,988,0,0.0000),(4209,989,0,0.0000),(4210,990,0,0.0000),(4211,991,0,0.0000),(4212,992,0,0.0000),(4213,993,0,0.0000),(4214,994,0,0.0000),(4215,995,0,0.0000),(4216,996,0,0.0000),(4217,997,0,0.0000),(4218,998,0,0.0000),(4219,999,0,0.0000),(4220,1000,0,0.0000),(4221,1001,0,0.0000),(4222,1002,0,0.0000),(4223,1003,0,0.0000),(4224,1004,0,0.0000),(4225,1005,0,0.0000),(4226,1006,0,0.0000),(4227,1007,0,0.0000),(4228,1008,0,0.0000),(4229,1009,0,0.0000),(4230,1010,0,0.0000),(4231,1011,0,0.0000),(4232,1012,0,0.0000),(4233,1013,0,0.0000),(4234,1014,0,0.0000),(4235,1015,0,0.0000),(4236,1016,0,0.0000),(4237,1017,0,0.0000),(4238,1018,0,0.0000),(4239,1019,0,0.0000),(4240,1020,0,0.0000),(4241,1021,0,0.0000),(4242,1022,0,0.0000),(4243,1023,0,0.0000),(4244,1024,0,0.0000),(4245,1025,0,0.0000),(4246,1026,0,0.0000),(4247,1027,0,0.0000),(4248,1028,0,0.0000),(4249,1029,0,0.0000),(4250,1030,0,0.0000),(4251,1031,0,0.0000),(4252,1032,0,0.0000),(4253,1033,0,0.0000),(4254,1034,0,0.0000),(4255,1035,0,0.0000),(4256,1036,0,0.0000),(4257,1037,0,0.0000),(4258,1038,0,0.0000),(4259,1039,0,0.0000),(4260,1040,0,0.0000),(4261,1041,0,0.0000),(4262,1042,0,0.0000),(3889,1043,0,0.0000),(3890,1044,0,0.0000),(3891,1045,0,0.0000),(3892,1046,0,0.0000),(3893,1047,0,0.0000),(3894,1048,0,0.0000),(3895,1049,0,0.0000),(3896,1050,0,0.0000),(3897,1051,0,0.0000),(3898,1052,0,0.0000),(3899,1053,0,0.0000),(3900,1054,0,0.0000),(3901,1055,0,0.0000),(3902,1056,0,0.0000),(3903,1057,0,0.0000),(3904,1058,0,0.0000),(3905,1059,0,0.0000),(3906,1060,0,0.0000),(3907,1061,0,0.0000),(3908,1062,0,0.0000),(3909,1063,0,0.0000),(3910,1064,0,0.0000),(3911,1065,0,0.0000),(3912,1066,0,0.0000),(3913,1067,0,0.0000),(3914,1068,0,0.0000),(3915,1069,0,0.0000),(3916,1070,0,0.0000),(3917,1071,0,0.0000),(3918,1072,0,0.0000),(3919,1073,0,0.0000),(3920,1074,0,0.0000),(3921,1075,0,0.0000),(3922,1076,0,0.0000),(3923,1077,0,0.0000),(3924,1078,0,0.0000),(3925,1079,0,0.0000),(3926,1080,0,0.0000),(3927,1081,0,0.0000),(3928,1082,0,0.0000),(3929,1083,0,0.0000),(3930,1084,0,0.0000),(3931,1085,0,0.0000),(3932,1086,0,0.0000),(3933,1087,0,0.0000),(3934,1088,0,0.0000),(3935,1089,0,0.0000),(3936,1090,0,0.0000),(3937,1091,0,0.0000),(3938,1092,0,0.0000),(3939,1093,0,0.0000),(3940,1094,0,0.0000),(3941,1095,0,0.0000),(3942,1096,0,0.0000),(3943,1097,0,0.0000),(3944,1098,0,0.0000),(3945,1099,0,0.0000),(3946,1100,0,0.0000),(3947,1101,0,0.0000),(3948,1102,0,0.0000),(3949,1103,0,0.0000),(3950,1104,0,0.0000),(3951,1105,0,0.0000),(3952,1106,0,0.0000),(3953,1107,0,0.0000),(3954,1108,0,0.0000),(3955,1109,0,0.0000),(3956,1110,0,0.0000),(3957,1111,0,0.0000),(3958,1112,0,0.0000),(3959,1113,0,0.0000),(3960,1114,0,0.0000),(3961,1115,0,0.0000),(3962,1116,0,0.0000),(3963,1117,0,0.0000),(3964,1118,0,0.0000),(3965,1119,0,0.0000),(3966,1120,0,0.0000),(3967,1121,0,0.0000),(3968,1122,0,0.0000),(3969,1123,0,0.0000),(3970,1124,0,0.0000),(3971,1125,0,0.0000),(3972,1126,0,0.0000),(3973,1127,0,0.0000),(3974,1128,0,0.0000),(3975,1129,0,0.0000),(3976,1130,0,0.0000),(3977,1131,0,0.0000),(3978,1132,0,0.0000),(3979,1133,0,0.0000),(3980,1134,0,0.0000),(3981,1135,0,0.0000),(3982,1136,0,0.0000),(3983,1137,0,0.0000),(3984,1138,0,0.0000),(3985,1139,0,0.0000),(3986,1140,0,0.0000),(3987,1141,0,0.0000),(3988,1142,0,0.0000),(3989,1143,0,0.0000),(3990,1144,0,0.0000),(3991,1145,0,0.0000),(3992,1146,0,0.0000),(3993,1147,0,0.0000),(3994,1148,0,0.0000),(3995,1149,0,0.0000),(3996,1150,0,0.0000),(3997,1151,0,0.0000),(3998,1152,0,0.0000),(3999,1153,0,0.0000),(4000,1154,0,0.0000),(4001,1155,0,0.0000),(4002,1156,0,0.0000),(4003,1157,0,0.0000),(4004,1158,0,0.0000),(4005,1159,0,0.0000),(4006,1160,0,0.0000),(4007,1161,0,0.0000),(4008,1162,0,0.0000),(4009,1163,0,0.0000),(4010,1164,0,0.0000),(4011,1165,0,0.0000),(4012,1166,0,0.0000),(4013,1167,0,0.0000),(4014,1168,0,0.0000),(4015,1169,0,0.0000),(4016,1170,0,0.0000),(4017,1171,0,0.0000),(4018,1172,0,0.0000),(4019,1173,0,0.0000),(4020,1174,0,0.0000),(4021,1175,0,0.0000),(4022,1176,0,0.0000),(4023,1177,0,0.0000),(4024,1178,0,0.0000),(4025,1179,0,0.0000),(4026,1180,0,0.0000),(4027,1181,0,0.0000),(4028,1182,0,0.0000),(4029,1183,0,0.0000),(4030,1184,0,0.0000),(4031,1185,0,0.0000),(4032,1186,0,0.0000),(4033,1187,0,0.0000),(4034,1188,0,0.0000),(4035,1189,0,0.0000),(4036,1190,0,0.0000),(4037,1191,0,0.0000),(4038,1192,0,0.0000),(4039,1193,0,0.0000),(4040,1194,0,0.0000),(4041,1195,0,0.0000),(4042,1196,0,0.0000),(4043,1197,0,0.0000),(4044,1198,0,0.0000),(4045,1199,0,0.0000),(4046,1200,0,0.0000),(4047,1201,0,0.0000),(4048,1202,0,0.0000),(4049,1203,0,0.0000),(4050,1204,0,0.0000),(4051,1205,0,0.0000),(4052,1206,0,0.0000),(4053,1207,0,0.0000),(4054,1208,0,0.0000),(4055,1209,0,0.0000),(4056,1210,0,0.0000),(4057,1211,0,0.0000),(4058,1212,0,0.0000),(4059,1213,0,0.0000),(4060,1214,0,0.0000),(4061,1215,0,0.0000),(4062,1216,0,0.0000),(4063,1217,0,0.0000),(4064,1218,0,0.0000),(4065,1219,0,0.0000),(4066,1220,0,0.0000),(4067,1221,0,0.0000),(4068,1222,0,0.0000),(4069,1223,0,0.0000),(4070,1224,0,0.0000),(4071,1225,0,0.0000),(4072,1226,0,0.0000),(4073,1227,0,0.0000),(4074,1228,0,0.0000),(4075,1229,0,0.0000),(4076,1230,0,0.0000),(4077,1231,0,0.0000),(4078,1232,0,0.0000),(4079,1233,0,0.0000),(4080,1234,0,0.0000),(4081,1235,0,0.0000),(4082,1236,0,0.0000),(4083,1237,0,0.0000),(4084,1238,0,0.0000),(4085,1239,0,0.0000),(4086,1240,0,0.0000),(4087,1241,0,0.0000),(4088,1242,0,0.0000),(4089,1243,0,0.0000),(4090,1244,0,0.0000),(4091,1245,0,0.0000),(4092,1246,0,0.0000),(4093,1247,0,0.0000),(4094,1248,0,0.0000),(4095,1249,0,0.0000),(4096,1250,0,0.0000),(4097,1251,0,0.0000),(4098,1252,0,0.0000),(4099,1253,0,0.0000),(4100,1254,0,0.0000),(4101,1255,0,0.0000),(4102,1256,0,0.0000),(4103,1257,0,0.0000),(4104,1258,0,0.0000),(4105,1259,0,0.0000),(4106,1260,0,0.0000),(4107,1261,0,0.0000),(4108,1262,0,0.0000),(4109,1263,0,0.0000),(4110,1264,0,0.0000),(4111,1265,0,0.0000),(4112,1266,0,0.0000),(4113,1267,0,0.0000),(4114,1268,0,0.0000),(4115,1269,0,0.0000),(4116,1270,0,0.0000),(4117,1271,0,0.0000),(4118,1272,0,0.0000),(4119,1273,0,0.0000),(4120,1274,0,0.0000),(4121,1275,0,0.0000),(4122,1276,0,0.0000),(4123,1277,0,0.0000),(4124,1278,0,0.0000),(4125,1279,0,0.0000),(4126,1280,0,0.0000),(4127,1281,0,0.0000),(4128,1282,0,0.0000),(4129,1283,0,0.0000),(4130,1284,0,0.0000),(4131,1285,0,0.0000),(4132,1286,0,0.0000),(4133,1287,0,0.0000),(4134,1288,0,0.0000),(4135,1289,0,0.0000),(4136,1290,0,0.0000),(4137,1291,0,0.0000),(4138,1292,0,0.0000),(4139,1293,0,0.0000),(3763,1294,0,0.0000),(3764,1295,0,0.0000),(3765,1296,0,0.0000),(3766,1297,0,0.0000),(3767,1298,0,0.0000),(3768,1299,0,0.0000),(3769,1300,0,0.0000),(3770,1301,0,0.0000),(3771,1302,0,0.0000),(3772,1303,0,0.0000),(3773,1304,0,0.0000),(3774,1305,0,0.0000),(3775,1306,0,0.0000),(3776,1307,0,0.0000),(3777,1308,0,0.0000),(3778,1309,0,0.0000),(3779,1310,0,0.0000),(3780,1311,0,0.0000),(3781,1312,0,0.0000),(3782,1313,0,0.0000),(3783,1314,0,0.0000),(3784,1315,0,0.0000),(3785,1316,0,0.0000),(3786,1317,0,0.0000),(3787,1318,0,0.0000),(3788,1319,0,0.0000),(3789,1320,0,0.0000),(3790,1321,0,0.0000),(3791,1322,0,0.0000),(3792,1323,0,0.0000),(3793,1324,0,0.0000),(3794,1325,0,0.0000),(3795,1326,0,0.0000),(3796,1327,0,0.0000),(3797,1328,0,0.0000),(3798,1329,0,0.0000),(3799,1330,0,0.0000),(3800,1331,0,0.0000),(3801,1332,0,0.0000),(3802,1333,0,0.0000),(3803,1334,0,0.0000),(3804,1335,0,0.0000),(3805,1336,0,0.0000),(3806,1337,0,0.0000),(3807,1338,0,0.0000),(3808,1339,0,0.0000),(3809,1340,0,0.0000),(3810,1341,0,0.0000),(3811,1342,0,0.0000),(3812,1343,0,0.0000),(3813,1344,0,0.0000),(3814,1345,0,0.0000),(3815,1346,0,0.0000),(3816,1347,0,0.0000),(3817,1348,0,0.0000),(3818,1349,0,0.0000),(3819,1350,0,0.0000),(3820,1351,0,0.0000),(3821,1352,0,0.0000),(3822,1353,0,0.0000),(3823,1354,0,0.0000),(3824,1355,0,0.0000),(3825,1356,0,0.0000),(3826,1357,0,0.0000),(3827,1358,0,0.0000),(3828,1359,0,0.0000),(3829,1360,0,0.0000),(3830,1361,0,0.0000),(3831,1362,0,0.0000),(3832,1363,0,0.0000),(3833,1364,0,0.0000),(3834,1365,0,0.0000),(3835,1366,0,0.0000),(3836,1367,0,0.0000),(3837,1368,0,0.0000),(3838,1369,0,0.0000),(3839,1370,0,0.0000),(3840,1371,0,0.0000),(3841,1372,0,0.0000),(3842,1373,0,0.0000),(3843,1374,0,0.0000),(3844,1375,0,0.0000),(3845,1376,0,0.0000),(3846,1377,0,0.0000),(3847,1378,0,0.0000),(3848,1379,0,0.0000),(3849,1380,0,0.0000),(3850,1381,0,0.0000),(3851,1382,0,0.0000),(3852,1383,0,0.0000),(3853,1384,0,0.0000),(3854,1385,0,0.0000),(3855,1386,0,0.0000),(3856,1387,0,0.0000),(3857,1388,0,0.0000),(3858,1389,0,0.0000),(3859,1390,0,0.0000),(3860,1391,0,0.0000),(3861,1392,0,0.0000),(3862,1393,0,0.0000),(3863,1394,0,0.0000),(3864,1395,0,0.0000),(3865,1396,0,0.0000),(3866,1397,0,0.0000),(3867,1398,0,0.0000),(3868,1399,0,0.0000),(3869,1400,0,0.0000),(3870,1401,0,0.0000),(3871,1402,0,0.0000),(3872,1403,0,0.0000),(3873,1404,0,0.0000),(3874,1405,0,0.0000),(3875,1406,0,0.0000),(3876,1407,0,0.0000),(3877,1408,0,0.0000),(3878,1409,0,0.0000),(3879,1410,0,0.0000),(3880,1411,0,0.0000),(3881,1412,0,0.0000),(3882,1413,0,0.0000),(3883,1414,0,0.0000),(3884,1415,0,0.0000),(3885,1416,0,0.0000),(3886,1417,0,0.0000),(3887,1418,0,0.0000),(3888,1419,0,0.0000),(3725,1420,0,0.0000),(3726,1421,0,0.0000),(3727,1422,0,0.0000),(3728,1423,0,0.0000),(3729,1424,0,0.0000),(3730,1425,0,0.0000),(3731,1426,0,0.0000),(3732,1427,0,0.0000),(3733,1428,0,0.0000),(3734,1429,0,0.0000),(3735,1430,0,0.0000),(3736,1431,0,0.0000),(3737,1432,0,0.0000),(3738,1433,0,0.0000),(3739,1434,0,0.0000),(3740,1435,0,0.0000),(3741,1436,0,0.0000),(3742,1437,0,0.0000),(3743,1438,0,0.0000),(3744,1439,0,0.0000),(3745,1440,0,0.0000),(3746,1441,0,0.0000),(3747,1442,0,0.0000),(3748,1443,0,0.0000),(3749,1444,0,0.0000),(3750,1445,0,0.0000),(3751,1446,0,0.0000),(3752,1447,0,0.0000),(3753,1448,0,0.0000),(3754,1449,0,0.0000),(3755,1450,0,0.0000),(3756,1451,0,0.0000),(3757,1452,0,0.0000),(3758,1453,0,0.0000),(3759,1454,0,0.0000),(3760,1455,0,0.0000),(3761,1456,0,0.0000),(3762,1457,0,0.0000),(3603,1458,0,0.0000),(3604,1459,0,0.0000),(3605,1460,0,0.0000),(3606,1461,0,0.0000),(3607,1462,0,0.0000),(3608,1463,0,0.0000),(3609,1464,0,0.0000),(3610,1465,0,0.0000),(3611,1466,0,0.0000),(3612,1467,0,0.0000),(3613,1468,0,0.0000),(3614,1469,0,0.0000),(3615,1470,0,0.0000),(3616,1471,0,0.0000),(3617,1472,0,0.0000),(3618,1473,0,0.0000),(3619,1474,0,0.0000),(3620,1475,0,0.0000),(3621,1476,0,0.0000),(3622,1477,0,0.0000),(3623,1478,0,0.0000),(3624,1479,0,0.0000),(3625,1480,0,0.0000),(3626,1481,0,0.0000),(3627,1482,0,0.0000),(3628,1483,0,0.0000),(3629,1484,0,0.0000),(3630,1485,0,0.0000),(3631,1486,0,0.0000),(3632,1487,0,0.0000),(3633,1488,0,0.0000),(3634,1489,0,0.0000),(3635,1490,0,0.0000),(3636,1491,0,0.0000),(3637,1492,0,0.0000),(3638,1493,0,0.0000),(3639,1494,0,0.0000),(3640,1495,0,0.0000),(3641,1496,0,0.0000),(3642,1497,0,0.0000),(3643,1498,0,0.0000),(3644,1499,0,0.0000),(3645,1500,0,0.0000),(3646,1501,0,0.0000),(3647,1502,0,0.0000),(3648,1503,0,0.0000),(3649,1504,0,0.0000),(3650,1505,0,0.0000),(3651,1506,0,0.0000),(3652,1507,0,0.0000),(3653,1508,0,0.0000),(3654,1509,0,0.0000),(3655,1510,0,0.0000),(3656,1511,0,0.0000),(3657,1512,0,0.0000),(3658,1513,0,0.0000),(3659,1514,0,0.0000),(3660,1515,0,0.0000),(3661,1516,0,0.0000),(3662,1517,0,0.0000),(3663,1518,0,0.0000),(3664,1519,0,0.0000),(3665,1520,0,0.0000),(3666,1521,0,0.0000),(3667,1522,0,0.0000),(3668,1523,0,0.0000),(3669,1524,0,0.0000),(3670,1525,0,0.0000),(3671,1526,0,0.0000),(3672,1527,0,0.0000),(3673,1528,0,0.0000),(3674,1529,0,0.0000),(3675,1530,0,0.0000),(3676,1531,0,0.0000),(3677,1532,0,0.0000),(3678,1533,0,0.0000),(3679,1534,0,0.0000),(3680,1535,0,0.0000),(3681,1536,0,0.0000),(3682,1537,0,0.0000),(3683,1538,0,0.0000),(3684,1539,0,0.0000),(3685,1540,0,0.0000),(3686,1541,0,0.0000),(3687,1542,0,0.0000),(3688,1543,0,0.0000),(3689,1544,0,0.0000),(3690,1545,0,0.0000),(3691,1546,0,0.0000),(3692,1547,0,0.0000),(3693,1548,0,0.0000),(3694,1549,0,0.0000),(3695,1550,0,0.0000),(3696,1551,0,0.0000),(3697,1552,0,0.0000),(3698,1553,0,0.0000),(3699,1554,0,0.0000),(3700,1555,0,0.0000),(3701,1556,0,0.0000),(3702,1557,0,0.0000),(3703,1558,0,0.0000),(3704,1559,0,0.0000),(3705,1560,0,0.0000),(3706,1561,0,0.0000),(3707,1562,0,0.0000),(3708,1563,0,0.0000),(3709,1564,0,0.0000),(3710,1565,0,0.0000),(3711,1566,0,0.0000),(3712,1567,0,0.0000),(3713,1568,0,0.0000),(3714,1569,0,0.0000),(3715,1570,0,0.0000),(3716,1571,0,0.0000),(3717,1572,0,0.0000),(3718,1573,0,0.0000),(3719,1574,0,0.0000),(3720,1575,0,0.0000),(3721,1576,0,0.0000),(3722,1577,0,0.0000),(3723,1578,0,0.0000),(3724,1579,0,0.0000),(4764,1579,1,0.0000),(4765,1578,1,0.0000),(4766,1577,1,0.0000),(4767,1576,1,0.0000),(4768,1575,1,0.0000),(4769,1574,1,0.0000),(4770,1573,1,0.0000),(4771,1572,1,0.0000),(4772,1571,1,0.0000),(4773,1570,1,0.0000),(4774,1569,1,0.0000),(4775,1568,1,0.0000),(4776,1563,1,0.0000),(4777,1567,1,0.0000),(4778,1566,1,0.0000),(4779,1565,1,0.0000),(4780,1564,1,0.0000),(4781,1562,1,0.0000),(4782,1561,1,0.0000),(4783,1560,1,0.0000),(4784,1559,1,0.0000),(4785,1558,1,0.0000),(4786,1557,1,0.0000),(4787,1556,1,0.0000),(4788,1554,1,0.0000),(4789,1480,1,0.0000),(4790,1477,1,0.0000),(4791,1580,1,0.0000),(4792,1581,1,0.0000),(4793,1487,1,0.0000),(4794,1582,1,0.0000),(4795,1583,1,0.0000),(4796,1584,1,0.0000),(4797,1585,1,0.0000),(4798,1586,1,0.0000),(4799,1587,1,0.0000),(4800,1588,1,0.0000),(4801,1589,1,0.0000),(4802,1590,1,0.0000),(4803,1591,1,0.0000),(4804,1592,1,0.0000),(4805,1593,1,0.0000),(4806,1594,1,0.0000),(4807,1595,1,0.0000),(4808,1596,1,0.0000),(4809,1597,1,0.0000),(4810,1599,1,0.0000),(4811,1598,1,0.0000);

--
-- Table structure for table `personal_offers_by_customers_status_2`
--

CREATE TABLE `personal_offers_by_customers_status_2` (
  `price_id` int(11) NOT NULL AUTO_INCREMENT,
  `products_id` int(11) NOT NULL DEFAULT '0',
  `quantity` int(11) DEFAULT NULL,
  `personal_offer` decimal(15,4) DEFAULT NULL,
  PRIMARY KEY (`price_id`)
) ENGINE=MyISAM AUTO_INCREMENT=4811 DEFAULT CHARSET=utf8;

--
-- Dumping data for table `personal_offers_by_customers_status_2`
--

INSERT INTO `personal_offers_by_customers_status_2` (`price_id`, `products_id`, `quantity`, `personal_offer`) VALUES (1,1,1,0.0000),(2,2,1,0.0000),(3,3,1,0.0000),(4,4,1,0.0000),(5,5,1,0.0000),(6,6,1,0.0000),(7,7,1,0.0000),(8,8,1,0.0000),(9,9,1,0.0000),(10,10,1,0.0000),(11,11,1,0.0000),(12,12,1,0.0000),(13,13,1,0.0000),(14,14,1,0.0000),(15,15,1,0.0000),(475,107,1,0.0000),(474,106,1,0.0000),(473,105,1,0.0000),(472,104,1,0.0000),(460,92,1,0.0000),(461,93,1,0.0000),(462,94,1,0.0000),(463,95,1,0.0000),(464,96,1,0.0000),(465,97,1,0.0000),(466,98,1,0.0000),(467,99,1,0.0000),(468,100,1,0.0000),(469,101,1,0.0000),(470,102,1,0.0000),(471,103,1,0.0000),(476,108,1,0.0000),(477,109,1,0.0000),(478,110,1,12.6134),(479,111,1,0.0000),(480,112,1,0.0000),(481,113,1,0.0000),(482,114,1,0.0000),(483,115,1,0.0000),(484,116,1,0.0000),(485,117,1,0.0000),(486,118,1,0.0000),(487,119,1,0.0000),(488,120,1,0.0000),(489,121,1,0.0000),(490,122,1,0.0000),(491,123,1,0.0000),(492,124,1,0.0000),(493,125,1,0.0000),(494,126,1,0.0000),(495,127,1,0.0000),(496,128,1,0.0000),(497,129,1,0.0000),(498,130,1,0.0000),(499,131,1,0.0000),(500,132,1,0.0000),(501,133,1,0.0000),(502,134,1,0.0000),(503,135,1,0.0000),(504,136,1,0.0000),(505,137,1,0.0000),(506,138,1,0.0000),(507,139,1,0.0000),(508,140,1,0.0000),(509,141,1,0.0000),(510,142,1,0.0000),(511,143,1,0.0000),(512,144,1,0.0000),(513,145,1,0.0000),(514,146,1,0.0000),(515,147,1,0.0000),(525,148,0,0.0000),(526,149,0,0.0000),(527,150,0,0.0000),(528,151,0,0.0000),(529,152,0,0.0000),(530,153,0,0.0000),(531,154,0,0.0000),(532,155,0,0.0000),(533,156,0,0.0000),(534,157,0,0.0000),(535,148,1,0.0000),(536,149,1,0.0000),(537,150,1,0.0000),(538,151,1,0.0000),(539,152,1,0.0000),(540,153,1,0.0000),(541,154,1,0.0000),(542,155,1,0.0000),(543,156,1,0.0000),(544,157,1,0.0000),(545,158,1,0.0000),(546,159,1,0.0000),(547,160,1,0.0000),(548,161,1,0.0000),(549,162,1,0.0000),(550,163,1,0.0000),(551,164,1,0.0000),(552,165,1,0.0000),(553,166,1,0.0000),(554,167,1,0.0000),(555,168,1,0.0000),(556,169,1,0.0000),(557,170,1,0.0000),(558,171,1,0.0000),(559,172,1,0.0000),(560,173,1,0.0000),(561,174,1,0.0000),(562,175,1,0.0000),(563,176,1,0.0000),(564,177,1,0.0000),(565,178,1,0.0000),(566,179,1,0.0000),(567,180,1,0.0000),(625,181,0,0.0000),(626,182,0,0.0000),(627,183,0,0.0000),(628,184,0,0.0000),(629,185,0,0.0000),(630,186,0,0.0000),(631,187,0,0.0000),(632,188,0,0.0000),(633,189,0,0.0000),(634,190,0,0.0000),(635,191,0,0.0000),(636,192,0,0.0000),(637,193,0,0.0000),(638,194,0,0.0000),(639,195,0,0.0000),(640,196,0,0.0000),(641,197,0,0.0000),(642,198,0,0.0000),(643,199,0,0.0000),(644,200,0,0.0000),(645,201,0,0.0000),(646,202,0,0.0000),(647,203,0,0.0000),(648,204,0,0.0000),(649,205,0,0.0000),(650,206,0,0.0000),(651,207,0,0.0000),(652,208,0,0.0000),(653,209,0,0.0000),(654,210,0,0.0000),(655,211,0,0.0000),(656,212,0,0.0000),(657,213,0,0.0000),(658,214,0,0.0000),(659,215,0,0.0000),(660,216,0,0.0000),(661,217,0,0.0000),(662,218,0,0.0000),(663,219,0,0.0000),(664,220,0,0.0000),(665,221,0,0.0000),(666,222,0,0.0000),(667,223,0,0.0000),(668,224,0,0.0000),(669,225,0,0.0000),(670,226,0,0.0000),(671,227,0,0.0000),(672,228,0,0.0000),(673,229,0,0.0000),(674,230,0,0.0000),(675,231,0,0.0000),(676,232,0,0.0000),(677,233,0,0.0000),(678,234,0,0.0000),(679,235,0,0.0000),(680,236,0,0.0000),(681,237,0,0.0000),(682,237,1,0.0000),(683,234,1,0.0000),(684,208,1,0.0000),(685,203,1,0.0000),(686,206,1,0.0000),(687,205,1,0.0000),(688,228,1,0.0000),(689,238,1,0.0000),(690,201,1,0.0000),(691,229,1,0.0000),(692,193,1,0.0000),(693,225,1,0.0000),(694,187,1,0.0000),(695,184,1,0.0000),(696,185,1,0.0000),(697,227,1,0.0000),(698,186,1,0.0000),(699,183,1,0.0000),(700,235,1,0.0000),(701,192,1,0.0000),(702,197,1,0.0000),(703,209,1,0.0000),(704,233,1,0.0000),(705,207,1,0.0000),(706,202,1,0.0000),(707,181,1,0.0000),(708,189,1,0.0000),(709,190,1,0.0000),(710,210,1,0.0000),(711,232,1,0.0000),(712,230,1,0.0000),(713,231,1,0.0000),(714,224,1,0.0000),(715,200,1,0.0000),(716,198,1,0.0000),(717,221,1,0.0000),(718,223,1,0.0000),(719,215,1,0.0000),(720,211,1,0.0000),(721,216,1,0.0000),(722,222,1,0.0000),(723,199,1,0.0000),(724,213,1,0.0000),(725,212,1,0.0000),(726,226,1,0.0000),(727,214,1,0.0000),(728,218,1,0.0000),(729,219,1,0.0000),(730,194,1,0.0000),(731,188,1,0.0000),(732,220,1,0.0000),(733,195,1,0.0000),(734,217,1,0.0000),(735,204,1,0.0000),(736,196,1,0.0000),(737,182,1,0.0000),(738,191,1,0.0000),(1098,239,0,0.0000),(991,240,0,0.0000),(992,241,0,0.0000),(993,242,0,0.0000),(994,243,0,0.0000),(995,244,0,0.0000),(996,245,0,0.0000),(997,246,0,0.0000),(998,247,0,0.0000),(999,248,0,0.0000),(1000,249,0,0.0000),(1001,250,0,0.0000),(1002,251,0,0.0000),(1003,252,0,0.0000),(1004,253,0,0.0000),(1005,254,0,0.0000),(1006,255,0,0.0000),(1007,256,0,0.0000),(1008,257,0,0.0000),(1009,258,0,0.0000),(1010,259,0,0.0000),(1011,260,0,0.0000),(1012,261,0,0.0000),(1013,262,0,0.0000),(1014,263,0,0.0000),(1015,264,0,0.0000),(1016,265,0,0.0000),(1017,266,0,0.0000),(1018,267,0,0.0000),(1019,268,0,0.0000),(1020,269,0,0.0000),(1021,270,0,0.0000),(1022,271,0,0.0000),(1023,272,0,0.0000),(1024,273,0,0.0000),(1025,274,0,0.0000),(1026,275,0,0.0000),(1027,276,0,0.0000),(1028,277,0,0.0000),(1029,278,0,0.0000),(1030,279,0,0.0000),(1031,280,0,0.0000),(1032,281,0,0.0000),(1033,282,0,0.0000),(1034,283,0,0.0000),(1035,284,0,0.0000),(1036,285,0,0.0000),(1037,286,0,0.0000),(1038,287,0,0.0000),(1039,288,0,0.0000),(1040,289,0,0.0000),(1041,290,0,0.0000),(1042,291,0,0.0000),(1043,292,0,0.0000),(1044,293,0,0.0000),(1045,294,0,0.0000),(1046,295,0,0.0000),(1047,296,0,0.0000),(1048,297,0,0.0000),(1049,298,0,0.0000),(1050,299,0,0.0000),(1051,300,0,0.0000),(1052,301,0,0.0000),(1053,302,0,0.0000),(1054,303,0,0.0000),(1055,304,0,0.0000),(1056,305,0,0.0000),(1057,306,0,0.0000),(1058,307,0,0.0000),(1059,308,0,0.0000),(1060,309,0,0.0000),(1061,310,0,0.0000),(1062,311,0,0.0000),(1063,312,0,0.0000),(1064,313,0,0.0000),(1065,314,0,0.0000),(1066,315,0,0.0000),(1067,316,0,0.0000),(1068,317,0,0.0000),(1069,318,0,0.0000),(1070,319,0,0.0000),(1071,320,0,0.0000),(1072,321,0,0.0000),(1073,322,0,0.0000),(1074,323,0,0.0000),(1075,324,0,0.0000),(1076,325,0,0.0000),(1077,326,0,0.0000),(1078,327,0,0.0000),(1079,328,0,0.0000),(1080,329,0,0.0000),(1081,330,0,0.0000),(1082,331,0,0.0000),(1083,332,0,0.0000),(1084,333,0,0.0000),(1085,334,0,0.0000),(1086,335,0,0.0000),(1087,336,0,0.0000),(1088,337,0,0.0000),(1089,338,0,0.0000),(1090,339,0,0.0000),(1091,340,0,0.0000),(1092,341,0,0.0000),(1093,342,0,0.0000),(1094,343,0,0.0000),(1095,344,0,0.0000),(1096,345,0,0.0000),(1097,346,0,0.0000),(990,347,0,0.0000),(988,348,0,0.0000),(989,349,0,0.0000),(987,350,0,0.0000),(919,351,0,0.0000),(920,352,0,0.0000),(921,353,0,0.0000),(922,354,0,0.0000),(923,355,0,0.0000),(924,356,0,0.0000),(925,357,0,0.0000),(926,358,0,0.0000),(927,359,0,0.0000),(928,360,0,0.0000),(929,361,0,0.0000),(930,362,0,0.0000),(931,363,0,0.0000),(932,364,0,0.0000),(933,365,0,0.0000),(934,366,0,0.0000),(935,367,0,0.0000),(936,368,0,0.0000),(937,369,0,0.0000),(938,370,0,0.0000),(939,371,0,0.0000),(940,372,0,0.0000),(941,373,0,0.0000),(942,374,0,0.0000),(943,375,0,0.0000),(944,376,0,0.0000),(945,377,0,0.0000),(946,378,0,0.0000),(947,379,0,0.0000),(948,380,0,0.0000),(949,381,0,0.0000),(950,382,0,0.0000),(951,383,0,0.0000),(952,384,0,0.0000),(953,385,0,0.0000),(954,386,0,0.0000),(955,387,0,0.0000),(956,388,0,0.0000),(957,389,0,0.0000),(958,390,0,0.0000),(959,391,0,0.0000),(960,392,0,0.0000),(961,393,0,0.0000),(962,394,0,0.0000),(963,395,0,0.0000),(964,396,0,0.0000),(965,397,0,0.0000),(966,398,0,0.0000),(967,399,0,0.0000),(968,400,0,0.0000),(969,401,0,0.0000),(970,402,0,0.0000),(971,403,0,0.0000),(972,404,0,0.0000),(973,405,0,0.0000),(974,406,0,0.0000),(975,407,0,0.0000),(976,408,0,0.0000),(977,409,0,0.0000),(978,410,0,0.0000),(979,411,0,0.0000),(980,412,0,0.0000),(981,413,0,0.0000),(982,414,0,0.0000),(983,415,0,0.0000),(984,416,0,0.0000),(985,417,0,0.0000),(986,418,0,0.0000),(1099,418,1,0.0000),(1100,417,1,0.0000),(1101,416,1,0.0000),(1102,415,1,0.0000),(1103,414,1,0.0000),(1104,413,1,0.0000),(1105,412,1,0.0000),(1106,411,1,0.0000),(1107,410,1,0.0000),(1108,409,1,0.0000),(1109,408,1,0.0000),(1110,407,1,0.0000),(1111,406,1,0.0000),(1112,405,1,0.0000),(1113,404,1,0.0000),(1114,403,1,0.0000),(1115,402,1,0.0000),(1116,401,1,0.0000),(1117,400,1,0.0000),(1118,399,1,0.0000),(1119,398,1,0.0000),(1120,397,1,0.0000),(1121,396,1,0.0000),(1122,395,1,0.0000),(1123,394,1,0.0000),(1124,393,1,0.0000),(1125,392,1,0.0000),(1126,391,1,0.0000),(1127,390,1,0.0000),(1128,389,1,0.0000),(1129,388,1,0.0000),(1130,387,1,0.0000),(1131,386,1,0.0000),(1132,385,1,0.0000),(1133,384,1,0.0000),(1134,383,1,0.0000),(1135,382,1,0.0000),(1136,381,1,0.0000),(1137,380,1,0.0000),(1138,379,1,0.0000),(1139,378,1,0.0000),(1140,377,1,0.0000),(1141,376,1,0.0000),(1142,375,1,0.0000),(1143,374,1,0.0000),(1144,373,1,0.0000),(1145,372,1,0.0000),(1146,371,1,0.0000),(1147,370,1,0.0000),(1148,369,1,0.0000),(1149,368,1,0.0000),(1150,367,1,0.0000),(1151,366,1,0.0000),(1152,365,1,0.0000),(1153,364,1,0.0000),(1154,363,1,0.0000),(1155,362,1,0.0000),(1156,361,1,0.0000),(1157,360,1,0.0000),(1158,359,1,0.0000),(1159,358,1,0.0000),(1160,357,1,0.0000),(1161,356,1,0.0000),(1162,355,1,0.0000),(1163,354,1,0.0000),(1164,353,1,0.0000),(1165,352,1,0.0000),(1166,351,1,0.0000),(1167,350,1,0.0000),(1168,349,1,0.0000),(1169,348,1,0.0000),(1170,347,1,0.0000),(1171,346,1,0.0000),(1172,345,1,0.0000),(1173,344,1,0.0000),(1174,343,1,0.0000),(1175,342,1,0.0000),(1176,341,1,0.0000),(1177,340,1,0.0000),(1178,339,1,0.0000),(1179,338,1,0.0000),(1180,337,1,0.0000),(1181,336,1,0.0000),(1182,335,1,0.0000),(1183,334,1,0.0000),(1184,333,1,0.0000),(1185,332,1,0.0000),(1186,331,1,0.0000),(1187,330,1,0.0000),(1188,329,1,0.0000),(1189,328,1,0.0000),(1190,327,1,0.0000),(1191,326,1,0.0000),(1192,325,1,0.0000),(1193,324,1,0.0000),(1194,323,1,0.0000),(1195,322,1,0.0000),(1196,321,1,0.0000),(1197,320,1,0.0000),(1198,319,1,0.0000),(1199,236,1,0.0000),(1200,318,1,0.0000),(1201,317,1,0.0000),(1202,316,1,0.0000),(1203,315,1,0.0000),(1204,314,1,0.0000),(1205,313,1,0.0000),(1206,312,1,0.0000),(1207,311,1,0.0000),(1208,310,1,0.0000),(1209,309,1,0.0000),(1210,308,1,0.0000),(1211,307,1,0.0000),(1212,306,1,0.0000),(1213,305,1,0.0000),(1214,304,1,0.0000),(1215,303,1,0.0000),(1216,302,1,0.0000),(1217,301,1,0.0000),(1218,300,1,0.0000),(1219,299,1,0.0000),(1220,298,1,0.0000),(1221,297,1,0.0000),(1222,296,1,0.0000),(1223,295,1,0.0000),(1224,294,1,0.0000),(1225,293,1,0.0000),(1226,292,1,0.0000),(1227,291,1,0.0000),(1228,290,1,0.0000),(1229,289,1,0.0000),(1230,288,1,0.0000),(1231,287,1,0.0000),(1232,286,1,0.0000),(1233,285,1,0.0000),(1234,284,1,0.0000),(1235,283,1,0.0000),(1236,282,1,0.0000),(1237,281,1,0.0000),(1238,280,1,0.0000),(1239,279,1,0.0000),(1240,278,1,0.0000),(1241,277,1,0.0000),(1242,276,1,0.0000),(1243,275,1,0.0000),(1244,274,1,0.0000),(1245,273,1,0.0000),(1246,272,1,0.0000),(1247,271,1,0.0000),(1248,270,1,0.0000),(1249,269,1,0.0000),(1250,268,1,0.0000),(1251,267,1,0.0000),(1252,266,1,0.0000),(1253,265,1,0.0000),(1254,264,1,0.0000),(1255,263,1,0.0000),(1256,262,1,0.0000),(1257,261,1,0.0000),(1258,260,1,0.0000),(1259,259,1,0.0000),(1260,258,1,0.0000),(1261,257,1,0.0000),(1262,256,1,0.0000),(1263,255,1,0.0000),(1264,254,1,0.0000),(1265,253,1,0.0000),(1266,252,1,0.0000),(1267,251,1,0.0000),(1268,250,1,0.0000),(1269,249,1,0.0000),(1270,248,1,0.0000),(1271,247,1,0.0000),(1272,246,1,0.0000),(1273,245,1,0.0000),(1274,244,1,0.0000),(1275,243,1,0.0000),(1276,242,1,0.0000),(1277,241,1,0.0000),(1278,240,1,0.0000),(1279,239,1,0.0000),(4762,419,0,0.0000),(4562,420,0,0.0000),(4563,421,0,0.0000),(4564,422,0,0.0000),(4565,423,0,0.0000),(4566,424,0,0.0000),(4567,425,0,0.0000),(4568,426,0,0.0000),(4569,427,0,0.0000),(4570,428,0,0.0000),(4571,429,0,0.0000),(4572,430,0,0.0000),(4573,431,0,0.0000),(4574,432,0,0.0000),(4575,433,0,0.0000),(4576,434,0,0.0000),(4577,435,0,0.0000),(4578,436,0,0.0000),(4579,437,0,0.0000),(4580,438,0,0.0000),(4581,439,0,0.0000),(4582,440,0,0.0000),(4583,441,0,0.0000),(4584,442,0,0.0000),(4585,443,0,0.0000),(4586,444,0,0.0000),(4587,445,0,0.0000),(4588,446,0,0.0000),(4589,447,0,0.0000),(4590,448,0,0.0000),(4591,449,0,0.0000),(4592,450,0,0.0000),(4593,451,0,0.0000),(4594,452,0,0.0000),(4595,453,0,0.0000),(4596,454,0,0.0000),(4597,455,0,0.0000),(4598,456,0,0.0000),(4599,457,0,0.0000),(4600,458,0,0.0000),(4601,459,0,0.0000),(4602,460,0,0.0000),(4603,461,0,0.0000),(4604,462,0,0.0000),(4605,463,0,0.0000),(4606,464,0,0.0000),(4607,465,0,0.0000),(4608,466,0,0.0000),(4609,467,0,0.0000),(4610,468,0,0.0000),(4611,469,0,0.0000),(4612,470,0,0.0000),(4613,471,0,0.0000),(4614,472,0,0.0000),(4615,473,0,0.0000),(4616,474,0,0.0000),(4617,475,0,0.0000),(4618,476,0,0.0000),(4619,477,0,0.0000),(4620,478,0,0.0000),(4621,479,0,0.0000),(4622,480,0,0.0000),(4623,481,0,0.0000),(4624,482,0,0.0000),(4625,483,0,0.0000),(4626,484,0,0.0000),(4627,485,0,0.0000),(4628,486,0,0.0000),(4629,487,0,0.0000),(4630,488,0,0.0000),(4631,489,0,0.0000),(4632,490,0,0.0000),(4633,491,0,0.0000),(4634,492,0,0.0000),(4635,493,0,0.0000),(4636,494,0,0.0000),(4637,495,0,0.0000),(4638,496,0,0.0000),(4639,497,0,0.0000),(4640,498,0,0.0000),(4641,499,0,0.0000),(4642,500,0,0.0000),(4643,501,0,0.0000),(4644,502,0,0.0000),(4645,503,0,0.0000),(4646,504,0,0.0000),(4647,505,0,0.0000),(4648,506,0,0.0000),(4649,507,0,0.0000),(4650,508,0,0.0000),(4651,509,0,0.0000),(4652,510,0,0.0000),(4653,511,0,0.0000),(4654,512,0,0.0000),(4655,513,0,0.0000),(4656,514,0,0.0000),(4657,515,0,0.0000),(4658,516,0,0.0000),(4659,517,0,0.0000),(4660,518,0,0.0000),(4661,519,0,0.0000),(4662,520,0,0.0000),(4663,521,0,0.0000),(4664,522,0,0.0000),(4665,523,0,0.0000),(4666,524,0,0.0000),(4667,525,0,0.0000),(4668,526,0,0.0000),(4669,527,0,0.0000),(4670,528,0,0.0000),(4671,529,0,0.0000),(4672,530,0,0.0000),(4673,531,0,0.0000),(4674,532,0,0.0000),(4675,533,0,0.0000),(4676,534,0,0.0000),(4677,535,0,0.0000),(4678,536,0,0.0000),(4679,537,0,0.0000),(4680,538,0,0.0000),(4681,539,0,0.0000),(4682,540,0,0.0000),(4683,541,0,0.0000),(4684,542,0,0.0000),(4685,543,0,0.0000),(4686,544,0,0.0000),(4687,545,0,0.0000),(4688,546,0,0.0000),(4689,547,0,0.0000),(4690,548,0,0.0000),(4691,549,0,0.0000),(4692,550,0,0.0000),(4693,551,0,0.0000),(4694,552,0,0.0000),(4695,553,0,0.0000),(4696,554,0,0.0000),(4697,555,0,0.0000),(4698,556,0,0.0000),(4699,557,0,0.0000),(4700,558,0,0.0000),(4701,559,0,0.0000),(4702,560,0,0.0000),(4703,561,0,0.0000),(4704,562,0,0.0000),(4705,563,0,0.0000),(4706,564,0,0.0000),(4707,565,0,0.0000),(4708,566,0,0.0000),(4709,567,0,0.0000),(4710,568,0,0.0000),(4711,569,0,0.0000),(4712,570,0,0.0000),(4713,571,0,0.0000),(4714,572,0,0.0000),(4715,573,0,0.0000),(4716,574,0,0.0000),(4717,575,0,0.0000),(4718,576,0,0.0000),(4719,577,0,0.0000),(4720,578,0,0.0000),(4721,579,0,0.0000),(4722,580,0,0.0000),(4723,581,0,0.0000),(4724,582,0,0.0000),(4725,583,0,0.0000),(4726,584,0,0.0000),(4727,585,0,0.0000),(4728,586,0,0.0000),(4729,587,0,0.0000),(4730,588,0,0.0000),(4731,589,0,0.0000),(4732,590,0,0.0000),(4733,591,0,0.0000),(4734,592,0,0.0000),(4735,593,0,0.0000),(4736,594,0,0.0000),(4737,595,0,0.0000),(4738,596,0,0.0000),(4739,597,0,0.0000),(4740,598,0,0.0000),(4741,599,0,0.0000),(4742,600,0,0.0000),(4743,601,0,0.0000),(4744,602,0,0.0000),(4745,603,0,0.0000),(4746,604,0,0.0000),(4747,605,0,0.0000),(4748,606,0,0.0000),(4749,607,0,0.0000),(4750,608,0,0.0000),(4751,609,0,0.0000),(4752,610,0,0.0000),(4753,611,0,0.0000),(4754,612,0,0.0000),(4755,613,0,0.0000),(4756,614,0,0.0000),(4757,615,0,0.0000),(4758,616,0,0.0000),(4759,617,0,0.0000),(4760,618,0,0.0000),(4761,619,0,0.0000),(4312,620,0,0.0000),(4313,621,0,0.0000),(4314,622,0,0.0000),(4315,623,0,0.0000),(4316,624,0,0.0000),(4317,625,0,0.0000),(4318,626,0,0.0000),(4319,627,0,0.0000),(4320,628,0,0.0000),(4321,629,0,0.0000),(4322,630,0,0.0000),(4323,631,0,0.0000),(4324,632,0,0.0000),(4325,633,0,0.0000),(4326,634,0,0.0000),(4327,635,0,0.0000),(4328,636,0,0.0000),(4329,637,0,0.0000),(4330,638,0,0.0000),(4331,639,0,0.0000),(4332,640,0,0.0000),(4333,641,0,0.0000),(4334,642,0,0.0000),(4335,643,0,0.0000),(4336,644,0,0.0000),(4337,645,0,0.0000),(4338,646,0,0.0000),(4339,647,0,0.0000),(4340,648,0,0.0000),(4341,649,0,0.0000),(4342,650,0,0.0000),(4343,651,0,0.0000),(4344,652,0,0.0000),(4345,653,0,0.0000),(4346,654,0,0.0000),(4347,655,0,0.0000),(4348,656,0,0.0000),(4349,657,0,0.0000),(4350,658,0,0.0000),(4351,659,0,0.0000),(4352,660,0,0.0000),(4353,661,0,0.0000),(4354,662,0,0.0000),(4355,663,0,0.0000),(4356,664,0,0.0000),(4357,665,0,0.0000),(4358,666,0,0.0000),(4359,667,0,0.0000),(4360,668,0,0.0000),(4361,669,0,0.0000),(4362,670,0,0.0000),(4363,671,0,0.0000),(4364,672,0,0.0000),(4365,673,0,0.0000),(4366,674,0,0.0000),(4367,675,0,0.0000),(4368,676,0,0.0000),(4369,677,0,0.0000),(4370,678,0,0.0000),(4371,679,0,0.0000),(4372,680,0,0.0000),(4373,681,0,0.0000),(4374,682,0,0.0000),(4375,683,0,0.0000),(4376,684,0,0.0000),(4377,685,0,0.0000),(4378,686,0,0.0000),(4379,687,0,0.0000),(4380,688,0,0.0000),(4381,689,0,0.0000),(4382,690,0,0.0000),(4383,691,0,0.0000),(4384,692,0,0.0000),(4385,693,0,0.0000),(4386,694,0,0.0000),(4387,695,0,0.0000),(4388,696,0,0.0000),(4389,697,0,0.0000),(4390,698,0,0.0000),(4391,699,0,0.0000),(4392,700,0,0.0000),(4393,701,0,0.0000),(4394,702,0,0.0000),(4395,703,0,0.0000),(4396,704,0,0.0000),(4397,705,0,0.0000),(4398,706,0,0.0000),(4399,707,0,0.0000),(4400,708,0,0.0000),(4401,709,0,0.0000),(4402,710,0,0.0000),(4403,711,0,0.0000),(4404,712,0,0.0000),(4405,713,0,0.0000),(4406,714,0,0.0000),(4407,715,0,0.0000),(4408,716,0,0.0000),(4409,717,0,0.0000),(4410,718,0,0.0000),(4411,719,0,0.0000),(4412,720,0,0.0000),(4413,721,0,0.0000),(4414,722,0,0.0000),(4415,723,0,0.0000),(4416,724,0,0.0000),(4417,725,0,0.0000),(4418,726,0,0.0000),(4419,727,0,0.0000),(4420,728,0,0.0000),(4421,729,0,0.0000),(4422,730,0,0.0000),(4423,731,0,0.0000),(4424,732,0,0.0000),(4425,733,0,0.0000),(4426,734,0,0.0000),(4427,735,0,0.0000),(4428,736,0,0.0000),(4429,737,0,0.0000),(4430,738,0,0.0000),(4431,739,0,0.0000),(4432,740,0,0.0000),(4433,741,0,0.0000),(4434,742,0,0.0000),(4435,743,0,0.0000),(4436,744,0,0.0000),(4437,745,0,0.0000),(4438,746,0,0.0000),(4439,747,0,0.0000),(4440,748,0,0.0000),(4441,749,0,0.0000),(4442,750,0,0.0000),(4443,751,0,0.0000),(4444,752,0,0.0000),(4445,753,0,0.0000),(4446,754,0,0.0000),(4447,755,0,0.0000),(4448,756,0,0.0000),(4449,757,0,0.0000),(4450,758,0,0.0000),(4451,759,0,0.0000),(4452,760,0,0.0000),(4453,761,0,0.0000),(4454,762,0,0.0000),(4455,763,0,0.0000),(4456,764,0,0.0000),(4457,765,0,0.0000),(4458,766,0,0.0000),(4459,767,0,0.0000),(4460,768,0,0.0000),(4461,769,0,0.0000),(4462,770,0,0.0000),(4463,771,0,0.0000),(4464,772,0,0.0000),(4465,773,0,0.0000),(4466,774,0,0.0000),(4467,775,0,0.0000),(4468,776,0,0.0000),(4469,777,0,0.0000),(4470,778,0,0.0000),(4471,779,0,0.0000),(4472,780,0,0.0000),(4473,781,0,0.0000),(4474,782,0,0.0000),(4475,783,0,0.0000),(4476,784,0,0.0000),(4477,785,0,0.0000),(4478,786,0,0.0000),(4479,787,0,0.0000),(4480,788,0,0.0000),(4481,789,0,0.0000),(4482,790,0,0.0000),(4483,791,0,0.0000),(4484,792,0,0.0000),(4485,793,0,0.0000),(4486,794,0,0.0000),(4487,795,0,0.0000),(4488,796,0,0.0000),(4489,797,0,0.0000),(4490,798,0,0.0000),(4491,799,0,0.0000),(4492,800,0,0.0000),(4493,801,0,0.0000),(4494,802,0,0.0000),(4495,803,0,0.0000),(4496,804,0,0.0000),(4497,805,0,0.0000),(4498,806,0,0.0000),(4499,807,0,0.0000),(4500,808,0,0.0000),(4501,809,0,0.0000),(4502,810,0,0.0000),(4503,811,0,0.0000),(4504,812,0,0.0000),(4505,813,0,0.0000),(4506,814,0,0.0000),(4507,815,0,0.0000),(4508,816,0,0.0000),(4509,817,0,0.0000),(4510,818,0,0.0000),(4511,819,0,0.0000),(4512,820,0,0.0000),(4513,821,0,0.0000),(4514,822,0,0.0000),(4515,823,0,0.0000),(4516,824,0,0.0000),(4517,825,0,0.0000),(4518,826,0,0.0000),(4519,827,0,0.0000),(4520,828,0,0.0000),(4521,829,0,0.0000),(4522,830,0,0.0000),(4523,831,0,0.0000),(4524,832,0,0.0000),(4525,833,0,0.0000),(4526,834,0,0.0000),(4527,835,0,0.0000),(4528,836,0,0.0000),(4529,837,0,0.0000),(4530,838,0,0.0000),(4531,839,0,0.0000),(4532,840,0,0.0000),(4533,841,0,0.0000),(4534,842,0,0.0000),(4535,843,0,0.0000),(4536,844,0,0.0000),(4537,845,0,0.0000),(4538,846,0,0.0000),(4539,847,0,0.0000),(4540,848,0,0.0000),(4541,849,0,0.0000),(4542,850,0,0.0000),(4543,851,0,0.0000),(4544,852,0,0.0000),(4545,853,0,0.0000),(4546,854,0,0.0000),(4547,855,0,0.0000),(4548,856,0,0.0000),(4549,857,0,0.0000),(4550,858,0,0.0000),(4551,859,0,0.0000),(4552,860,0,0.0000),(4553,861,0,0.0000),(4554,862,0,0.0000),(4555,863,0,0.0000),(4556,864,0,0.0000),(4557,865,0,0.0000),(4558,866,0,0.0000),(4559,867,0,0.0000),(4560,868,0,0.0000),(4561,869,0,0.0000),(4262,870,0,0.0000),(4263,871,0,0.0000),(4264,872,0,0.0000),(4265,873,0,0.0000),(4266,874,0,0.0000),(4267,875,0,0.0000),(4268,876,0,0.0000),(4269,877,0,0.0000),(4270,878,0,0.0000),(4271,879,0,0.0000),(4272,880,0,0.0000),(4273,881,0,0.0000),(4274,882,0,0.0000),(4275,883,0,0.0000),(4276,884,0,0.0000),(4277,885,0,0.0000),(4278,886,0,0.0000),(4279,887,0,0.0000),(4280,888,0,0.0000),(4281,889,0,0.0000),(4282,890,0,0.0000),(4283,891,0,0.0000),(4284,892,0,0.0000),(4285,893,0,0.0000),(4286,894,0,0.0000),(4287,895,0,0.0000),(4288,896,0,0.0000),(4289,897,0,0.0000),(4290,898,0,0.0000),(4291,899,0,0.0000),(4292,900,0,0.0000),(4293,901,0,0.0000),(4294,902,0,0.0000),(4295,903,0,0.0000),(4296,904,0,0.0000),(4297,905,0,0.0000),(4298,906,0,0.0000),(4299,907,0,0.0000),(4300,908,0,0.0000),(4301,909,0,0.0000),(4302,910,0,0.0000),(4303,911,0,0.0000),(4304,912,0,0.0000),(4305,913,0,0.0000),(4306,914,0,0.0000),(4307,915,0,0.0000),(4308,916,0,0.0000),(4309,917,0,0.0000),(4310,918,0,0.0000),(4311,919,0,0.0000),(4139,920,0,0.0000),(4140,921,0,0.0000),(4141,922,0,0.0000),(4142,923,0,0.0000),(4143,924,0,0.0000),(4144,925,0,0.0000),(4145,926,0,0.0000),(4146,927,0,0.0000),(4147,928,0,0.0000),(4148,929,0,0.0000),(4149,930,0,0.0000),(4150,931,0,0.0000),(4151,932,0,0.0000),(4152,933,0,0.0000),(4153,934,0,0.0000),(4154,935,0,0.0000),(4155,936,0,0.0000),(4156,937,0,0.0000),(4157,938,0,0.0000),(4158,939,0,0.0000),(4159,940,0,0.0000),(4160,941,0,0.0000),(4161,942,0,0.0000),(4162,943,0,0.0000),(4163,944,0,0.0000),(4164,945,0,0.0000),(4165,946,0,0.0000),(4166,947,0,0.0000),(4167,948,0,0.0000),(4168,949,0,0.0000),(4169,950,0,0.0000),(4170,951,0,0.0000),(4171,952,0,0.0000),(4172,953,0,0.0000),(4173,954,0,0.0000),(4174,955,0,0.0000),(4175,956,0,0.0000),(4176,957,0,0.0000),(4177,958,0,0.0000),(4178,959,0,0.0000),(4179,960,0,0.0000),(4180,961,0,0.0000),(4181,962,0,0.0000),(4182,963,0,0.0000),(4183,964,0,0.0000),(4184,965,0,0.0000),(4185,966,0,0.0000),(4186,967,0,0.0000),(4187,968,0,0.0000),(4188,969,0,0.0000),(4189,970,0,0.0000),(4190,971,0,0.0000),(4191,972,0,0.0000),(4192,973,0,0.0000),(4193,974,0,0.0000),(4194,975,0,0.0000),(4195,976,0,0.0000),(4196,977,0,0.0000),(4197,978,0,0.0000),(4198,979,0,0.0000),(4199,980,0,0.0000),(4200,981,0,0.0000),(4201,982,0,0.0000),(4202,983,0,0.0000),(4203,984,0,0.0000),(4204,985,0,0.0000),(4205,986,0,0.0000),(4206,987,0,0.0000),(4207,988,0,0.0000),(4208,989,0,0.0000),(4209,990,0,0.0000),(4210,991,0,0.0000),(4211,992,0,0.0000),(4212,993,0,0.0000),(4213,994,0,0.0000),(4214,995,0,0.0000),(4215,996,0,0.0000),(4216,997,0,0.0000),(4217,998,0,0.0000),(4218,999,0,0.0000),(4219,1000,0,0.0000),(4220,1001,0,0.0000),(4221,1002,0,0.0000),(4222,1003,0,0.0000),(4223,1004,0,0.0000),(4224,1005,0,0.0000),(4225,1006,0,0.0000),(4226,1007,0,0.0000),(4227,1008,0,0.0000),(4228,1009,0,0.0000),(4229,1010,0,0.0000),(4230,1011,0,0.0000),(4231,1012,0,0.0000),(4232,1013,0,0.0000),(4233,1014,0,0.0000),(4234,1015,0,0.0000),(4235,1016,0,0.0000),(4236,1017,0,0.0000),(4237,1018,0,0.0000),(4238,1019,0,0.0000),(4239,1020,0,0.0000),(4240,1021,0,0.0000),(4241,1022,0,0.0000),(4242,1023,0,0.0000),(4243,1024,0,0.0000),(4244,1025,0,0.0000),(4245,1026,0,0.0000),(4246,1027,0,0.0000),(4247,1028,0,0.0000),(4248,1029,0,0.0000),(4249,1030,0,0.0000),(4250,1031,0,0.0000),(4251,1032,0,0.0000),(4252,1033,0,0.0000),(4253,1034,0,0.0000),(4254,1035,0,0.0000),(4255,1036,0,0.0000),(4256,1037,0,0.0000),(4257,1038,0,0.0000),(4258,1039,0,0.0000),(4259,1040,0,0.0000),(4260,1041,0,0.0000),(4261,1042,0,0.0000),(3888,1043,0,0.0000),(3889,1044,0,0.0000),(3890,1045,0,0.0000),(3891,1046,0,0.0000),(3892,1047,0,0.0000),(3893,1048,0,0.0000),(3894,1049,0,0.0000),(3895,1050,0,0.0000),(3896,1051,0,0.0000),(3897,1052,0,0.0000),(3898,1053,0,0.0000),(3899,1054,0,0.0000),(3900,1055,0,0.0000),(3901,1056,0,0.0000),(3902,1057,0,0.0000),(3903,1058,0,0.0000),(3904,1059,0,0.0000),(3905,1060,0,0.0000),(3906,1061,0,0.0000),(3907,1062,0,0.0000),(3908,1063,0,0.0000),(3909,1064,0,0.0000),(3910,1065,0,0.0000),(3911,1066,0,0.0000),(3912,1067,0,0.0000),(3913,1068,0,0.0000),(3914,1069,0,0.0000),(3915,1070,0,0.0000),(3916,1071,0,0.0000),(3917,1072,0,0.0000),(3918,1073,0,0.0000),(3919,1074,0,0.0000),(3920,1075,0,0.0000),(3921,1076,0,0.0000),(3922,1077,0,0.0000),(3923,1078,0,0.0000),(3924,1079,0,0.0000),(3925,1080,0,0.0000),(3926,1081,0,0.0000),(3927,1082,0,0.0000),(3928,1083,0,0.0000),(3929,1084,0,0.0000),(3930,1085,0,0.0000),(3931,1086,0,0.0000),(3932,1087,0,0.0000),(3933,1088,0,0.0000),(3934,1089,0,0.0000),(3935,1090,0,0.0000),(3936,1091,0,0.0000),(3937,1092,0,0.0000),(3938,1093,0,0.0000),(3939,1094,0,0.0000),(3940,1095,0,0.0000),(3941,1096,0,0.0000),(3942,1097,0,0.0000),(3943,1098,0,0.0000),(3944,1099,0,0.0000),(3945,1100,0,0.0000),(3946,1101,0,0.0000),(3947,1102,0,0.0000),(3948,1103,0,0.0000),(3949,1104,0,0.0000),(3950,1105,0,0.0000),(3951,1106,0,0.0000),(3952,1107,0,0.0000),(3953,1108,0,0.0000),(3954,1109,0,0.0000),(3955,1110,0,0.0000),(3956,1111,0,0.0000),(3957,1112,0,0.0000),(3958,1113,0,0.0000),(3959,1114,0,0.0000),(3960,1115,0,0.0000),(3961,1116,0,0.0000),(3962,1117,0,0.0000),(3963,1118,0,0.0000),(3964,1119,0,0.0000),(3965,1120,0,0.0000),(3966,1121,0,0.0000),(3967,1122,0,0.0000),(3968,1123,0,0.0000),(3969,1124,0,0.0000),(3970,1125,0,0.0000),(3971,1126,0,0.0000),(3972,1127,0,0.0000),(3973,1128,0,0.0000),(3974,1129,0,0.0000),(3975,1130,0,0.0000),(3976,1131,0,0.0000),(3977,1132,0,0.0000),(3978,1133,0,0.0000),(3979,1134,0,0.0000),(3980,1135,0,0.0000),(3981,1136,0,0.0000),(3982,1137,0,0.0000),(3983,1138,0,0.0000),(3984,1139,0,0.0000),(3985,1140,0,0.0000),(3986,1141,0,0.0000),(3987,1142,0,0.0000),(3988,1143,0,0.0000),(3989,1144,0,0.0000),(3990,1145,0,0.0000),(3991,1146,0,0.0000),(3992,1147,0,0.0000),(3993,1148,0,0.0000),(3994,1149,0,0.0000),(3995,1150,0,0.0000),(3996,1151,0,0.0000),(3997,1152,0,0.0000),(3998,1153,0,0.0000),(3999,1154,0,0.0000),(4000,1155,0,0.0000),(4001,1156,0,0.0000),(4002,1157,0,0.0000),(4003,1158,0,0.0000),(4004,1159,0,0.0000),(4005,1160,0,0.0000),(4006,1161,0,0.0000),(4007,1162,0,0.0000),(4008,1163,0,0.0000),(4009,1164,0,0.0000),(4010,1165,0,0.0000),(4011,1166,0,0.0000),(4012,1167,0,0.0000),(4013,1168,0,0.0000),(4014,1169,0,0.0000),(4015,1170,0,0.0000),(4016,1171,0,0.0000),(4017,1172,0,0.0000),(4018,1173,0,0.0000),(4019,1174,0,0.0000),(4020,1175,0,0.0000),(4021,1176,0,0.0000),(4022,1177,0,0.0000),(4023,1178,0,0.0000),(4024,1179,0,0.0000),(4025,1180,0,0.0000),(4026,1181,0,0.0000),(4027,1182,0,0.0000),(4028,1183,0,0.0000),(4029,1184,0,0.0000),(4030,1185,0,0.0000),(4031,1186,0,0.0000),(4032,1187,0,0.0000),(4033,1188,0,0.0000),(4034,1189,0,0.0000),(4035,1190,0,0.0000),(4036,1191,0,0.0000),(4037,1192,0,0.0000),(4038,1193,0,0.0000),(4039,1194,0,0.0000),(4040,1195,0,0.0000),(4041,1196,0,0.0000),(4042,1197,0,0.0000),(4043,1198,0,0.0000),(4044,1199,0,0.0000),(4045,1200,0,0.0000),(4046,1201,0,0.0000),(4047,1202,0,0.0000),(4048,1203,0,0.0000),(4049,1204,0,0.0000),(4050,1205,0,0.0000),(4051,1206,0,0.0000),(4052,1207,0,0.0000),(4053,1208,0,0.0000),(4054,1209,0,0.0000),(4055,1210,0,0.0000),(4056,1211,0,0.0000),(4057,1212,0,0.0000),(4058,1213,0,0.0000),(4059,1214,0,0.0000),(4060,1215,0,0.0000),(4061,1216,0,0.0000),(4062,1217,0,0.0000),(4063,1218,0,0.0000),(4064,1219,0,0.0000),(4065,1220,0,0.0000),(4066,1221,0,0.0000),(4067,1222,0,0.0000),(4068,1223,0,0.0000),(4069,1224,0,0.0000),(4070,1225,0,0.0000),(4071,1226,0,0.0000),(4072,1227,0,0.0000),(4073,1228,0,0.0000),(4074,1229,0,0.0000),(4075,1230,0,0.0000),(4076,1231,0,0.0000),(4077,1232,0,0.0000),(4078,1233,0,0.0000),(4079,1234,0,0.0000),(4080,1235,0,0.0000),(4081,1236,0,0.0000),(4082,1237,0,0.0000),(4083,1238,0,0.0000),(4084,1239,0,0.0000),(4085,1240,0,0.0000),(4086,1241,0,0.0000),(4087,1242,0,0.0000),(4088,1243,0,0.0000),(4089,1244,0,0.0000),(4090,1245,0,0.0000),(4091,1246,0,0.0000),(4092,1247,0,0.0000),(4093,1248,0,0.0000),(4094,1249,0,0.0000),(4095,1250,0,0.0000),(4096,1251,0,0.0000),(4097,1252,0,0.0000),(4098,1253,0,0.0000),(4099,1254,0,0.0000),(4100,1255,0,0.0000),(4101,1256,0,0.0000),(4102,1257,0,0.0000),(4103,1258,0,0.0000),(4104,1259,0,0.0000),(4105,1260,0,0.0000),(4106,1261,0,0.0000),(4107,1262,0,0.0000),(4108,1263,0,0.0000),(4109,1264,0,0.0000),(4110,1265,0,0.0000),(4111,1266,0,0.0000),(4112,1267,0,0.0000),(4113,1268,0,0.0000),(4114,1269,0,0.0000),(4115,1270,0,0.0000),(4116,1271,0,0.0000),(4117,1272,0,0.0000),(4118,1273,0,0.0000),(4119,1274,0,0.0000),(4120,1275,0,0.0000),(4121,1276,0,0.0000),(4122,1277,0,0.0000),(4123,1278,0,0.0000),(4124,1279,0,0.0000),(4125,1280,0,0.0000),(4126,1281,0,0.0000),(4127,1282,0,0.0000),(4128,1283,0,0.0000),(4129,1284,0,0.0000),(4130,1285,0,0.0000),(4131,1286,0,0.0000),(4132,1287,0,0.0000),(4133,1288,0,0.0000),(4134,1289,0,0.0000),(4135,1290,0,0.0000),(4136,1291,0,0.0000),(4137,1292,0,0.0000),(4138,1293,0,0.0000),(3762,1294,0,0.0000),(3763,1295,0,0.0000),(3764,1296,0,0.0000),(3765,1297,0,0.0000),(3766,1298,0,0.0000),(3767,1299,0,0.0000),(3768,1300,0,0.0000),(3769,1301,0,0.0000),(3770,1302,0,0.0000),(3771,1303,0,0.0000),(3772,1304,0,0.0000),(3773,1305,0,0.0000),(3774,1306,0,0.0000),(3775,1307,0,0.0000),(3776,1308,0,0.0000),(3777,1309,0,0.0000),(3778,1310,0,0.0000),(3779,1311,0,0.0000),(3780,1312,0,0.0000),(3781,1313,0,0.0000),(3782,1314,0,0.0000),(3783,1315,0,0.0000),(3784,1316,0,0.0000),(3785,1317,0,0.0000),(3786,1318,0,0.0000),(3787,1319,0,0.0000),(3788,1320,0,0.0000),(3789,1321,0,0.0000),(3790,1322,0,0.0000),(3791,1323,0,0.0000),(3792,1324,0,0.0000),(3793,1325,0,0.0000),(3794,1326,0,0.0000),(3795,1327,0,0.0000),(3796,1328,0,0.0000),(3797,1329,0,0.0000),(3798,1330,0,0.0000),(3799,1331,0,0.0000),(3800,1332,0,0.0000),(3801,1333,0,0.0000),(3802,1334,0,0.0000),(3803,1335,0,0.0000),(3804,1336,0,0.0000),(3805,1337,0,0.0000),(3806,1338,0,0.0000),(3807,1339,0,0.0000),(3808,1340,0,0.0000),(3809,1341,0,0.0000),(3810,1342,0,0.0000),(3811,1343,0,0.0000),(3812,1344,0,0.0000),(3813,1345,0,0.0000),(3814,1346,0,0.0000),(3815,1347,0,0.0000),(3816,1348,0,0.0000),(3817,1349,0,0.0000),(3818,1350,0,0.0000),(3819,1351,0,0.0000),(3820,1352,0,0.0000),(3821,1353,0,0.0000),(3822,1354,0,0.0000),(3823,1355,0,0.0000),(3824,1356,0,0.0000),(3825,1357,0,0.0000),(3826,1358,0,0.0000),(3827,1359,0,0.0000),(3828,1360,0,0.0000),(3829,1361,0,0.0000),(3830,1362,0,0.0000),(3831,1363,0,0.0000),(3832,1364,0,0.0000),(3833,1365,0,0.0000),(3834,1366,0,0.0000),(3835,1367,0,0.0000),(3836,1368,0,0.0000),(3837,1369,0,0.0000),(3838,1370,0,0.0000),(3839,1371,0,0.0000),(3840,1372,0,0.0000),(3841,1373,0,0.0000),(3842,1374,0,0.0000),(3843,1375,0,0.0000),(3844,1376,0,0.0000),(3845,1377,0,0.0000),(3846,1378,0,0.0000),(3847,1379,0,0.0000),(3848,1380,0,0.0000),(3849,1381,0,0.0000),(3850,1382,0,0.0000),(3851,1383,0,0.0000),(3852,1384,0,0.0000),(3853,1385,0,0.0000),(3854,1386,0,0.0000),(3855,1387,0,0.0000),(3856,1388,0,0.0000),(3857,1389,0,0.0000),(3858,1390,0,0.0000),(3859,1391,0,0.0000),(3860,1392,0,0.0000),(3861,1393,0,0.0000),(3862,1394,0,0.0000),(3863,1395,0,0.0000),(3864,1396,0,0.0000),(3865,1397,0,0.0000),(3866,1398,0,0.0000),(3867,1399,0,0.0000),(3868,1400,0,0.0000),(3869,1401,0,0.0000),(3870,1402,0,0.0000),(3871,1403,0,0.0000),(3872,1404,0,0.0000),(3873,1405,0,0.0000),(3874,1406,0,0.0000),(3875,1407,0,0.0000),(3876,1408,0,0.0000),(3877,1409,0,0.0000),(3878,1410,0,0.0000),(3879,1411,0,0.0000),(3880,1412,0,0.0000),(3881,1413,0,0.0000),(3882,1414,0,0.0000),(3883,1415,0,0.0000),(3884,1416,0,0.0000),(3885,1417,0,0.0000),(3886,1418,0,0.0000),(3887,1419,0,0.0000),(3724,1420,0,0.0000),(3725,1421,0,0.0000),(3726,1422,0,0.0000),(3727,1423,0,0.0000),(3728,1424,0,0.0000),(3729,1425,0,0.0000),(3730,1426,0,0.0000),(3731,1427,0,0.0000),(3732,1428,0,0.0000),(3733,1429,0,0.0000),(3734,1430,0,0.0000),(3735,1431,0,0.0000),(3736,1432,0,0.0000),(3737,1433,0,0.0000),(3738,1434,0,0.0000),(3739,1435,0,0.0000),(3740,1436,0,0.0000),(3741,1437,0,0.0000),(3742,1438,0,0.0000),(3743,1439,0,0.0000),(3744,1440,0,0.0000),(3745,1441,0,0.0000),(3746,1442,0,0.0000),(3747,1443,0,0.0000),(3748,1444,0,0.0000),(3749,1445,0,0.0000),(3750,1446,0,0.0000),(3751,1447,0,0.0000),(3752,1448,0,0.0000),(3753,1449,0,0.0000),(3754,1450,0,0.0000),(3755,1451,0,0.0000),(3756,1452,0,0.0000),(3757,1453,0,0.0000),(3758,1454,0,0.0000),(3759,1455,0,0.0000),(3760,1456,0,0.0000),(3761,1457,0,0.0000),(3602,1458,0,0.0000),(3603,1459,0,0.0000),(3604,1460,0,0.0000),(3605,1461,0,0.0000),(3606,1462,0,0.0000),(3607,1463,0,0.0000),(3608,1464,0,0.0000),(3609,1465,0,0.0000),(3610,1466,0,0.0000),(3611,1467,0,0.0000),(3612,1468,0,0.0000),(3613,1469,0,0.0000),(3614,1470,0,0.0000),(3615,1471,0,0.0000),(3616,1472,0,0.0000),(3617,1473,0,0.0000),(3618,1474,0,0.0000),(3619,1475,0,0.0000),(3620,1476,0,0.0000),(3621,1477,0,0.0000),(3622,1478,0,0.0000),(3623,1479,0,0.0000),(3624,1480,0,0.0000),(3625,1481,0,0.0000),(3626,1482,0,0.0000),(3627,1483,0,0.0000),(3628,1484,0,0.0000),(3629,1485,0,0.0000),(3630,1486,0,0.0000),(3631,1487,0,0.0000),(3632,1488,0,0.0000),(3633,1489,0,0.0000),(3634,1490,0,0.0000),(3635,1491,0,0.0000),(3636,1492,0,0.0000),(3637,1493,0,0.0000),(3638,1494,0,0.0000),(3639,1495,0,0.0000),(3640,1496,0,0.0000),(3641,1497,0,0.0000),(3642,1498,0,0.0000),(3643,1499,0,0.0000),(3644,1500,0,0.0000),(3645,1501,0,0.0000),(3646,1502,0,0.0000),(3647,1503,0,0.0000),(3648,1504,0,0.0000),(3649,1505,0,0.0000),(3650,1506,0,0.0000),(3651,1507,0,0.0000),(3652,1508,0,0.0000),(3653,1509,0,0.0000),(3654,1510,0,0.0000),(3655,1511,0,0.0000),(3656,1512,0,0.0000),(3657,1513,0,0.0000),(3658,1514,0,0.0000),(3659,1515,0,0.0000),(3660,1516,0,0.0000),(3661,1517,0,0.0000),(3662,1518,0,0.0000),(3663,1519,0,0.0000),(3664,1520,0,0.0000),(3665,1521,0,0.0000),(3666,1522,0,0.0000),(3667,1523,0,0.0000),(3668,1524,0,0.0000),(3669,1525,0,0.0000),(3670,1526,0,0.0000),(3671,1527,0,0.0000),(3672,1528,0,0.0000),(3673,1529,0,0.0000),(3674,1530,0,0.0000),(3675,1531,0,0.0000),(3676,1532,0,0.0000),(3677,1533,0,0.0000),(3678,1534,0,0.0000),(3679,1535,0,0.0000),(3680,1536,0,0.0000),(3681,1537,0,0.0000),(3682,1538,0,0.0000),(3683,1539,0,0.0000),(3684,1540,0,0.0000),(3685,1541,0,0.0000),(3686,1542,0,0.0000),(3687,1543,0,0.0000),(3688,1544,0,0.0000),(3689,1545,0,0.0000),(3690,1546,0,0.0000),(3691,1547,0,0.0000),(3692,1548,0,0.0000),(3693,1549,0,0.0000),(3694,1550,0,0.0000),(3695,1551,0,0.0000),(3696,1552,0,0.0000),(3697,1553,0,0.0000),(3698,1554,0,0.0000),(3699,1555,0,0.0000),(3700,1556,0,0.0000),(3701,1557,0,0.0000),(3702,1558,0,0.0000),(3703,1559,0,0.0000),(3704,1560,0,0.0000),(3705,1561,0,0.0000),(3706,1562,0,0.0000),(3707,1563,0,0.0000),(3708,1564,0,0.0000),(3709,1565,0,0.0000),(3710,1566,0,0.0000),(3711,1567,0,0.0000),(3712,1568,0,0.0000),(3713,1569,0,0.0000),(3714,1570,0,0.0000),(3715,1571,0,0.0000),(3716,1572,0,0.0000),(3717,1573,0,0.0000),(3718,1574,0,0.0000),(3719,1575,0,0.0000),(3720,1576,0,0.0000),(3721,1577,0,0.0000),(3722,1578,0,0.0000),(3723,1579,0,0.0000),(4763,1579,1,0.0000),(4764,1578,1,0.0000),(4765,1577,1,0.0000),(4766,1576,1,0.0000),(4767,1575,1,0.0000),(4768,1574,1,0.0000),(4769,1573,1,0.0000),(4770,1572,1,0.0000),(4771,1571,1,0.0000),(4772,1570,1,0.0000),(4773,1569,1,0.0000),(4774,1568,1,0.0000),(4775,1563,1,0.0000),(4776,1567,1,0.0000),(4777,1566,1,0.0000),(4778,1565,1,0.0000),(4779,1564,1,0.0000),(4780,1562,1,0.0000),(4781,1561,1,0.0000),(4782,1560,1,0.0000),(4783,1559,1,0.0000),(4784,1558,1,0.0000),(4785,1557,1,0.0000),(4786,1556,1,0.0000),(4787,1554,1,0.0000),(4788,1480,1,0.0000),(4789,1477,1,0.0000),(4790,1580,1,0.0000),(4791,1581,1,0.0000),(4792,1487,1,0.0000),(4793,1582,1,0.0000),(4794,1583,1,0.0000),(4795,1584,1,0.0000),(4796,1585,1,0.0000),(4797,1586,1,0.0000),(4798,1587,1,0.0000),(4799,1588,1,0.0000),(4800,1589,1,0.0000),(4801,1590,1,0.0000),(4802,1591,1,0.0000),(4803,1592,1,0.0000),(4804,1593,1,0.0000),(4805,1594,1,0.0000),(4806,1595,1,0.0000),(4807,1596,1,0.0000),(4808,1597,1,0.0000),(4809,1599,1,0.0000),(4810,1598,1,0.0000);

--
