(525,271,184.4500,'271_0.jpg','0',1,'124971','','RetroStyle','Absauge-Urinal one Zulauf von oben weiß VIGOUR','','<p>Absauge-Urinal one Zulauf von oben wei&#223; VIGOUR</p>\r\n<p>Urinal DIN-EN 80 und DIN-EN 997 aus Kristallporzellan Zulauf von oben Ablauf nach hinten oder unten verwendbar inklusive Befestigungssatz H&#246;he: 557 mm Breite: 360 mm Tiefe: 337 mm Farbe: wei&#223; Fabrikat: VIGOUR Modell: one Artikel-Nr.: ONUZO</p>','FixedPriceItem',0.0000,0,1,'Remscheid','DE','','','','1',2,10,'ebay-template.html','2960497119',1,1,0,0,'Badkeramik','','',0,0,0,0,0,'Germany','Vielen Dank für Ihre Bestellung. Solletn Sie Fragen zu Ihrem Auftrag oder auch uns haben, so kommen Sie bitte direkt auf uns zu.',0,'meinbad-guenstiger',0,0,'','',0,'to_qty',-1000,'','','42853',0,7,0,1000,'',0,'','',0,'Days_14','Buyer','Nicht zutreffend','',1,'117578629013','117578675013','117578889013'),(526,270,86.7500,'270_0.jpg','0',1,'124971','','RetroStyle','Stand-Flachspül-WC one Abgang waagerecht weiß VIGOUR','','<p>Stand-Flachsp&#252;l-WC one Abgang waagerecht wei&#223; VIGOUR</p>\r\n<p>Stand-Flachsp&#252;l-WC DIN-EN33 und DIN-EN 997 aus Kristallporzellan mit glasiertem Sp&#252;lrand Abgang waagerecht H&#246;he: 395 mm Breite: 370 mm Tiefe: 480 mm Farbe: wei&#223; Fabrikat: VIGOUR Modell: one Artikel-Nr.: ONWCF</p>','FixedPriceItem',0.0000,0,1,'Remscheid','DE','','','','1',2,10,'ebay-template.html','2960497119',1,1,0,0,'Badkeramik','','',0,0,0,0,0,'Germany','Vielen Dank für Ihre Bestellung. Solletn Sie Fragen zu Ihrem Auftrag oder auch uns haben, so kommen Sie bitte direkt auf uns zu.',0,'meinbad-guenstiger',0,0,'','',0,'to_qty',-1000,'','','42853',0,7,0,1000,'',0,'','',0,'Days_14','Buyer','Nicht zutreffend','',1,'117578629013','117578675013','117578889013'),(527,269,86.6300,'269_0.jpg','0',1,'124971','','RetroStyle','Stand-Tiefspül-WC one Abgang waagerecht weiß VIGOUR','','<p>Stand-Tiefsp&#252;l-WC one Abgang waagerecht wei&#223; VIGOUR</p>\r\n<p>Stand-Tiefsp&#252;l-WC DIN-EN 33 und DIN-EN 997 aus Kristallporzellan mit glasiertem Sp&#252;lrand Abgang waagerecht H&#246;he: 400 mm Breite: 358 mm Tiefe: 462 mm Farbe: wei&#223; Fabrikat: VIGOUR Modell: one Artikel-Nr.: ONWC</p>','FixedPriceItem',0.0000,0,1,'Remscheid','DE','','','','1',2,10,'ebay-template.html','2960497119',1,1,0,0,'Badkeramik','','',0,0,0,0,0,'Germany','Vielen Dank für Ihre Bestellung. Solletn Sie Fragen zu Ihrem Auftrag oder auch uns haben, so kommen Sie bitte direkt auf uns zu.',0,'meinbad-guenstiger',0,0,'','',0,'to_qty',-1000,'','','42853',0,7,0,1000,'',0,'','',0,'Days_14','Buyer','Nicht zutreffend','',1,'117578629013','117578675013','117578889013'),(528,1598,81.0000,'1598_0.jpg','0',1,'124971','','RetroStyle','Ideal Standard Premio Einhebel-Waschtisch Armatur mit Ablaufgarnitur (Metall)','','','FixedPriceItem',0.0000,0,12,'Remscheid','DE',NULL,NULL,NULL,'1',2,15,'ebay-template.html','2960501519',1,1,0,0,'Badarmaturen','','',0,0,0,0,0,'Germany','Vielen Dank für Ihre Bestellung. Solletn Sie Fragen zu Ihrem Auftrag oder auch uns haben, so kommen Sie bitte direkt auf uns zu.',0,'meinbad-guenstiger',0,0,'','',0,'to_qty',-1000,'','','42853',0,7,0,1000,'',0,'','',0,'Days_14','Buyer','','',0,'117578629013','117578675013','117578889013');

--
-- Table structure for table `ebay_products_characteristics`
--

CREATE TABLE `ebay_products_characteristics` (
  `ebay_products_characteristics_id` int(11) NOT NULL AUTO_INCREMENT,
  `ebay_products_id` int(11) NOT NULL DEFAULT '0',
  `category_number` tinyint(4) NOT NULL DEFAULT '0',
  `attribute_set_id` int(11) NOT NULL DEFAULT '0',
  `attribute_type` varchar(8) CHARACTER SET latin1 COLLATE latin1_german2_ci NOT NULL DEFAULT '',
  `attribute_id` int(11) NOT NULL DEFAULT '0',
  `attribute_value` text CHARACTER SET latin1 COLLATE latin1_german2_ci NOT NULL,
  PRIMARY KEY (`ebay_products_characteristics_id`),
  KEY `ebay_products_id` (`ebay_products_id`)
) ENGINE=MyISAM DEFAULT CHARSET=utf8;

--
-- Dumping data for table `ebay_products_characteristics`
--


--
-- Table structure for table `ebay_products_history`
--

CREATE TABLE `ebay_products_history` (
  `ebay_products_history_id` int(11) NOT NULL AUTO_INCREMENT,
  `ebay_products_id` int(11) NOT NULL DEFAULT '0',
  `date_saved` datetime NOT NULL DEFAULT '0000-00-00 00:00:00',
  `comments` text CHARACTER SET latin1 COLLATE latin1_general_ci NOT NULL,
  `editor_id` int(11) NOT NULL DEFAULT '0',
  PRIMARY KEY (`ebay_products_history_id`),
  KEY `ebay_products_id` (`ebay_products_id`)
) ENGINE=MyISAM AUTO_INCREMENT=1485 DEFAULT CHARSET=utf8;

--
-- Dumping data for table `ebay_products_history`
--

INSERT INTO `ebay_products_history` (`ebay_products_history_id`, `ebay_products_id`, `date_saved`, `comments`, `editor_id`) VALUES (36,22,'2017-10-10 18:13:04','Sammlerprodukt angelegt',1),(37,22,'2017-10-10 18:43:17','Das Wert des Felds eBay Template wurde ge&auml;ndert von ebaytemplate.html zu ebay-template.html',1),(38,22,'2017-10-10 19:36:46','Das Wert des Felds Zahlungshinweise wurde ge&auml;ndert von Vielen Dank für Ihre Bestellung. Solletn Sie Fragen zu Ihrem Auftrag oder auch uns haben, so kommen Sie bitte direkt auf uns zu. zu Vielen Dank für Ihre Bestellung.',1),(39,22,'2017-10-10 19:38:24','Auktion 172918530937 per Hand eingestellt',4999),(40,22,'2017-10-10 19:46:00','Manuelle Preisänderung Auktion 172918530937, alter Preis: 1927.8, neuer Preis: 1551.95',4999),(41,22,'2017-10-10 19:46:03','Manuelle Preisänderung Auktion 172918530937, alter Preis: 1551.95, neuer Preis: 1551.95',4999),(42,22,'2017-10-15 20:08:44','Manuelle Preisänderung Auktion 172918530937, alter Preis: 1551.95, neuer Preis: 1552',4999),(43,23,'2017-10-17 17:09:44','Sammlerprodukt angelegt',4999),(44,24,'2017-10-17 17:09:44','Sammlerprodukt angelegt',4999),(45,25,'2017-10-17 17:09:44','Sammlerprodukt angelegt',4999),(46,26,'2017-10-17 17:09:44','Sammlerprodukt angelegt',4999),(47,27,'2017-10-17 17:09:44','Sammlerprodukt angelegt',4999),(48,23,'2017-10-17 17:21:58','Quicksave: 1 als Anzahl gespeichert.',4999),(49,24,'2017-10-17 17:22:04','Quicksave: 1 als Anzahl gespeichert.',4999),(50,25,'2017-10-17 17:22:10','Quicksave: 1 als Anzahl gespeichert.',4999),(51,26,'2017-10-17 17:22:16','Quicksave: 1 als Anzahl gespeichert.',4999),(52,27,'2017-10-17 17:22:23','Quicksave: 1 als Anzahl gespeichert.',4999),(53,24,'2017-10-17 17:24:23','Auktion 172932541730 per Hand eingestellt',4999),(54,25,'2017-10-17 17:24:26','Auktion 172932541847 per Hand eingestellt',4999),(55,27,'2017-10-17 17:24:29','Auktion 172932541927 per Hand eingestellt',4999),(56,22,'2017-10-17 17:46:40','Verschoben in Sammler Gasbrenner',4999),(57,23,'2017-10-17 17:46:40','Verschoben in Sammler Gasbrenner',4999),(58,24,'2017-10-17 17:46:40','Verschoben in Sammler Gasbrenner',4999),(59,25,'2017-10-17 17:46:40','Verschoben in Sammler Gasbrenner',4999),(60,26,'2017-10-17 17:46:40','Verschoben in Sammler Gasbrenner',4999),(61,27,'2017-10-17 17:46:40','Verschoben in Sammler Gasbrenner',4999),(62,27,'2017-10-17 17:47:54','Auktion 172932541927 vorzeitig bei Ebay beendet. Bestand wieder gutgeschrieben.',4999),(63,24,'2017-10-17 17:47:55','Auktion 172932541730 vorzeitig bei Ebay beendet. Bestand wieder gutgeschrieben.',4999),(64,25,'2017-10-17 17:47:58','Auktion 172932541847 vorzeitig bei Ebay beendet. Bestand wieder gutgeschrieben.',4999),(65,22,'2017-10-17 17:48:00','Auktion 172918530937 vorzeitig bei Ebay beendet. Bestand wieder gutgeschrieben.',4999),(66,24,'2017-10-17 17:48:37','Auktion 172932570387 per Hand eingestellt',4999),(67,25,'2017-10-17 17:52:03','Quicksave: 1 als Anzahl gespeichert.',4999),(68,26,'2017-10-17 17:52:09','Quicksave: 1 als Anzahl gespeichert.',4999),(69,27,'2017-10-17 17:52:15','Quicksave: 1 als Anzahl gespeichert.',4999),(70,24,'2017-10-17 17:52:22','Quicksave: 1 als Anzahl gespeichert.',4999),(71,25,'2017-10-17 17:54:29','Auktion 172932576963 per Hand eingestellt',4999),(72,22,'2017-10-17 19:14:26','Quicksave: 1 als Anzahl gespeichert.',1),(73,26,'2017-10-17 19:45:15','Auktion 172932718583 per Hand eingestellt',1),(74,27,'2017-10-17 19:45:18','Auktion 172932718619 per Hand eingestellt',1),(951,445,'2017-11-08 19:21:28','Verschoben in Sammler Badmöbel',4999),(950,444,'2017-11-08 19:21:28','Verschoben in Sammler Badmöbel',4999),(949,443,'2017-11-08 19:21:28','Verschoben in Sammler Badmöbel',4999),(948,442,'2017-11-08 19:21:28','Verschoben in Sammler Badmöbel',4999),(947,441,'2017-11-08 19:21:28','Verschoben in Sammler Badmöbel',4999),(946,440,'2017-11-08 19:21:28','Verschoben in Sammler Badmöbel',4999),(945,439,'2017-11-08 19:21:28','Verschoben in Sammler Badmöbel',4999),(944,438,'2017-11-08 19:21:28','Verschoben in Sammler Badmöbel',4999),(943,437,'2017-11-08 19:21:28','Verschoben in Sammler Badmöbel',4999),(942,436,'2017-11-08 19:21:28','Verschoben in Sammler Badmöbel',4999),(941,435,'2017-11-08 19:21:28','Verschoben in Sammler Badmöbel',4999),(940,434,'2017-11-08 19:21:28','Verschoben in Sammler Badmöbel',4999),(939,433,'2017-11-08 19:21:28','Verschoben in Sammler Badmöbel',4999),(938,432,'2017-11-08 19:21:28','Verschoben in Sammler Badmöbel',4999),(937,431,'2017-11-08 19:21:28','Verschoben in Sammler Badmöbel',4999),(936,430,'2017-11-08 19:21:28','Verschoben in Sammler Badmöbel',4999),(935,429,'2017-11-08 19:21:28','Verschoben in Sammler Badmöbel',4999),(934,428,'2017-11-08 19:21:28','Verschoben in Sammler Badmöbel',4999),(933,427,'2017-11-08 19:21:28','Verschoben in Sammler Badmöbel',4999),(932,430,'2017-11-08 11:13:57','Quicksave: 1 als Anzahl gespeichert.',4999),(931,434,'2017-11-08 11:07:02','Quicksave: 1 als Anzahl gespeichert.',4999),(930,431,'2017-11-08 11:06:57','Quicksave: 1 als Anzahl gespeichert.',4999),(929,430,'2017-11-08 11:06:52','Quicksave: 1 als Anzahl gespeichert.',4999),(928,428,'2017-11-08 11:06:44','Quicksave: 1 als Anzahl gespeichert.',4999),(927,434,'2017-11-08 10:54:32','Auktion 172969687459 per Hand eingestellt',4999),(926,431,'2017-11-08 10:54:23','Auktion 172969687348 per Hand eingestellt',4999),(925,430,'2017-11-08 10:54:19','Auktion 172969687298 per Hand eingestellt',4999),(924,428,'2017-11-08 10:54:12','Auktion 172969687185 per Hand eingestellt',4999),(923,451,'2017-11-08 10:52:40','Verschoben in Sammler Badmöbel',4999),(922,450,'2017-11-08 10:52:40','Verschoben in Sammler Badmöbel',4999),(921,449,'2017-11-08 10:52:40','Verschoben in Sammler Badmöbel',4999),(920,448,'2017-11-08 10:52:40','Verschoben in Sammler Badmöbel',4999),(919,447,'2017-11-08 10:52:40','Verschoben in Sammler Badmöbel',4999),(918,446,'2017-11-08 10:52:40','Verschoben in Sammler Badmöbel',4999),(917,445,'2017-11-08 10:52:40','Verschoben in Sammler Badmöbel',4999),(916,444,'2017-11-08 10:52:40','Verschoben in Sammler Badmöbel',4999),(915,443,'2017-11-08 10:52:40','Verschoben in Sammler Badmöbel',4999),(911,439,'2017-11-08 10:52:39','Verschoben in Sammler Badmöbel',4999),(910,438,'2017-11-08 10:52:39','Verschoben in Sammler Badmöbel',4999),(909,437,'2017-11-08 10:52:39','Verschoben in Sammler Badmöbel',4999),(908,436,'2017-11-08 10:52:39','Verschoben in Sammler Badmöbel',4999),(907,435,'2017-11-08 10:52:39','Verschoben in Sammler Badmöbel',4999),(906,434,'2017-11-08 10:52:39','Verschoben in Sammler Badmöbel',4999),(905,433,'2017-11-08 10:52:39','Verschoben in Sammler Badmöbel',4999),(904,432,'2017-11-08 10:52:39','Verschoben in Sammler Badmöbel',4999),(903,431,'2017-11-08 10:52:39','Verschoben in Sammler Badmöbel',4999),(902,430,'2017-11-08 10:52:39','Verschoben in Sammler Badmöbel',4999),(901,429,'2017-11-08 10:52:39','Verschoben in Sammler Badmöbel',4999),(900,428,'2017-11-08 10:52:39','Verschoben in Sammler Badmöbel',4999),(899,427,'2017-11-08 10:52:39','Verschoben in Sammler Badmöbel',4999),(898,451,'2017-11-08 10:51:11','Sammlerprodukt angelegt',4999),(897,450,'2017-11-08 10:51:11','Sammlerprodukt angelegt',4999),(896,449,'2017-11-08 10:51:11','Sammlerprodukt angelegt',4999),(895,448,'2017-11-08 10:51:11','Sammlerprodukt angelegt',4999),(874,427,'2017-11-08 10:51:11','Sammlerprodukt angelegt',4999),(875,428,'2017-11-08 10:51:11','Sammlerprodukt angelegt',4999),(876,429,'2017-11-08 10:51:11','Sammlerprodukt angelegt',4999),(877,430,'2017-11-08 10:51:11','Sammlerprodukt angelegt',4999),(878,431,'2017-11-08 10:51:11','Sammlerprodukt angelegt',4999),(879,432,'2017-11-08 10:51:11','Sammlerprodukt angelegt',4999),(880,433,'2017-11-08 10:51:11','Sammlerprodukt angelegt',4999),(881,434,'2017-11-08 10:51:11','Sammlerprodukt angelegt',4999),(882,435,'2017-11-08 10:51:11','Sammlerprodukt angelegt',4999),(883,436,'2017-11-08 10:51:11','Sammlerprodukt angelegt',4999),(884,437,'2017-11-08 10:51:11','Sammlerprodukt angelegt',4999),(885,438,'2017-11-08 10:51:11','Sammlerprodukt angelegt',4999),(886,439,'2017-11-08 10:51:11','Sammlerprodukt angelegt',4999),(887,440,'2017-11-08 10:51:11','Sammlerprodukt angelegt',4999),(888,441,'2017-11-08 10:51:11','Sammlerprodukt angelegt',4999),(889,442,'2017-11-08 10:51:11','Sammlerprodukt angelegt',4999),(890,443,'2017-11-08 10:51:11','Sammlerprodukt angelegt',4999),(891,444,'2017-11-08 10:51:11','Sammlerprodukt angelegt',4999),(892,445,'2017-11-08 10:51:11','Sammlerprodukt angelegt',4999),(893,446,'2017-11-08 10:51:11','Sammlerprodukt angelegt',4999),(894,447,'2017-11-08 10:51:11','Sammlerprodukt angelegt',4999),(443,26,'2017-11-01 15:16:02','Auktion 172932718583 vorzeitig bei Ebay beendet. Bestand wieder gutgeschrieben.',4999),(444,27,'2017-11-01 15:16:04','Auktion 172932718619 vorzeitig bei Ebay beendet. Bestand wieder gutgeschrieben.',4999),(445,24,'2017-11-01 15:16:05','Auktion 172932570387 vorzeitig bei Ebay beendet. Bestand wieder gutgeschrieben.',4999),(446,25,'2017-11-01 15:16:07','Auktion 172932576963 vorzeitig bei Ebay beendet. Bestand wieder gutgeschrieben.',4999),(687,271,'2017-11-01 17:12:07','Auktion 172959438356 per Hand eingestellt',4999),(688,272,'2017-11-01 17:12:10','Auktion 172959438438 per Hand eingestellt',4999),(689,273,'2017-11-01 17:12:14','Auktion 172959438510 per Hand eingestellt',4999),(690,274,'2017-11-01 17:12:18','Auktion 172959438589 per Hand eingestellt',4999),(691,275,'2017-11-01 17:12:22','Auktion 172959438656 per Hand eingestellt',4999),(692,276,'2017-11-01 17:12:26','Auktion 172959438738 per Hand eingestellt',4999),(693,277,'2017-11-01 17:12:30','Auktion 172959438899 per Hand eingestellt',4999),(694,278,'2017-11-01 17:12:34','Auktion 172959439062 per Hand eingestellt',4999),(695,279,'2017-11-01 17:12:38','Auktion 172959439201 per Hand eingestellt',4999),(696,280,'2017-11-01 17:12:42','Auktion 172959439281 per Hand eingestellt',4999),(697,281,'2017-11-01 17:12:46','Auktion 172959439335 per Hand eingestellt',4999),(698,282,'2017-11-01 17:12:50','Auktion 172959439394 per Hand eingestellt',4999),(699,283,'2017-11-01 17:12:54','Auktion 172959439451 per Hand eingestellt',4999),(700,284,'2017-11-01 17:12:58','Auktion 172959439510 per Hand eingestellt',4999),(701,285,'2017-11-01 17:13:02','Auktion 172959439570 per Hand eingestellt',4999),(702,286,'2017-11-01 17:13:06','Auktion 172959439658 per Hand eingestellt',4999),(703,287,'2017-11-01 17:13:09','Auktion 172959439741 per Hand eingestellt',4999),(704,288,'2017-11-01 17:13:13','Auktion 172959439899 per Hand eingestellt',4999),(705,289,'2017-11-01 17:13:17','Auktion 172959440048 per Hand eingestellt',4999),(706,290,'2017-11-01 17:13:21','Auktion 172959440133 per Hand eingestellt',4999),(707,291,'2017-11-01 17:13:25','Auktion 172959440239 per Hand eingestellt',4999),(708,292,'2017-11-01 17:13:31','Auktion 172959440313 per Hand eingestellt',4999),(912,440,'2017-11-08 10:52:39','Verschoben in Sammler Badmöbel',4999),(914,442,'2017-11-08 10:52:39','Verschoben in Sammler Badmöbel',4999),(913,441,'2017-11-08 10:52:39','Verschoben in Sammler Badmöbel',4999),(811,355,'2017-11-01 19:22:33','Auktion 172959623544 per Hand eingestellt',4999),(810,354,'2017-11-01 19:22:29','Auktion 172959623487 per Hand eingestellt',4999),(809,351,'2017-11-01 19:22:24','Auktion 172959623404 per Hand eingestellt',4999),(808,350,'2017-11-01 19:22:20','Auktion 172959623332 per Hand eingestellt',4999),(807,345,'2017-11-01 19:22:17','Auktion 172959623257 per Hand eingestellt',4999),(806,343,'2017-11-01 19:22:13','Auktion 172959623156 per Hand eingestellt',4999),(805,342,'2017-11-01 19:22:08','Auktion 172959623027 per Hand eingestellt',4999),(804,341,'2017-11-01 19:22:04','Auktion 172959622936 per Hand eingestellt',4999),(803,343,'2017-11-01 19:20:03','Auktion 172959585482 vorzeitig bei Ebay beendet. Bestand wieder gutgeschrieben.',4999),(802,342,'2017-11-01 19:20:01','Auktion 172959585409 vorzeitig bei Ebay beendet. Bestand wieder gutgeschrieben.',4999),(801,341,'2017-11-01 19:19:59','Auktion 172959585317 vorzeitig bei Ebay beendet. Bestand wieder gutgeschrieben.',4999),(800,349,'2017-11-01 19:13:32','Auktion 172959612349 per Hand eingestellt',4999),(799,344,'2017-11-01 19:13:26','Auktion 172959612256 per Hand eingestellt',4999),(798,361,'2017-11-01 19:13:05','Quicksave: 1 als Anzahl gespeichert.',4999),(758,341,'2017-11-01 18:56:40','Sammlerprodukt angelegt',4999),(759,342,'2017-11-01 18:56:40','Sammlerprodukt angelegt',4999),(760,343,'2017-11-01 18:56:40','Sammlerprodukt angelegt',4999),(761,344,'2017-11-01 18:56:40','Sammlerprodukt angelegt',4999),(762,345,'2017-11-01 18:56:40','Sammlerprodukt angelegt',4999),(763,346,'2017-11-01 18:56:40','Sammlerprodukt angelegt',4999),(764,347,'2017-11-01 18:56:40','Sammlerprodukt angelegt',4999),(765,348,'2017-11-01 18:56:40','Sammlerprodukt angelegt',4999),(766,349,'2017-11-01 18:56:40','Sammlerprodukt angelegt',4999),(767,350,'2017-11-01 18:56:40','Sammlerprodukt angelegt',4999),(768,351,'2017-11-01 18:56:40','Sammlerprodukt angelegt',4999),(769,352,'2017-11-01 18:56:40','Sammlerprodukt angelegt',4999),(770,353,'2017-11-01 18:56:40','Sammlerprodukt angelegt',4999),(771,354,'2017-11-01 18:56:40','Sammlerprodukt angelegt',4999),(772,355,'2017-11-01 18:56:40','Sammlerprodukt angelegt',4999),(773,356,'2017-11-01 18:56:40','Sammlerprodukt angelegt',4999),(774,357,'2017-11-01 18:56:40','Sammlerprodukt angelegt',4999),(775,358,'2017-11-01 18:56:40','Sammlerprodukt angelegt',4999),(776,359,'2017-11-01 18:56:40','Sammlerprodukt angelegt',4999),(777,360,'2017-11-01 18:56:40','Sammlerprodukt angelegt',4999),(778,361,'2017-11-01 18:56:40','Sammlerprodukt angelegt',4999),(779,362,'2017-11-01 18:56:40','Sammlerprodukt angelegt',4999),(780,363,'2017-11-01 18:56:40','Sammlerprodukt angelegt',4999),(781,364,'2017-11-01 18:56:40','Sammlerprodukt angelegt',4999),(782,341,'2017-11-01 18:58:23','Auktion 172959585317 per Hand eingestellt',4999),(783,342,'2017-11-01 18:58:26','Auktion 172959585409 per Hand eingestellt',4999),(784,343,'2017-11-01 18:58:29','Auktion 172959585482 per Hand eingestellt',4999),(785,341,'2017-11-01 19:09:54','Quicksave: 1 als Anzahl gespeichert.',4999),(786,342,'2017-11-01 19:10:04','Quicksave: 1 als Anzahl gespeichert.',4999),(787,343,'2017-11-01 19:10:17','Quicksave: 1 als Anzahl gespeichert.',4999),(788,344,'2017-11-01 19:10:29','Quicksave: 1 als Anzahl gespeichert.',4999),(789,345,'2017-11-01 19:10:40','Quicksave: 1 als Anzahl gespeichert.',4999),(790,349,'2017-11-01 19:11:17','Quicksave: 1 als Anzahl gespeichert.',4999),(791,350,'2017-11-01 19:11:29','Quicksave: 1 als Anzahl gespeichert.',4999),(792,351,'2017-11-01 19:11:40','Quicksave: 1 als Anzahl gespeichert.',4999),(793,354,'2017-11-01 19:11:59','Quicksave: 1 als Anzahl gespeichert.',4999),(794,355,'2017-11-01 19:12:16','Quicksave: 1 als Anzahl gespeichert.',4999),(795,356,'2017-11-01 19:12:27','Quicksave: 1 als Anzahl gespeichert.',4999),(796,357,'2017-11-01 19:12:37','Quicksave: 1 als Anzahl gespeichert.',4999),(797,358,'2017-11-01 19:12:48','Quicksave: 1 als Anzahl gespeichert.',4999),(609,244,'2017-11-01 17:08:39','Sammlerprodukt angelegt',4999),(610,245,'2017-11-01 17:08:39','Sammlerprodukt angelegt',4999),(611,246,'2017-11-01 17:08:39','Sammlerprodukt angelegt',4999),(612,247,'2017-11-01 17:08:39','Sammlerprodukt angelegt',4999),(613,248,'2017-11-01 17:08:39','Sammlerprodukt angelegt',4999),(614,249,'2017-11-01 17:08:39','Sammlerprodukt angelegt',4999),(615,250,'2017-11-01 17:08:39','Sammlerprodukt angelegt',4999),(616,251,'2017-11-01 17:08:39','Sammlerprodukt angelegt',4999),(617,252,'2017-11-01 17:08:39','Sammlerprodukt angelegt',4999),(618,253,'2017-11-01 17:08:39','Sammlerprodukt angelegt',4999),(619,254,'2017-11-01 17:08:39','Sammlerprodukt angelegt',4999),(620,255,'2017-11-01 17:08:39','Sammlerprodukt angelegt',4999),(621,256,'2017-11-01 17:08:39','Sammlerprodukt angelegt',4999),(622,257,'2017-11-01 17:08:39','Sammlerprodukt angelegt',4999),(623,258,'2017-11-01 17:08:39','Sammlerprodukt angelegt',4999),(624,259,'2017-11-01 17:08:39','Sammlerprodukt angelegt',4999),(625,260,'2017-11-01 17:08:39','Sammlerprodukt angelegt',4999),(626,261,'2017-11-01 17:08:39','Sammlerprodukt angelegt',4999),(627,262,'2017-11-01 17:08:39','Sammlerprodukt angelegt',4999),(628,263,'2017-11-01 17:08:39','Sammlerprodukt angelegt',4999),(629,264,'2017-11-01 17:08:39','Sammlerprodukt angelegt',4999),(630,265,'2017-11-01 17:08:39','Sammlerprodukt angelegt',4999),(631,266,'2017-11-01 17:08:39','Sammlerprodukt angelegt',4999),(632,267,'2017-11-01 17:08:39','Sammlerprodukt angelegt',4999),(633,268,'2017-11-01 17:08:39','Sammlerprodukt angelegt',4999),(634,269,'2017-11-01 17:08:39','Sammlerprodukt angelegt',4999),(635,270,'2017-11-01 17:08:39','Sammlerprodukt angelegt',4999),(636,271,'2017-11-01 17:08:39','Sammlerprodukt angelegt',4999),(637,272,'2017-11-01 17:08:39','Sammlerprodukt angelegt',4999),(638,273,'2017-11-01 17:08:39','Sammlerprodukt angelegt',4999),(639,274,'2017-11-01 17:08:39','Sammlerprodukt angelegt',4999),(640,275,'2017-11-01 17:08:39','Sammlerprodukt angelegt',4999),(641,276,'2017-11-01 17:08:39','Sammlerprodukt angelegt',4999),(642,277,'2017-11-01 17:08:39','Sammlerprodukt angelegt',4999),(643,278,'2017-11-01 17:08:39','Sammlerprodukt angelegt',4999),(644,279,'2017-11-01 17:08:39','Sammlerprodukt angelegt',4999),(645,280,'2017-11-01 17:08:39','Sammlerprodukt angelegt',4999),(646,281,'2017-11-01 17:08:39','Sammlerprodukt angelegt',4999),(647,282,'2017-11-01 17:08:39','Sammlerprodukt angelegt',4999),(648,283,'2017-11-01 17:08:39','Sammlerprodukt angelegt',4999),(649,284,'2017-11-01 17:08:39','Sammlerprodukt angelegt',4999),(650,285,'2017-11-01 17:08:39','Sammlerprodukt angelegt',4999),(651,286,'2017-11-01 17:08:39','Sammlerprodukt angelegt',4999),(652,287,'2017-11-01 17:08:39','Sammlerprodukt angelegt',4999),(653,288,'2017-11-01 17:08:39','Sammlerprodukt angelegt',4999),(654,289,'2017-11-01 17:08:39','Sammlerprodukt angelegt',4999),(655,290,'2017-11-01 17:08:39','Sammlerprodukt angelegt',4999),(656,291,'2017-11-01 17:08:39','Sammlerprodukt angelegt',4999),(657,292,'2017-11-01 17:08:39','Sammlerprodukt angelegt',4999),(658,242,'2017-11-01 17:10:12','Auktion 172959435815 per Hand eingestellt',4999),(659,243,'2017-11-01 17:10:16','Auktion 172959435916 per Hand eingestellt',4999),(660,244,'2017-11-01 17:10:20','Auktion 172959436055 per Hand eingestellt',4999),(661,245,'2017-11-01 17:10:24','Auktion 172959436145 per Hand eingestellt',4999),(662,246,'2017-11-01 17:10:28','Auktion 172959436208 per Hand eingestellt',4999),(663,247,'2017-11-01 17:10:32','Auktion 172959436269 per Hand eingestellt',4999),(664,248,'2017-11-01 17:10:36','Auktion 172959436362 per Hand eingestellt',4999),(665,249,'2017-11-01 17:10:40','Auktion 172959436520 per Hand eingestellt',4999),(666,250,'2017-11-01 17:10:44','Auktion 172959436612 per Hand eingestellt',4999),(667,251,'2017-11-01 17:10:48','Auktion 172959436692 per Hand eingestellt',4999),(668,252,'2017-11-01 17:10:52','Auktion 172959436761 per Hand eingestellt',4999),(669,253,'2017-11-01 17:10:56','Auktion 172959436853 per Hand eingestellt',4999),(670,254,'2017-11-01 17:11:00','Auktion 172959436903 per Hand eingestellt',4999),(671,255,'2017-11-01 17:11:04','Auktion 172959436985 per Hand eingestellt',4999),(672,256,'2017-11-01 17:11:08','Auktion 172959437102 per Hand eingestellt',4999),(673,257,'2017-11-01 17:11:11','Auktion 172959437159 per Hand eingestellt',4999),(674,258,'2017-11-01 17:11:15','Auktion 172959437210 per Hand eingestellt',4999),(675,259,'2017-11-01 17:11:19','Auktion 172959437259 per Hand eingestellt',4999),(676,260,'2017-11-01 17:11:23','Auktion 172959437304 per Hand eingestellt',4999),(677,261,'2017-11-01 17:11:27','Auktion 172959437434 per Hand eingestellt',4999),(678,262,'2017-11-01 17:11:31','Auktion 172959437535 per Hand eingestellt',4999),(679,263,'2017-11-01 17:11:35','Auktion 172959437625 per Hand eingestellt',4999),(680,264,'2017-11-01 17:11:39','Auktion 172959437715 per Hand eingestellt',4999),(681,265,'2017-11-01 17:11:43','Auktion 172959437805 per Hand eingestellt',4999),(682,266,'2017-11-01 17:11:47','Auktion 172959437873 per Hand eingestellt',4999),(683,267,'2017-11-01 17:11:51','Auktion 172959438045 per Hand eingestellt',4999),(684,268,'2017-11-01 17:11:55','Auktion 172959438104 per Hand eingestellt',4999),(685,269,'2017-11-01 17:11:59','Auktion 172959438213 per Hand eingestellt',4999),(686,270,'2017-11-01 17:12:03','Auktion 172959438273 per Hand eingestellt',4999),(607,242,'2017-11-01 17:08:39','Sammlerprodukt angelegt',4999),(608,243,'2017-11-01 17:08:39','Sammlerprodukt angelegt',4999),(961,454,'2017-11-08 20:15:20','Sammlerprodukt angelegt',4999),(960,453,'2017-11-08 20:15:20','Sammlerprodukt angelegt',4999),(959,452,'2017-11-08 20:15:20','Sammlerprodukt angelegt',4999),(958,265,'2017-11-08 19:54:18','Das Wert des Felds Artikelmenge wurde ge&auml;ndert von 3 zu 1',1),(957,451,'2017-11-08 19:21:28','Verschoben in Sammler Badmöbel',4999),(956,450,'2017-11-08 19:21:28','Verschoben in Sammler Badmöbel',4999),(955,449,'2017-11-08 19:21:28','Verschoben in Sammler Badmöbel',4999),(954,448,'2017-11-08 19:21:28','Verschoben in Sammler Badmöbel',4999),(953,447,'2017-11-08 19:21:28','Verschoben in Sammler Badmöbel',4999),(952,446,'2017-11-08 19:21:28','Verschoben in Sammler Badmöbel',4999),(962,455,'2017-11-08 20:15:20','Sammlerprodukt angelegt',4999),(963,456,'2017-11-08 20:15:20','Sammlerprodukt angelegt',4999),(964,457,'2017-11-08 20:15:20','Sammlerprodukt angelegt',4999),(965,458,'2017-11-08 20:15:20','Sammlerprodukt angelegt',4999),(966,459,'2017-11-08 20:15:20','Sammlerprodukt angelegt',4999),(967,460,'2017-11-08 20:15:20','Sammlerprodukt angelegt',4999),(968,461,'2017-11-08 20:15:20','Sammlerprodukt angelegt',4999),(969,462,'2017-11-08 20:15:20','Sammlerprodukt angelegt',4999),(970,463,'2017-11-08 20:15:20','Sammlerprodukt angelegt',4999),(971,464,'2017-11-08 20:15:20','Sammlerprodukt angelegt',4999),(972,465,'2017-11-08 20:15:20','Sammlerprodukt angelegt',4999),(973,466,'2017-11-08 20:15:20','Sammlerprodukt angelegt',4999),(974,467,'2017-11-08 20:15:20','Sammlerprodukt angelegt',4999),(975,468,'2017-11-08 20:15:20','Sammlerprodukt angelegt',4999),(976,469,'2017-11-08 20:15:20','Sammlerprodukt angelegt',4999),(977,470,'2017-11-08 20:19:53','Sammlerprodukt angelegt',4999),(978,471,'2017-11-08 20:19:53','Sammlerprodukt angelegt',4999),(979,472,'2017-11-08 20:19:53','Sammlerprodukt angelegt',4999),(980,473,'2017-11-08 20:19:53','Sammlerprodukt angelegt',4999),(981,474,'2017-11-08 20:19:53','Sammlerprodukt angelegt',4999),(982,475,'2017-11-08 20:19:53','Sammlerprodukt angelegt',4999),(983,476,'2017-11-08 20:19:53','Sammlerprodukt angelegt',4999),(984,477,'2017-11-08 20:19:53','Sammlerprodukt angelegt',4999),(985,478,'2017-11-08 20:19:53','Sammlerprodukt angelegt',4999),(986,479,'2017-11-08 20:19:53','Sammlerprodukt angelegt',4999),(987,480,'2017-11-08 20:19:53','Sammlerprodukt angelegt',4999),(988,481,'2017-11-08 20:19:53','Sammlerprodukt angelegt',4999),(989,482,'2017-11-08 20:19:53','Sammlerprodukt angelegt',4999),(990,483,'2017-11-08 20:19:53','Sammlerprodukt angelegt',4999),(991,484,'2017-11-08 20:19:53','Sammlerprodukt angelegt',4999),(992,485,'2017-11-08 20:19:53','Sammlerprodukt angelegt',4999),(993,486,'2017-11-08 20:19:53','Sammlerprodukt angelegt',4999),(994,487,'2017-11-08 20:19:53','Sammlerprodukt angelegt',4999),(995,470,'2017-11-08 20:21:05','Auktion 172970369160 per Hand eingestellt',4999),(996,471,'2017-11-08 20:21:09','Auktion 172970369217 per Hand eingestellt',4999),(997,472,'2017-11-08 20:21:13','Auktion 172970369282 per Hand eingestellt',4999),(998,473,'2017-11-08 20:21:18','Auktion 172970369334 per Hand eingestellt',4999),(999,474,'2017-11-08 20:21:21','Auktion 172970369396 per Hand eingestellt',4999),(1000,475,'2017-11-08 20:21:26','Auktion 172970369441 per Hand eingestellt',4999),(1001,476,'2017-11-08 20:21:30','Auktion 172970369589 per Hand eingestellt',4999),(1002,477,'2017-11-08 20:21:34','Auktion 172970369645 per Hand eingestellt',4999),(1003,478,'2017-11-08 20:21:38','Auktion 172970369783 per Hand eingestellt',4999),(1004,479,'2017-11-08 20:21:42','Auktion 172970370434 per Hand eingestellt',4999),(1005,480,'2017-11-08 20:21:46','Auktion 172970370980 per Hand eingestellt',4999),(1006,481,'2017-11-08 20:21:50','Auktion 172970371312 per Hand eingestellt',4999),(1007,482,'2017-11-08 20:21:54','Auktion 172970371576 per Hand eingestellt',4999),(1008,483,'2017-11-08 20:21:58','Auktion 172970372009 per Hand eingestellt',4999),(1009,484,'2017-11-08 20:22:02','Auktion 172970372368 per Hand eingestellt',4999),(1010,485,'2017-11-08 20:22:07','Auktion 172970372554 per Hand eingestellt',4999),(1011,486,'2017-11-08 20:22:10','Auktion 172970372663 per Hand eingestellt',4999),(1012,487,'2017-11-08 20:22:13','Auktion 172970372755 per Hand eingestellt',4999),(1013,488,'2017-11-08 20:31:27','Sammlerprodukt angelegt',4999),(1014,489,'2017-11-08 20:31:27','Sammlerprodukt angelegt',4999),(1015,490,'2017-11-08 20:31:27','Sammlerprodukt angelegt',4999),(1016,491,'2017-11-08 20:31:27','Sammlerprodukt angelegt',4999),(1017,492,'2017-11-08 20:31:27','Sammlerprodukt angelegt',4999),(1018,493,'2017-11-08 20:31:27','Sammlerprodukt angelegt',4999),(1019,494,'2017-11-08 20:31:27','Sammlerprodukt angelegt',4999),(1020,495,'2017-11-08 20:31:27','Sammlerprodukt angelegt',4999),(1021,496,'2017-11-08 20:31:27','Sammlerprodukt angelegt',4999),(1022,497,'2017-11-08 20:31:27','Sammlerprodukt angelegt',4999),(1023,498,'2017-11-08 20:31:27','Sammlerprodukt angelegt',4999),(1024,499,'2017-11-08 20:31:27','Sammlerprodukt angelegt',4999),(1025,500,'2017-11-08 20:31:27','Sammlerprodukt angelegt',4999),(1026,501,'2017-11-08 20:31:27','Sammlerprodukt angelegt',4999),(1027,502,'2017-11-08 20:31:27','Sammlerprodukt angelegt',4999),(1028,503,'2017-11-08 20:31:27','Sammlerprodukt angelegt',4999),(1029,504,'2017-11-08 20:31:27','Sammlerprodukt angelegt',4999),(1030,470,'2017-11-08 20:32:00','Verschoben in Sammler Badarmaturen',4999),(1031,471,'2017-11-08 20:32:00','Verschoben in Sammler Badarmaturen',4999),(1032,472,'2017-11-08 20:32:00','Verschoben in Sammler Badarmaturen',4999),(1033,473,'2017-11-08 20:32:00','Verschoben in Sammler Badarmaturen',4999),(1034,474,'2017-11-08 20:32:00','Verschoben in Sammler Badarmaturen',4999),(1035,475,'2017-11-08 20:32:00','Verschoben in Sammler Badarmaturen',4999),(1036,476,'2017-11-08 20:32:00','Verschoben in Sammler Badarmaturen',4999),(1037,477,'2017-11-08 20:32:00','Verschoben in Sammler Badarmaturen',4999),(1038,478,'2017-11-08 20:32:00','Verschoben in Sammler Badarmaturen',4999),(1039,479,'2017-11-08 20:32:00','Verschoben in Sammler Badarmaturen',4999),(1040,480,'2017-11-08 20:32:00','Verschoben in Sammler Badarmaturen',4999),(1041,481,'2017-11-08 20:32:00','Verschoben in Sammler Badarmaturen',4999),(1042,482,'2017-11-08 20:32:00','Verschoben in Sammler Badarmaturen',4999),(1043,483,'2017-11-08 20:32:00','Verschoben in Sammler Badarmaturen',4999),(1044,484,'2017-11-08 20:32:00','Verschoben in Sammler Badarmaturen',4999),(1045,485,'2017-11-08 20:32:00','Verschoben in Sammler Badarmaturen',4999),(1046,486,'2017-11-08 20:32:00','Verschoben in Sammler Badarmaturen',4999),(1047,487,'2017-11-08 20:32:00','Verschoben in Sammler Badarmaturen',4999),(1048,488,'2017-11-08 20:32:00','Verschoben in Sammler Badarmaturen',4999),(1049,489,'2017-11-08 20:32:00','Verschoben in Sammler Badarmaturen',4999),(1050,490,'2017-11-08 20:32:00','Verschoben in Sammler Badarmaturen',4999),(1051,491,'2017-11-08 20:32:00','Verschoben in Sammler Badarmaturen',4999),(1052,492,'2017-11-08 20:32:00','Verschoben in Sammler Badarmaturen',4999),(1053,493,'2017-11-08 20:32:00','Verschoben in Sammler Badarmaturen',4999),(1054,494,'2017-11-08 20:32:00','Verschoben in Sammler Badarmaturen',4999),(1055,495,'2017-11-08 20:32:00','Verschoben in Sammler Badarmaturen',4999),(1056,496,'2017-11-08 20:32:00','Verschoben in Sammler Badarmaturen',4999),(1057,497,'2017-11-08 20:32:00','Verschoben in Sammler Badarmaturen',4999),(1058,498,'2017-11-08 20:32:00','Verschoben in Sammler Badarmaturen',4999),(1059,499,'2017-11-08 20:32:00','Verschoben in Sammler Badarmaturen',4999),(1060,500,'2017-11-08 20:32:00','Verschoben in Sammler Badarmaturen',4999),(1061,501,'2017-11-08 20:32:00','Verschoben in Sammler Badarmaturen',4999),(1062,502,'2017-11-08 20:32:00','Verschoben in Sammler Badarmaturen',4999),(1063,503,'2017-11-08 20:32:00','Verschoben in Sammler Badarmaturen',4999),(1064,504,'2017-11-08 20:32:00','Verschoben in Sammler Badarmaturen',4999),(1065,488,'2017-11-08 20:33:21','Auktion 172970386580 per Hand eingestellt',4999),(1066,489,'2017-11-08 20:33:26','Auktion 172970386711 per Hand eingestellt',4999),(1067,490,'2017-11-08 20:33:30','Auktion 172970386802 per Hand eingestellt',4999),(1068,491,'2017-11-08 20:33:33','Auktion 172970386850 per Hand eingestellt',4999),(1069,492,'2017-11-08 20:33:37','Auktion 172970386883 per Hand eingestellt',4999),(1070,493,'2017-11-08 20:33:41','Auktion 172970386947 per Hand eingestellt',4999),(1071,494,'2017-11-08 20:33:44','Auktion 172970387012 per Hand eingestellt',4999),(1072,495,'2017-11-08 20:33:49','Auktion 172970387068 per Hand eingestellt',4999),(1073,496,'2017-11-08 20:33:53','Auktion 172970387113 per Hand eingestellt',4999),(1074,497,'2017-11-08 20:33:57','Auktion 172970387169 per Hand eingestellt',4999),(1075,498,'2017-11-08 20:34:01','Auktion 172970387254 per Hand eingestellt',4999),(1076,499,'2017-11-08 20:34:05','Auktion 172970387363 per Hand eingestellt',4999),(1077,500,'2017-11-08 20:34:09','Auktion 172970387428 per Hand eingestellt',4999),(1078,501,'2017-11-08 20:34:13','Auktion 172970387516 per Hand eingestellt',4999),(1079,502,'2017-11-08 20:34:17','Auktion 172970387601 per Hand eingestellt',4999),(1080,503,'2017-11-08 20:34:21','Auktion 172970387672 per Hand eingestellt',4999),(1081,504,'2017-11-08 20:34:25','Auktion 172970387740 per Hand eingestellt',4999),(1082,505,'2017-11-08 21:12:05','Sammlerprodukt angelegt',4999),(1083,506,'2017-11-08 21:12:05','Sammlerprodukt angelegt',4999),(1084,507,'2017-11-08 21:12:05','Sammlerprodukt angelegt',4999),(1085,508,'2017-11-08 21:12:05','Sammlerprodukt angelegt',4999),(1086,509,'2017-11-08 21:12:05','Sammlerprodukt angelegt',4999),(1087,510,'2017-11-08 21:12:05','Sammlerprodukt angelegt',4999),(1088,511,'2017-11-08 21:12:05','Sammlerprodukt angelegt',4999),(1089,512,'2017-11-08 21:12:05','Sammlerprodukt angelegt',4999),(1090,513,'2017-11-08 21:12:05','Sammlerprodukt angelegt',4999),(1091,514,'2017-11-08 21:12:05','Sammlerprodukt angelegt',4999),(1092,515,'2017-11-08 21:12:05','Sammlerprodukt angelegt',4999),(1093,516,'2017-11-08 21:12:05','Sammlerprodukt angelegt',4999),(1094,517,'2017-11-08 21:12:05','Sammlerprodukt angelegt',4999),(1095,518,'2017-11-08 21:12:05','Sammlerprodukt angelegt',4999),(1096,519,'2017-11-08 21:12:05','Sammlerprodukt angelegt',4999),(1097,520,'2017-11-08 21:12:05','Sammlerprodukt angelegt',4999),(1098,521,'2017-11-08 21:12:05','Sammlerprodukt angelegt',4999),(1099,522,'2017-11-08 21:12:05','Sammlerprodukt angelegt',4999),(1100,523,'2017-11-08 21:12:05','Sammlerprodukt angelegt',4999),(1101,524,'2017-11-08 21:12:05','Sammlerprodukt angelegt',4999),(1102,525,'2017-11-08 21:12:05','Sammlerprodukt angelegt',4999),(1103,526,'2017-11-08 21:12:05','Sammlerprodukt angelegt',4999),(1104,527,'2017-11-08 21:12:05','Sammlerprodukt angelegt',4999),(1105,505,'2017-11-08 21:14:00','Verschoben in Sammler Badkeramik',4999),(1106,506,'2017-11-08 21:14:00','Verschoben in Sammler Badkeramik',4999),(1107,507,'2017-11-08 21:14:00','Verschoben in Sammler Badkeramik',4999),(1108,508,'2017-11-08 21:14:00','Verschoben in Sammler Badkeramik',4999),(1109,509,'2017-11-08 21:14:00','Verschoben in Sammler Badkeramik',4999),(1110,510,'2017-11-08 21:14:00','Verschoben in Sammler Badkeramik',4999),(1111,511,'2017-11-08 21:14:00','Verschoben in Sammler Badkeramik',4999),(1112,512,'2017-11-08 21:14:00','Verschoben in Sammler Badkeramik',4999),(1113,513,'2017-11-08 21:14:00','Verschoben in Sammler Badkeramik',4999),(1114,514,'2017-11-08 21:14:00','Verschoben in Sammler Badkeramik',4999),(1115,515,'2017-11-08 21:14:00','Verschoben in Sammler Badkeramik',4999),(1116,516,'2017-11-08 21:14:00','Verschoben in Sammler Badkeramik',4999),(1117,517,'2017-11-08 21:14:00','Verschoben in Sammler Badkeramik',4999),(1118,518,'2017-11-08 21:14:00','Verschoben in Sammler Badkeramik',4999),(1119,519,'2017-11-08 21:14:00','Verschoben in Sammler Badkeramik',4999),(1120,520,'2017-11-08 21:14:00','Verschoben in Sammler Badkeramik',4999),(1121,521,'2017-11-08 21:14:00','Verschoben in Sammler Badkeramik',4999),(1122,522,'2017-11-08 21:14:00','Verschoben in Sammler Badkeramik',4999),(1123,523,'2017-11-08 21:14:00','Verschoben in Sammler Badkeramik',4999),(1124,524,'2017-11-08 21:14:00','Verschoben in Sammler Badkeramik',4999),(1125,525,'2017-11-08 21:14:00','Verschoben in Sammler Badkeramik',4999),(1126,526,'2017-11-08 21:14:00','Verschoben in Sammler Badkeramik',4999),(1127,527,'2017-11-08 21:14:00','Verschoben in Sammler Badkeramik',4999),(1128,505,'2017-11-08 21:14:49','Auktion 172970434345 per Hand eingestellt',4999),(1129,506,'2017-11-08 21:14:52','Auktion 172970434394 per Hand eingestellt',4999),(1130,507,'2017-11-08 21:14:56','Auktion 172970434461 per Hand eingestellt',4999),(1131,508,'2017-11-08 21:14:58','Auktion 172970434532 per Hand eingestellt',4999),(1132,509,'2017-11-08 21:15:01','Auktion 172970434589 per Hand eingestellt',4999),(1133,510,'2017-11-08 21:15:04','Auktion 172970434644 per Hand eingestellt',4999),(1134,511,'2017-11-08 21:15:07','Auktion 172970434696 per Hand eingestellt',4999),(1135,512,'2017-11-08 21:15:11','Auktion 172970434756 per Hand eingestellt',4999),(1136,513,'2017-11-08 21:15:13','Auktion 172970434823 per Hand eingestellt',4999),(1137,514,'2017-11-08 21:15:17','Auktion 172970434889 per Hand eingestellt',4999),(1138,515,'2017-11-08 21:15:19','Auktion 172970434988 per Hand eingestellt',4999),(1139,516,'2017-11-08 21:15:22','Auktion 172970435060 per Hand eingestellt',4999),(1140,517,'2017-11-08 21:15:25','Auktion 172970435156 per Hand eingestellt',4999),(1141,518,'2017-11-08 21:15:28','Auktion 172970435230 per Hand eingestellt',4999),(1142,519,'2017-11-08 21:15:31','Auktion 172970435277 per Hand eingestellt',4999),(1143,520,'2017-11-08 21:15:34','Auktion 172970435328 per Hand eingestellt',4999),(1144,522,'2017-11-08 21:15:38','Auktion 172970435392 per Hand eingestellt',4999),(1145,523,'2017-11-08 21:15:41','Auktion 172970435435 per Hand eingestellt',4999),(1146,524,'2017-11-08 21:15:44','Auktion 172970435474 per Hand eingestellt',4999),(1147,525,'2017-11-08 21:15:47','Auktion 172970435518 per Hand eingestellt',4999),(1148,526,'2017-11-08 21:15:50','Auktion 172970435556 per Hand eingestellt',4999),(1149,527,'2017-11-08 21:15:53','Auktion 172970435583 per Hand eingestellt',4999),(1150,505,'2017-12-11 19:11:29','Verschoben in Sammler Badkeramik',1),(1151,506,'2017-12-11 19:11:29','Verschoben in Sammler Badkeramik',1),(1152,507,'2017-12-11 19:11:29','Verschoben in Sammler Badkeramik',1),(1153,508,'2017-12-11 19:11:29','Verschoben in Sammler Badkeramik',1),(1154,509,'2017-12-11 19:11:29','Verschoben in Sammler Badkeramik',1),(1155,510,'2017-12-11 19:11:29','Verschoben in Sammler Badkeramik',1),(1156,511,'2017-12-11 19:11:29','Verschoben in Sammler Badkeramik',1),(1157,512,'2017-12-11 19:11:29','Verschoben in Sammler Badkeramik',1),(1158,513,'2017-12-11 19:11:29','Verschoben in Sammler Badkeramik',1),(1159,514,'2017-12-11 19:11:29','Verschoben in Sammler Badkeramik',1),(1160,515,'2017-12-11 19:11:29','Verschoben in Sammler Badkeramik',1),(1161,516,'2017-12-11 19:11:29','Verschoben in Sammler Badkeramik',1),(1162,517,'2017-12-11 19:11:29','Verschoben in Sammler Badkeramik',1),(1163,518,'2017-12-11 19:11:29','Verschoben in Sammler Badkeramik',1),(1164,519,'2017-12-11 19:11:29','Verschoben in Sammler Badkeramik',1),(1165,520,'2017-12-11 19:11:29','Verschoben in Sammler Badkeramik',1),(1166,521,'2017-12-11 19:11:29','Verschoben in Sammler Badkeramik',1),(1167,522,'2017-12-11 19:11:29','Verschoben in Sammler Badkeramik',1),(1168,523,'2017-12-11 19:11:29','Verschoben in Sammler Badkeramik',1),(1169,524,'2017-12-11 19:11:29','Verschoben in Sammler Badkeramik',1),(1170,525,'2017-12-11 19:11:29','Verschoben in Sammler Badkeramik',1),(1171,526,'2017-12-11 19:11:29','Verschoben in Sammler Badkeramik',1),(1172,527,'2017-12-11 19:11:29','Verschoben in Sammler Badkeramik',1),(1173,505,'2017-12-11 19:11:53','Auktion 173027660830 per Hand eingestellt',1),(1174,506,'2017-12-11 19:11:57','Auktion 173027660976 per Hand eingestellt',1),(1175,507,'2017-12-11 19:12:01','Auktion 173027661117 per Hand eingestellt',1),(1176,508,'2017-12-11 19:12:05','Auktion 173027661207 per Hand eingestellt',1),(1177,509,'2017-12-11 19:12:09','Auktion 173027661300 per Hand eingestellt',1),(1178,510,'2017-12-11 19:12:13','Auktion 173027661398 per Hand eingestellt',1),(1179,511,'2017-12-11 19:12:17','Auktion 173027661457 per Hand eingestellt',1),(1180,512,'2017-12-11 19:12:21','Auktion 173027661502 per Hand eingestellt',1),(1181,513,'2017-12-11 19:12:25','Auktion 173027661614 per Hand eingestellt',1),(1182,514,'2017-12-11 19:12:29','Auktion 173027661797 per Hand eingestellt',1),(1183,515,'2017-12-11 19:12:33','Auktion 173027661918 per Hand eingestellt',1),(1184,516,'2017-12-11 19:12:37','Auktion 173027662186 per Hand eingestellt',1),(1185,517,'2017-12-11 19:12:41','Auktion 173027662420 per Hand eingestellt',1),(1186,518,'2017-12-11 19:12:45','Auktion 173027662743 per Hand eingestellt',1),(1187,519,'2017-12-11 19:12:50','Auktion 173027663008 per Hand eingestellt',1),(1188,520,'2017-12-11 19:12:53','Auktion 173027663160 per Hand eingestellt',1),(1189,522,'2017-12-11 19:13:00','Auktion 173027663599 per Hand eingestellt',1),(1190,523,'2017-12-11 19:13:04','Auktion 173027663871 per Hand eingestellt',1),(1191,524,'2017-12-11 19:13:08','Auktion 173027664108 per Hand eingestellt',1),(1192,525,'2017-12-11 19:13:12','Auktion 173027664378 per Hand eingestellt',1),(1193,526,'2017-12-11 19:13:16','Auktion 173027664608 per Hand eingestellt',1),(1194,527,'2017-12-11 19:13:20','Auktion 173027664734 per Hand eingestellt',1),(1195,427,'2017-12-11 19:51:31','Verschoben in Sammler Badmöbel',1),(1196,428,'2017-12-11 19:51:31','Verschoben in Sammler Badmöbel',1),(1197,429,'2017-12-11 19:51:31','Verschoben in Sammler Badmöbel',1),(1198,430,'2017-12-11 19:51:31','Verschoben in Sammler Badmöbel',1),(1199,431,'2017-12-11 19:51:31','Verschoben in Sammler Badmöbel',1),(1200,432,'2017-12-11 19:51:31','Verschoben in Sammler Badmöbel',1),(1201,433,'2017-12-11 19:51:31','Verschoben in Sammler Badmöbel',1),(1202,434,'2017-12-11 19:51:31','Verschoben in Sammler Badmöbel',1),(1203,435,'2017-12-11 19:51:31','Verschoben in Sammler Badmöbel',1),(1204,436,'2017-12-11 19:51:31','Verschoben in Sammler Badmöbel',1),(1205,437,'2017-12-11 19:51:31','Verschoben in Sammler Badmöbel',1),(1206,438,'2017-12-11 19:51:31','Verschoben in Sammler Badmöbel',1),(1207,439,'2017-12-11 19:51:31','Verschoben in Sammler Badmöbel',1),(1208,440,'2017-12-11 19:51:31','Verschoben in Sammler Badmöbel',1),(1209,441,'2017-12-11 19:51:31','Verschoben in Sammler Badmöbel',1),(1210,442,'2017-12-11 19:51:31','Verschoben in Sammler Badmöbel',1),(1211,443,'2017-12-11 19:51:31','Verschoben in Sammler Badmöbel',1),(1212,444,'2017-12-11 19:51:31','Verschoben in Sammler Badmöbel',1),(1213,445,'2017-12-11 19:51:31','Verschoben in Sammler Badmöbel',1),(1214,446,'2017-12-11 19:51:31','Verschoben in Sammler Badmöbel',1),(1215,447,'2017-12-11 19:51:31','Verschoben in Sammler Badmöbel',1),(1216,448,'2017-12-11 19:51:31','Verschoben in Sammler Badmöbel',1),(1217,449,'2017-12-11 19:51:31','Verschoben in Sammler Badmöbel',1),(1218,450,'2017-12-11 19:51:31','Verschoben in Sammler Badmöbel',1),(1219,451,'2017-12-11 19:51:31','Verschoben in Sammler Badmöbel',1),(1220,22,'2017-12-11 20:35:19','Verschoben in Sammler Gasbrenner',1),(1221,23,'2017-12-11 20:35:19','Verschoben in Sammler Gasbrenner',1),(1222,24,'2017-12-11 20:35:19','Verschoben in Sammler Gasbrenner',1),(1223,25,'2017-12-11 20:35:19','Verschoben in Sammler Gasbrenner',1),(1224,26,'2017-12-11 20:35:19','Verschoben in Sammler Gasbrenner',1),(1225,27,'2017-12-11 20:35:19','Verschoben in Sammler Gasbrenner',1),(1226,22,'2017-12-11 20:35:30','Quicksave: 0 als Dauer gespeichert.',1),(1227,22,'2017-12-11 20:37:15','Verschoben in Sammler Gasbrenner',1),(1228,23,'2017-12-11 20:37:15','Verschoben in Sammler Gasbrenner',1),(1229,24,'2017-12-11 20:37:15','Verschoben in Sammler Gasbrenner',1),(1230,25,'2017-12-11 20:37:15','Verschoben in Sammler Gasbrenner',1),(1231,26,'2017-12-11 20:37:15','Verschoben in Sammler Gasbrenner',1),(1232,27,'2017-12-11 20:37:15','Verschoben in Sammler Gasbrenner',1),(1233,22,'2017-12-11 20:37:29','Auktion 173027772727 per Hand eingestellt',1),(1234,23,'2017-12-11 20:37:34','Auktion 173027772803 per Hand eingestellt',1),(1235,24,'2017-12-11 20:37:43','Auktion 173027772946 per Hand eingestellt',1),(1236,25,'2017-12-11 20:37:46','Auktion 173027772993 per Hand eingestellt',1),(1237,26,'2017-12-11 20:37:51','Auktion 173027773027 per Hand eingestellt',1),(1238,27,'2017-12-11 20:37:55','Auktion 173027773075 per Hand eingestellt',1),(1239,470,'2017-12-11 20:41:37','Verschoben in Sammler Badarmaturen',1),(1240,471,'2017-12-11 20:41:37','Verschoben in Sammler Badarmaturen',1),(1241,472,'2017-12-11 20:41:37','Verschoben in Sammler Badarmaturen',1),(1242,473,'2017-12-11 20:41:37','Verschoben in Sammler Badarmaturen',1),(1243,474,'2017-12-11 20:41:37','Verschoben in Sammler Badarmaturen',1),(1244,475,'2017-12-11 20:41:37','Verschoben in Sammler Badarmaturen',1),(1245,476,'2017-12-11 20:41:37','Verschoben in Sammler Badarmaturen',1),(1246,477,'2017-12-11 20:41:37','Verschoben in Sammler Badarmaturen',1),(1247,478,'2017-12-11 20:41:37','Verschoben in Sammler Badarmaturen',1),(1248,479,'2017-12-11 20:41:37','Verschoben in Sammler Badarmaturen',1),(1249,480,'2017-12-11 20:41:37','Verschoben in Sammler Badarmaturen',1),(1250,481,'2017-12-11 20:41:37','Verschoben in Sammler Badarmaturen',1),(1251,482,'2017-12-11 20:41:37','Verschoben in Sammler Badarmaturen',1),(1252,483,'2017-12-11 20:41:37','Verschoben in Sammler Badarmaturen',1),(1253,484,'2017-12-11 20:41:37','Verschoben in Sammler Badarmaturen',1),(1254,485,'2017-12-11 20:41:37','Verschoben in Sammler Badarmaturen',1),(1255,486,'2017-12-11 20:41:37','Verschoben in Sammler Badarmaturen',1),(1256,487,'2017-12-11 20:41:37','Verschoben in Sammler Badarmaturen',1),(1257,488,'2017-12-11 20:41:37','Verschoben in Sammler Badarmaturen',1),(1258,489,'2017-12-11 20:41:37','Verschoben in Sammler Badarmaturen',1),(1259,490,'2017-12-11 20:41:37','Verschoben in Sammler Badarmaturen',1),(1260,491,'2017-12-11 20:41:37','Verschoben in Sammler Badarmaturen',1),(1261,492,'2017-12-11 20:41:37','Verschoben in Sammler Badarmaturen',1),(1262,493,'2017-12-11 20:41:37','Verschoben in Sammler Badarmaturen',1),(1263,494,'2017-12-11 20:41:37','Verschoben in Sammler Badarmaturen',1),(1264,495,'2017-12-11 20:41:37','Verschoben in Sammler Badarmaturen',1),(1265,496,'2017-12-11 20:41:37','Verschoben in Sammler Badarmaturen',1),(1266,497,'2017-12-11 20:41:37','Verschoben in Sammler Badarmaturen',1),(1267,498,'2017-12-11 20:41:37','Verschoben in Sammler Badarmaturen',1),(1268,499,'2017-12-11 20:41:37','Verschoben in Sammler Badarmaturen',1),(1269,500,'2017-12-11 20:41:37','Verschoben in Sammler Badarmaturen',1),(1270,501,'2017-12-11 20:41:37','Verschoben in Sammler Badarmaturen',1),(1271,502,'2017-12-11 20:41:37','Verschoben in Sammler Badarmaturen',1),(1272,503,'2017-12-11 20:41:37','Verschoben in Sammler Badarmaturen',1),(1273,504,'2017-12-11 20:41:37','Verschoben in Sammler Badarmaturen',1),(1274,470,'2017-12-11 20:41:50','Auktion 173027777922 per Hand eingestellt',1),(1275,471,'2017-12-11 20:41:54','Auktion 173027777957 per Hand eingestellt',1),(1276,472,'2017-12-11 20:41:58','Auktion 173027777998 per Hand eingestellt',1),(1277,473,'2017-12-11 20:42:02','Auktion 173027778117 per Hand eingestellt',1),(1278,474,'2017-12-11 20:42:06','Auktion 173027778150 per Hand eingestellt',1),(1279,475,'2017-12-11 20:42:11','Auktion 173027778198 per Hand eingestellt',1),(1280,476,'2017-12-11 20:42:14','Auktion 173027778249 per Hand eingestellt',1),(1281,477,'2017-12-11 20:42:18','Auktion 173027778287 per Hand eingestellt',1),(1282,478,'2017-12-11 20:42:22','Auktion 173027778332 per Hand eingestellt',1),(1283,479,'2017-12-11 20:42:25','Auktion 173027778468 per Hand eingestellt',1),(1284,480,'2017-12-11 20:42:29','Auktion 173027778506 per Hand eingestellt',1),(1285,481,'2017-12-11 20:42:33','Auktion 173027778536 per Hand eingestellt',1),(1286,482,'2017-12-11 20:42:37','Auktion 173027778573 per Hand eingestellt',1),(1287,483,'2017-12-11 20:42:41','Auktion 173027778624 per Hand eingestellt',1),(1288,484,'2017-12-11 20:42:45','Auktion 173027778657 per Hand eingestellt',1),(1289,485,'2017-12-11 20:42:49','Auktion 173027778710 per Hand eingestellt',1),(1290,486,'2017-12-11 20:42:53','Auktion 173027778754 per Hand eingestellt',1),(1291,487,'2017-12-11 20:42:57','Auktion 173027778800 per Hand eingestellt',1),(1292,488,'2017-12-11 20:43:02','Auktion 173027778852 per Hand eingestellt',1),(1293,489,'2017-12-11 20:43:06','Auktion 173027778925 per Hand eingestellt',1),(1294,490,'2017-12-11 20:43:10','Auktion 173027779013 per Hand eingestellt',1),(1295,491,'2017-12-11 20:43:14','Auktion 173027779151 per Hand eingestellt',1),(1296,492,'2017-12-11 20:43:18','Auktion 173027779333 per Hand eingestellt',1),(1297,493,'2017-12-11 20:43:22','Auktion 173027779471 per Hand eingestellt',1),(1298,494,'2017-12-11 20:43:26','Auktion 173027779671 per Hand eingestellt',1),(1299,495,'2017-12-11 20:43:30','Auktion 173027779851 per Hand eingestellt',1),(1300,496,'2017-12-11 20:43:34','Auktion 173027780029 per Hand eingestellt',1),(1301,497,'2017-12-11 20:43:37','Auktion 173027780234 per Hand eingestellt',1),(1302,498,'2017-12-11 20:43:42','Auktion 173027780363 per Hand eingestellt',1),(1303,499,'2017-12-11 20:43:46','Auktion 173027780479 per Hand eingestellt',1),(1304,500,'2017-12-11 20:43:48','Auktion 173027780577 per Hand eingestellt',1),(1305,501,'2017-12-11 20:43:51','Auktion 173027780643 per Hand eingestellt',1),(1306,502,'2017-12-11 20:43:54','Auktion 173027780713 per Hand eingestellt',1),(1307,503,'2017-12-11 20:43:56','Auktion 173027780835 per Hand eingestellt',1),(1308,504,'2017-12-11 20:43:59','Auktion 173027780896 per Hand eingestellt',1),(1309,427,'2017-12-11 21:01:14','Auktion 173027802102 per Hand eingestellt',1),(1310,428,'2017-12-11 21:01:16','Auktion 173027802210 per Hand eingestellt',1),(1311,429,'2017-12-11 21:01:19','Auktion 173027802298 per Hand eingestellt',1),(1312,430,'2017-12-11 21:01:22','Auktion 173027802442 per Hand eingestellt',1),(1313,431,'2017-12-11 21:01:24','Auktion 173027802565 per Hand eingestellt',1),(1314,432,'2017-12-11 21:01:27','Auktion 173027802633 per Hand eingestellt',1),(1315,433,'2017-12-11 21:01:29','Auktion 173027802703 per Hand eingestellt',1),(1316,434,'2017-12-11 21:01:32','Auktion 173027802783 per Hand eingestellt',1),(1317,435,'2017-12-11 21:01:35','Auktion 173027802871 per Hand eingestellt',1),(1318,436,'2017-12-11 21:01:38','Auktion 173027802943 per Hand eingestellt',1),(1319,437,'2017-12-11 21:01:41','Auktion 173027803040 per Hand eingestellt',1),(1320,438,'2017-12-11 21:01:44','Auktion 173027803114 per Hand eingestellt',1),(1321,439,'2017-12-11 21:01:46','Auktion 173027803184 per Hand eingestellt',1),(1322,440,'2017-12-11 21:01:49','Auktion 173027803253 per Hand eingestellt',1),(1323,441,'2017-12-11 21:01:52','Auktion 173027803358 per Hand eingestellt',1),(1324,442,'2017-12-11 21:01:54','Auktion 173027803467 per Hand eingestellt',1),(1325,443,'2017-12-11 21:01:57','Auktion 173027803567 per Hand eingestellt',1),(1326,444,'2017-12-11 21:02:00','Auktion 173027803669 per Hand eingestellt',1),(1327,445,'2017-12-11 21:02:03','Auktion 173027803724 per Hand eingestellt',1),(1328,446,'2017-12-11 21:02:05','Auktion 173027803860 per Hand eingestellt',1),(1329,447,'2017-12-11 21:02:08','Auktion 173027804129 per Hand eingestellt',1),(1330,448,'2017-12-11 21:02:11','Auktion 173027804216 per Hand eingestellt',1),(1331,449,'2017-12-11 21:02:14','Auktion 173027804338 per Hand eingestellt',1),(1332,450,'2017-12-11 21:02:16','Auktion 173027804485 per Hand eingestellt',1),(1333,451,'2017-12-11 21:02:19','Auktion 173027804567 per Hand eingestellt',1),(1334,341,'2017-12-11 21:05:49','Verschoben in Sammler Heizthermen',1),(1335,342,'2017-12-11 21:05:49','Verschoben in Sammler Heizthermen',1),(1336,343,'2017-12-11 21:05:50','Verschoben in Sammler Heizthermen',1),(1337,344,'2017-12-11 21:05:50','Verschoben in Sammler Heizthermen',1),(1338,345,'2017-12-11 21:05:50','Verschoben in Sammler Heizthermen',1),(1339,346,'2017-12-11 21:05:50','Verschoben in Sammler Heizthermen',1),(1340,347,'2017-12-11 21:05:50','Verschoben in Sammler Heizthermen',1),(1341,348,'2017-12-11 21:05:50','Verschoben in Sammler Heizthermen',1),(1342,349,'2017-12-11 21:05:50','Verschoben in Sammler Heizthermen',1),(1343,350,'2017-12-11 21:05:50','Verschoben in Sammler Heizthermen',1),(1344,351,'2017-12-11 21:05:50','Verschoben in Sammler Heizthermen',1),(1345,352,'2017-12-11 21:05:50','Verschoben in Sammler Heizthermen',1),(1346,353,'2017-12-11 21:05:50','Verschoben in Sammler Heizthermen',1),(1347,354,'2017-12-11 21:05:50','Verschoben in Sammler Heizthermen',1),(1348,355,'2017-12-11 21:05:50','Verschoben in Sammler Heizthermen',1),(1349,356,'2017-12-11 21:05:50','Verschoben in Sammler Heizthermen',1),(1350,357,'2017-12-11 21:05:50','Verschoben in Sammler Heizthermen',1),(1351,358,'2017-12-11 21:05:50','Verschoben in Sammler Heizthermen',1),(1352,359,'2017-12-11 21:05:50','Verschoben in Sammler Heizthermen',1),(1353,360,'2017-12-11 21:05:50','Verschoben in Sammler Heizthermen',1),(1354,361,'2017-12-11 21:05:50','Verschoben in Sammler Heizthermen',1),(1355,362,'2017-12-11 21:05:50','Verschoben in Sammler Heizthermen',1),(1356,363,'2017-12-11 21:05:50','Verschoben in Sammler Heizthermen',1),(1357,364,'2017-12-11 21:05:50','Verschoben in Sammler Heizthermen',1),(1358,341,'2017-12-11 21:06:15','Auktion 173027810577 per Hand eingestellt',1),(1359,242,'2017-12-11 21:11:32','Verschoben in Sammler Smart Home',1),(1360,243,'2017-12-11 21:11:32','Verschoben in Sammler Smart Home',1),(1361,244,'2017-12-11 21:11:32','Verschoben in Sammler Smart Home',1),(1362,245,'2017-12-11 21:11:32','Verschoben in Sammler Smart Home',1),(1363,246,'2017-12-11 21:11:32','Verschoben in Sammler Smart Home',1),(1364,247,'2017-12-11 21:11:32','Verschoben in Sammler Smart Home',1),(1365,248,'2017-12-11 21:11:32','Verschoben in Sammler Smart Home',1),(1366,249,'2017-12-11 21:11:32','Verschoben in Sammler Smart Home',1),(1367,250,'2017-12-11 21:11:32','Verschoben in Sammler Smart Home',1),(1368,251,'2017-12-11 21:11:32','Verschoben in Sammler Smart Home',1),(1369,252,'2017-12-11 21:11:32','Verschoben in Sammler Smart Home',1),(1370,253,'2017-12-11 21:11:32','Verschoben in Sammler Smart Home',1),(1371,254,'2017-12-11 21:11:32','Verschoben in Sammler Smart Home',1),(1372,255,'2017-12-11 21:11:32','Verschoben in Sammler Smart Home',1),(1373,256,'2017-12-11 21:11:32','Verschoben in Sammler Smart Home',1),(1374,257,'2017-12-11 21:11:32','Verschoben in Sammler Smart Home',1),(1375,258,'2017-12-11 21:11:32','Verschoben in Sammler Smart Home',1),(1376,259,'2017-12-11 21:11:32','Verschoben in Sammler Smart Home',1),(1377,260,'2017-12-11 21:11:32','Verschoben in Sammler Smart Home',1),(1378,261,'2017-12-11 21:11:32','Verschoben in Sammler Smart Home',1),(1379,262,'2017-12-11 21:11:32','Verschoben in Sammler Smart Home',1),(1380,263,'2017-12-11 21:11:32','Verschoben in Sammler Smart Home',1),(1381,264,'2017-12-11 21:11:32','Verschoben in Sammler Smart Home',1),(1382,265,'2017-12-11 21:11:32','Verschoben in Sammler Smart Home',1),(1383,266,'2017-12-11 21:11:32','Verschoben in Sammler Smart Home',1),(1384,267,'2017-12-11 21:11:32','Verschoben in Sammler Smart Home',1),(1385,268,'2017-12-11 21:11:32','Verschoben in Sammler Smart Home',1),(1386,269,'2017-12-11 21:11:32','Verschoben in Sammler Smart Home',1),(1387,270,'2017-12-11 21:11:32','Verschoben in Sammler Smart Home',1),(1388,271,'2017-12-11 21:11:32','Verschoben in Sammler Smart Home',1),(1389,272,'2017-12-11 21:11:32','Verschoben in Sammler Smart Home',1),(1390,273,'2017-12-11 21:11:32','Verschoben in Sammler Smart Home',1),(1391,274,'2017-12-11 21:11:32','Verschoben in Sammler Smart Home',1),(1392,275,'2017-12-11 21:11:32','Verschoben in Sammler Smart Home',1),(1393,276,'2017-12-11 21:11:32','Verschoben in Sammler Smart Home',1),(1394,277,'2017-12-11 21:11:32','Verschoben in Sammler Smart Home',1),(1395,278,'2017-12-11 21:11:32','Verschoben in Sammler Smart Home',1),(1396,279,'2017-12-11 21:11:32','Verschoben in Sammler Smart Home',1),(1397,280,'2017-12-11 21:11:32','Verschoben in Sammler Smart Home',1),(1398,281,'2017-12-11 21:11:32','Verschoben in Sammler Smart Home',1),(1399,282,'2017-12-11 21:11:32','Verschoben in Sammler Smart Home',1),(1400,283,'2017-12-11 21:11:32','Verschoben in Sammler Smart Home',1),(1401,284,'2017-12-11 21:11:32','Verschoben in Sammler Smart Home',1),(1402,285,'2017-12-11 21:11:32','Verschoben in Sammler Smart Home',1),(1403,286,'2017-12-11 21:11:32','Verschoben in Sammler Smart Home',1),(1404,287,'2017-12-11 21:11:32','Verschoben in Sammler Smart Home',1),(1405,288,'2017-12-11 21:11:32','Verschoben in Sammler Smart Home',1),(1406,289,'2017-12-11 21:11:32','Verschoben in Sammler Smart Home',1),(1407,290,'2017-12-11 21:11:32','Verschoben in Sammler Smart Home',1),(1408,291,'2017-12-11 21:11:32','Verschoben in Sammler Smart Home',1),(1409,292,'2017-12-11 21:11:32','Verschoben in Sammler Smart Home',1),(1410,242,'2017-12-11 21:11:47','Auktion 173027816225 per Hand eingestellt',1),(1411,243,'2017-12-11 21:11:49','Auktion 173027816275 per Hand eingestellt',1),(1412,244,'2017-12-11 21:11:52','Auktion 173027816304 per Hand eingestellt',1),(1413,245,'2017-12-11 21:11:54','Auktion 173027816332 per Hand eingestellt',1),(1414,246,'2017-12-11 21:11:57','Auktion 173027816356 per Hand eingestellt',1),(1415,247,'2017-12-11 21:12:00','Auktion 173027816390 per Hand eingestellt',1),(1416,248,'2017-12-11 21:12:02','Auktion 173027816421 per Hand eingestellt',1),(1417,249,'2017-12-11 21:12:05','Auktion 173027816452 per Hand eingestellt',1),(1418,250,'2017-12-11 21:12:09','Auktion 173027816489 per Hand eingestellt',1),(1419,251,'2017-12-11 21:12:12','Auktion 173027816537 per Hand eingestellt',1),(1420,252,'2017-12-11 21:12:14','Auktion 173027816570 per Hand eingestellt',1),(1421,253,'2017-12-11 21:12:17','Auktion 173027816600 per Hand eingestellt',1),(1422,254,'2017-12-11 21:12:20','Auktion 173027816653 per Hand eingestellt',1),(1423,255,'2017-12-11 21:12:22','Auktion 173027816703 per Hand eingestellt',1),(1424,256,'2017-12-11 21:12:25','Auktion 173027816750 per Hand eingestellt',1),(1425,257,'2017-12-11 21:12:28','Auktion 173027816798 per Hand eingestellt',1),(1426,258,'2017-12-11 21:12:31','Auktion 173027816833 per Hand eingestellt',1),(1427,259,'2017-12-11 21:12:33','Auktion 173027816858 per Hand eingestellt',1),(1428,260,'2017-12-11 21:12:36','Auktion 173027816894 per Hand eingestellt',1),(1429,261,'2017-12-11 21:12:39','Auktion 173027816927 per Hand eingestellt',1),(1430,262,'2017-12-11 21:12:41','Auktion 173027816968 per Hand eingestellt',1),(1431,263,'2017-12-11 21:12:44','Auktion 173027816996 per Hand eingestellt',1),(1432,264,'2017-12-11 21:12:47','Auktion 173027817025 per Hand eingestellt',1),(1433,265,'2017-12-11 21:12:50','Auktion 173027817071 per Hand eingestellt',1),(1434,266,'2017-12-11 21:12:52','Auktion 173027817123 per Hand eingestellt',1),(1435,267,'2017-12-11 21:12:56','Auktion 173027817148 per Hand eingestellt',1),(1436,268,'2017-12-11 21:12:58','Auktion 173027817187 per Hand eingestellt',1),(1437,269,'2017-12-11 21:13:01','Auktion 173027817222 per Hand eingestellt',1),(1438,270,'2017-12-11 21:13:04','Auktion 173027817265 per Hand eingestellt',1),(1439,271,'2017-12-11 21:13:06','Auktion 173027817337 per Hand eingestellt',1),(1440,272,'2017-12-11 21:13:09','Auktion 173027817403 per Hand eingestellt',1),(1441,273,'2017-12-11 21:13:11','Auktion 173027817453 per Hand eingestellt',1),(1442,274,'2017-12-11 21:13:14','Auktion 173027817512 per Hand eingestellt',1),(1443,275,'2017-12-11 21:13:17','Auktion 173027817629 per Hand eingestellt',1),(1444,276,'2017-12-11 21:13:19','Auktion 173027817655 per Hand eingestellt',1),(1445,277,'2017-12-11 21:13:22','Auktion 173027817681 per Hand eingestellt',1),(1446,278,'2017-12-11 21:13:25','Auktion 173027817726 per Hand eingestellt',1),(1447,279,'2017-12-11 21:13:27','Auktion 173027817749 per Hand eingestellt',1),(1448,280,'2017-12-11 21:13:30','Auktion 173027817791 per Hand eingestellt',1),(1449,281,'2017-12-11 21:13:33','Auktion 173027817832 per Hand eingestellt',1),(1450,282,'2017-12-11 21:13:35','Auktion 173027817897 per Hand eingestellt',1),(1451,283,'2017-12-11 21:13:38','Auktion 173027817949 per Hand eingestellt',1),(1452,284,'2017-12-11 21:13:41','Auktion 173027818005 per Hand eingestellt',1),(1453,285,'2017-12-11 21:13:44','Auktion 173027818046 per Hand eingestellt',1),(1454,286,'2017-12-11 21:13:46','Auktion 173027818076 per Hand eingestellt',1),(1455,287,'2017-12-11 21:13:49','Auktion 173027818103 per Hand eingestellt',1),(1456,288,'2017-12-11 21:13:52','Auktion 173027818147 per Hand eingestellt',1),(1457,289,'2017-12-11 21:13:55','Auktion 173027818183 per Hand eingestellt',1),(1458,290,'2017-12-11 21:13:57','Auktion 173027818220 per Hand eingestellt',1),(1459,341,'2017-12-11 21:16:23','Verschoben in Sammler Heizthermen',1),(1460,342,'2017-12-11 21:16:23','Verschoben in Sammler Heizthermen',1),(1461,343,'2017-12-11 21:16:23','Verschoben in Sammler Heizthermen',1),(1462,344,'2017-12-11 21:16:23','Verschoben in Sammler Heizthermen',1),(1463,345,'2017-12-11 21:16:23','Verschoben in Sammler Heizthermen',1),(1464,346,'2017-12-11 21:16:23','Verschoben in Sammler Heizthermen',1),(1465,347,'2017-12-11 21:16:23','Verschoben in Sammler Heizthermen',1),(1466,348,'2017-12-11 21:16:23','Verschoben in Sammler Heizthermen',1),(1467,349,'2017-12-11 21:16:23','Verschoben in Sammler Heizthermen',1),(1468,350,'2017-12-11 21:16:23','Verschoben in Sammler Heizthermen',1),(1469,351,'2017-12-11 21:16:23','Verschoben in Sammler Heizthermen',1),(1470,352,'2017-12-11 21:16:23','Verschoben in Sammler Heizthermen',1),(1471,353,'2017-12-11 21:16:23','Verschoben in Sammler Heizthermen',1),(1472,354,'2017-12-11 21:16:23','Verschoben in Sammler Heizthermen',1),(1473,355,'2017-12-11 21:16:23','Verschoben in Sammler Heizthermen',1),(1474,356,'2017-12-11 21:16:23','Verschoben in Sammler Heizthermen',1),(1475,357,'2017-12-11 21:16:23','Verschoben in Sammler Heizthermen',1),(1476,358,'2017-12-11 21:16:23','Verschoben in Sammler Heizthermen',1),(1477,359,'2017-12-11 21:16:23','Verschoben in Sammler Heizthermen',1),(1478,360,'2017-12-11 21:16:23','Verschoben in Sammler Heizthermen',1),(1479,361,'2017-12-11 21:16:23','Verschoben in Sammler Heizthermen',1),(1480,362,'2017-12-11 21:16:23','Verschoben in Sammler Heizthermen',1),(1481,363,'2017-12-11 21:16:23','Verschoben in Sammler Heizthermen',1),(1482,364,'2017-12-11 21:16:23','Verschoben in Sammler Heizthermen',1),(1483,346,'2017-12-11 21:16:39','Auktion 173027820584 per Hand eingestellt',1),(1484,528,'2018-12-15 15:02:01','Per Schnellbearbeitung erzeugt.',4999);

--
-- Table structure for table `ebay_products_itemspecifics`
--

CREATE TABLE `ebay_products_itemspecifics` (
  `ebay_products_itemspecifics_id` int(11) NOT NULL AUTO_INCREMENT,
  `ebay_products_id` int(11) NOT NULL,
  `is_name` varchar(64) NOT NULL,
  `is_value` varchar(255) NOT NULL,
  PRIMARY KEY (`ebay_products_itemspecifics_id`),
  KEY `ebay_products_id` (`ebay_products_id`)
) ENGINE=MyISAM AUTO_INCREMENT=2532 DEFAULT CHARSET=utf8;

--
-- Dumping data for table `ebay_products_itemspecifics`
--

INSERT INTO `ebay_products_itemspecifics` (`ebay_products_itemspecifics_id`, `ebay_products_id`, `is_name`, `is_value`) VALUES (52,22,'NOx-Klasse','3 (EN 676)'),(51,22,'Mehrfachstellgerät','W-MF 055'),(50,22,'Luftklappe','Stellantrieb W-St 02/1'),(48,22,'Leistungsbereich','12,5 - 50 kW'),(49,22,'LowNOx-Ausführung','Ja'),(47,22,'Digitales Feuerungsmanagement','W-FM 05'),(45,22,'Betriebsmittel','Erdgas E/LL'),(46,22,'Betriebsweise','Einstufige Betriebsweise'),(44,22,'Armaturen-Nennweite','1/2\"'),(43,22,'1. BIMSchV','Nachweis der NOx-Grenzwerte durch Herstellerbescheinigung'),(53,23,'Leistungsbereich','12,5 - 50 kW'),(54,23,'LowNOx-Ausführung','Ja'),(55,23,'Betriebsmittel','Flüssiggas B/P'),(56,23,'Armaturen-Nennweite','1/2\"'),(57,23,'Mehrfachstellgerät','W-MF 055'),(58,23,'Betriebsweise','Einstufige Betriebsweise'),(59,23,'Luftklappe','Stellantrieb W-St 02/1'),(60,23,'Digitales Feuerungsmanagement','W-FM 05'),(61,23,'NOx-Klasse','3 (EN 676)'),(62,23,'1. BIMSchV','ohne NOx-Grenzwerte'),(63,24,'Leistungsbereich','25 - 110 kW'),(64,24,'LowNOx-Ausführung','Ja'),(65,24,'Betriebsmittel','Erdgas E/LL'),(66,24,'Armaturen-Nennweite','3/4\"'),(67,24,'Mehrfachstellgerät','W-MF 507'),(68,24,'Betriebsweise','Ein- oder zweistufige Betriebsweise'),(69,24,'Luftklappe','Stellantrieb STD 4,5'),(70,24,'Digitales Feuerungsmanagement','W-FM 10'),(71,24,'NOx-Klasse','3 (EN 676)'),(72,24,'1. BIMSchV','Nachweis der NOx-Grenzwerte durch Herstellerbescheinigung'),(73,25,'Leistungsbereich','25 - 110 kW'),(74,25,'LowNOx-Ausführung','Ja'),(75,25,'Betriebsmittel','Erdgas E/LL'),(76,25,'Armaturen-Nennweite','3/4\"'),(77,25,'Mehrfachstellgerät','W-MF 507'),(78,25,'Betriebsweise','Gleitend-zweistufige oder modulierende Betriebsweise'),(79,25,'Luftklappe','Stellantrieb STE 4,5'),(80,25,'Digitales Feuerungsmanagement','W-FM 25'),(81,25,'NOx-Klasse','3 (EN 676)'),(82,25,'1. BIMSchV','Nachweis der NOx-Grenzwerte durch Herstellerbescheinigung'),(83,26,'Leistungsbereich','25 - 110 kW'),(84,26,'LowNOx-Ausführung','Ja'),(85,26,'Betriebsmittel','Flüssiggas B/P'),(86,26,'Armaturen-Nennweite','3/4\"'),(87,26,'Mehrfachstellgerät','W-MF 507'),(88,26,'Betriebsweise','Ein- oder zweistufige Betriebsweise'),(89,26,'Luftklappe','Stellantrieb STD 4,5'),(90,26,'Digitales Feuerungsmanagement','W-FM 10'),(91,26,'NOx-Klasse','3 (EN 676)'),(92,26,'1. BIMSchV','ohne NOx-Grenzwerte'),(93,27,'Leistungsbereich','25 - 110 kW'),(94,27,'LowNOx-Ausführung','Ja'),(95,27,'Betriebsmittel','Flüssiggas B/P'),(96,27,'Armaturen-Nennweite','3/4\"'),(97,27,'Mehrfachstellgerät','W-MF 507'),(98,27,'Betriebsweise','Gleitend-zweistufige oder modulierende Betriebsweise'),(99,27,'Luftklappe','Stellantrieb STE 4,5'),(100,27,'Digitales Feuerungsmanagement','W-FM 25'),(101,27,'NOx-Klasse','3 (EN 676)'),(102,27,'1. BIMSchV','ohne NOx-Grenzwerte'),(347,347,'Modell','WTC 15-A Ausf.W-PEA-S20'),(348,347,'Modulationsbereich','4,3 bis 14,7 kW'),(349,347,'Normnutzungsgrad','110 %'),(350,347,'Pumpe','Hocheffizienzpumpe'),(351,347,'Verbrennungsregelung (Scot)','Elektronisch'),(352,347,'Warmwasserumschaltventil','Ja'),(353,348,'Warmwasserumschaltventil','Ja'),(354,348,'Modell','WTC 15-A Ausf.W-PEA-S40'),(355,348,'Modulationsbereich','4,3 bis 14,7 kW'),(356,348,'Normnutzungsgrad','110 %'),(357,348,'Pumpe','Hocheffizienzpumpe'),(358,348,'Verbrennungsregelung (Scot)','Elektronisch'),(359,351,'Modulationsbereich','2,9 bis 25,6 kW'),(360,351,'Normnutzungsgrad','110 %'),(361,351,'Verbrennungsregelung (Scot)','Elektronisch'),(362,351,'Warmwasserumschaltventil','Ja'),(363,351,'Modell','WTC-GW 25-B Ausf. W'),(364,352,'Verbrennungsregelung (Scot)','Elektronisch'),(365,352,'Gerätevariante','mit integriertem Warmwasserspeicher'),(366,352,'Modell','WTC 25-A, Ausf. K-PEA-I-100'),(367,352,'Modulationsbereich','7,5 bis 25,2 kW'),(368,352,'Normnutzungsgrad','110 %'),(369,352,'Pumpe','Hocheffizienzpumpe'),(370,353,'Warmwasserumschaltventil','Ja'),(371,353,'Modell','WTC 25-A, Ausf. W-PEA-S20'),(372,353,'Modulationsbereich','7,5 bis 25,2 kW'),(373,353,'Normnutzungsgrad','110 %'),(374,353,'Pumpe','Hocheffizienzpumpe'),(375,353,'Verbrennungsregelung (Scot)','Elektronisch'),(376,354,'Modell','WTC-GW 25-B, Ausf. H'),(377,354,'Modulationsbereich','2,9 bis 25,6 kW'),(378,354,'Normnutzungsgrad','110 %'),(379,354,'Pumpe','Hocheffizienzpumpe'),(380,354,'Verbrennungsregelung (Scot)','Elektronisch'),(381,355,'Warmwasserumschaltventil','Ja'),(382,355,'Modell','WTC-GW 25-B Ausf. W'),(383,355,'Modulationsbereich','2,9 bis 25,6 kW'),(384,355,'Normnutzungsgrad','110 %'),(385,355,'Pumpe','Hocheffizienzpumpe'),(386,355,'Verbrennungsregelung (Scot)','Elektronisch'),(387,356,'Verbrennungsregelung (Scot)','Elektronisch'),(388,356,'Warmwasserumschaltventil','Ja'),(389,356,'Modell','WTC-GW 25-B, Ausf. H-0'),(390,356,'Modulationsbereich','3,2 bis 25,6 kW'),(391,357,'Pumpe','Hocheffizienzpumpe'),(392,357,'Verbrennungsregelung (Scot)','Elektronisch'),(393,357,'Modell','WTC-GW 25-B, Ausf. H'),(394,357,'Modulationsbereich','3,2 bis 25,6 kW'),(395,358,'Pumpe','Hocheffizienzpumpe'),(396,358,'Verbrennungsregelung (Scot)','Elektronisch'),(397,358,'Warmwasserumschaltventil','Ja'),(398,358,'Modell','WTC 32-A Ausf.W-PEA'),(399,358,'Modulationsbereich','3,2 bis 25,6 kW'),(400,359,'Warmwasserumschaltventil','Ja'),(401,359,'Modell','WTC 32-A Ausf.W-PEA'),(402,359,'Modulationsbereich','10,2 bis 32,0 kW'),(403,359,'Normnutzungsgrad','110 %'),(404,359,'Pumpe','Hocheffizienzpumpe'),(405,359,'Verbrennungsregelung (Scot)','Elektronisch'),(406,360,'Warmwasserumschaltventil','Ja'),(407,360,'Modell','WTC 32-A Ausf.W-PEA'),(408,360,'Modulationsbereich','10,2 bis 32,0 kW'),(409,360,'Normnutzungsgrad','110 %'),(410,360,'Pumpe','Hocheffizienzpumpe'),(411,360,'Verbrennungsregelung (Scot)','Elektronisch'),(412,361,'Warmwasserumschaltventil','Ja'),(413,361,'Modell','WTC 32-A Ausf.W-PEA'),(414,361,'Modulationsbereich','10,2 bis 32,0 kW'),(415,361,'Normnutzungsgrad','110 %'),(416,361,'Pumpe','Hocheffizienzpumpe'),(417,361,'Verbrennungsregelung (Scot)','Elektronisch'),(418,362,'Warmwasserumschaltventil','Ja'),(419,362,'Gerätevariante','mit integriertem Warmwasserspeicher'),(420,362,'Modell','WTC 15-A Ausf. K-PEA-I-100'),(421,362,'Modulationsbereich','4,3 bis 14,7 kW'),(422,362,'Normnutzungsgrad','110 %'),(423,362,'Pumpe','Hocheffizienzpumpe'),(424,362,'Verbrennungsregelung (Scot)','Elektronisch'),(425,363,'Gerätevariante','ohne integrierte Umwälzpumpe'),(426,363,'Modell','WTC 32-A Ausf.H-O'),(427,363,'Modulationsbereich','10,2 bis 32,0 kW'),(428,363,'Normnutzungsgrad','110 %'),(429,363,'Verbrennungsregelung (Scot)','Elektronisch'),(430,364,'Normnutzungsgrad','110 %'),(346,344,'Modulationsbereich','1,9 bis 15 kW'),(345,344,'Modell','WTC-GW 15-B Ausf.H'),(344,344,'Verbrennungsregelung (Scot)','Elektronisch'),(343,344,'Pumpe','Hocheffizienzpumpe'),(342,344,'Normnutzungsgrad','> 110 %'),(341,343,'Verbrennungsregelung (Scot)','Elektronisch'),(340,343,'Pumpe','Hocheffizienzpumpe'),(339,343,'Normnutzungsgrad','> 110 %'),(338,343,'Modulationsbereich','1,9 bis 15 kW'),(337,343,'Modell','WTC-GW 15-B Ausf.W'),(336,343,'Warmwasserumschaltventil','Ja'),(335,342,'Verbrennungsregelung (Scot)','Elektronisch'),(334,342,'Pumpe','Hocheffizienzpumpe'),(333,342,'Normnutzungsgrad','> 110 %'),(332,342,'Modulationsbereich','1,9 bis 15 kW'),(331,342,'Modell','WTC-GW 15-B Ausf.W'),(330,342,'Warmwasserumschaltventil','Ja'),(329,341,'Verbrennungsregelung (Scot)','Elektronisch'),(328,341,'Normnutzungsgrad','> 110 %'),(327,341,'Modulationsbereich','1,9 bis 15 kW'),(326,341,'Modell','WTC-GW 15-B Ausf.H-0'),(325,341,'Gerätevariante','ohne integrierte Umwälzpumpe'),(431,364,'Pumpe','Hocheffizienzpumpe'),(432,364,'Verbrennungsregelung (Scot)','Elektronisch'),(433,364,'Warmwasserumschaltventil','Ja'),(434,364,'Modell','WTC 32-A Ausf.W-PEA'),(435,364,'Modulationsbereich','10,2 bis 32,0 kW'),(1477,443,'Bohrlochabstand','160 mm'),(1476,443,'Ausladung',''),(1475,443,'Wannen-Innenlänge',''),(1474,443,'Höhe Wannenrand',''),(1473,443,'Glas',''),(1472,443,'Breite Wannenrand',''),(1471,443,'Auslaufhöhe',''),(1470,443,'Ablauf',''),(1469,443,'Fabrikat','VIGOUR'),(1468,442,'Tiefe','500 mm'),(1467,442,'Höhe','480 mm'),(1466,442,'Breite','600 mm'),(1488,444,'Auslaufhöhe',''),(1487,444,'Ablauf',''),(1486,444,'Fabrikat','VIGOUR'),(1485,443,'Tiefe','500 mm'),(1484,443,'Höhe','480 mm'),(1483,443,'Breite','600 mm'),(1482,443,'Farbe','Anthrazit Hochglanz'),(1481,443,'Modell','one'),(1480,443,'Wannen-Innenbreite',''),(1479,443,'Glasstärke',''),(1478,443,'Durchmesser',''),(1499,444,'Farbe','weiss'),(1498,444,'Modell','one'),(1497,444,'Wannen-Innenbreite',''),(1496,444,'Glasstärke',''),(1495,444,'Durchmesser',''),(1494,444,'Bohrlochabstand','160 mm'),(1493,444,'Ausladung',''),(1492,444,'Wannen-Innenlänge',''),(1491,444,'Höhe Wannenrand',''),(1490,444,'Glas',''),(1489,444,'Breite Wannenrand',''),(1465,442,'Farbe','Anthrazit Hochglanz'),(1464,442,'Modell','one'),(1463,442,'Wannen-Innenbreite',''),(1462,442,'Glasstärke',''),(1461,442,'Durchmesser',''),(1460,442,'Bohrlochabstand','160 mm'),(1459,442,'Ausladung',''),(1458,442,'Wannen-Innenlänge',''),(1457,442,'Höhe Wannenrand',''),(1456,442,'Glas',''),(1455,442,'Breite Wannenrand',''),(1454,442,'Auslaufhöhe',''),(1453,442,'Ablauf',''),(1452,442,'Fabrikat','VIGOUR'),(1451,441,'Tiefe','170 mm'),(1450,441,'Höhe','620 mm'),(1449,441,'Breite','1000 mm'),(1448,441,'Farbe','Anthrazit Hochglanz'),(1447,441,'Modell','one'),(1446,441,'Wannen-Innenbreite',''),(1445,441,'Glasstärke',''),(1444,441,'Durchmesser',''),(1443,441,'Bohrlochabstand',''),(1271,431,'Wannen-Innenlänge',''),(1270,431,'Höhe Wannenrand',''),(1269,431,'Glas',''),(1268,431,'Breite Wannenrand',''),(1267,431,'Auslaufhöhe',''),(1266,431,'Ablauf',''),(1265,431,'Fabrikat','VIGOUR'),(1264,430,'Tiefe',''),(1263,430,'Höhe',''),(1262,430,'Breite',''),(1261,430,'Farbe','weiss'),(1260,430,'Modell','one'),(1259,430,'Wannen-Innenbreite',''),(1306,433,'Ausladung',''),(1305,433,'Wannen-Innenlänge',''),(1304,433,'Höhe Wannenrand',''),(1303,433,'Glas',''),(1302,433,'Breite Wannenrand',''),(1301,433,'Auslaufhöhe',''),(1300,433,'Ablauf',''),(1299,433,'Fabrikat','VIGOUR'),(1298,432,'Tiefe',''),(1297,432,'Höhe',''),(1296,432,'Breite',''),(1295,432,'Farbe','Anthrazit Hochglanz'),(1272,431,'Ausladung',''),(1273,431,'Bohrlochabstand',''),(1274,431,'Durchmesser',''),(1275,431,'Glasstärke',''),(1276,431,'Wannen-Innenbreite',''),(1277,431,'Modell','one'),(1278,431,'Farbe','Anthrazit Hochglanz'),(1279,431,'Breite',''),(1280,431,'Höhe',''),(1281,431,'Tiefe',''),(1282,432,'Fabrikat','VIGOUR'),(1283,432,'Ablauf',''),(1284,432,'Auslaufhöhe',''),(1285,432,'Breite Wannenrand',''),(1286,432,'Glas',''),(1287,432,'Höhe Wannenrand',''),(1288,432,'Wannen-Innenlänge',''),(1289,432,'Ausladung',''),(1290,432,'Bohrlochabstand',''),(1291,432,'Durchmesser',''),(1292,432,'Glasstärke',''),(1293,432,'Wannen-Innenbreite',''),(1294,432,'Modell','one'),(1315,433,'Tiefe','170 mm'),(1314,433,'Höhe','620 mm'),(1313,433,'Breite','600 mm'),(1312,433,'Farbe','Anthrazit Hochglanz'),(1311,433,'Modell','one'),(1310,433,'Wannen-Innenbreite',''),(1309,433,'Glasstärke',''),(1307,433,'Bohrlochabstand',''),(1308,433,'Durchmesser',''),(1330,434,'Breite','600 mm'),(1329,434,'Farbe','Eiche Dekor Dunkel'),(1328,434,'Modell','one'),(1327,434,'Wannen-Innenbreite',''),(1326,434,'Glasstärke',''),(1325,434,'Durchmesser',''),(1324,434,'Bohrlochabstand',''),(1323,434,'Ausladung',''),(1322,434,'Wannen-Innenlänge',''),(1321,434,'Höhe Wannenrand',''),(1320,434,'Glas',''),(1316,434,'Fabrikat','VIGOUR'),(1317,434,'Ablauf',''),(1318,434,'Auslaufhöhe',''),(1319,434,'Breite Wannenrand',''),(1345,435,'Modell','one'),(1344,435,'Wannen-Innenbreite',''),(1343,435,'Glasstärke',''),(1342,435,'Durchmesser',''),(1341,435,'Bohrlochabstand',''),(1340,435,'Ausladung',''),(1339,435,'Wannen-Innenlänge',''),(1338,435,'Höhe Wannenrand',''),(1337,435,'Glas',''),(1336,435,'Breite Wannenrand',''),(1335,435,'Auslaufhöhe',''),(1334,435,'Ablauf',''),(1331,434,'Höhe','620 mm'),(1332,434,'Tiefe','170 mm'),(1333,435,'Fabrikat','VIGOUR'),(1358,436,'Bohrlochabstand',''),(1357,436,'Ausladung',''),(1356,436,'Wannen-Innenlänge',''),(1355,436,'Höhe Wannenrand',''),(1354,436,'Glas',''),(1353,436,'Breite Wannenrand',''),(1352,436,'Auslaufhöhe',''),(1351,436,'Ablauf',''),(1350,436,'Fabrikat','VIGOUR'),(1349,435,'Tiefe','170 mm'),(1348,435,'Höhe','620 mm'),(1347,435,'Breite','600 mm'),(1346,435,'Farbe','Anthrazit Hochglanz'),(1377,437,'Glasstärke',''),(1376,437,'Durchmesser',''),(1375,437,'Bohrlochabstand',''),(1374,437,'Ausladung',''),(1373,437,'Wannen-Innenlänge',''),(1372,437,'Höhe Wannenrand',''),(1371,437,'Glas',''),(1370,437,'Breite Wannenrand',''),(1369,437,'Auslaufhöhe',''),(1368,437,'Ablauf',''),(1367,437,'Fabrikat','VIGOUR'),(1366,436,'Tiefe','170 mm'),(1365,436,'Höhe','620 mm'),(1364,436,'Breite','800 mm'),(1359,436,'Durchmesser',''),(1360,436,'Glasstärke',''),(1361,436,'Wannen-Innenbreite',''),(1362,436,'Modell','one'),(1363,436,'Farbe','Anthrazit Hochglanz'),(1387,438,'Breite Wannenrand',''),(1386,438,'Auslaufhöhe',''),(1385,438,'Ablauf',''),(1384,438,'Fabrikat','VIGOUR'),(1383,437,'Tiefe','170 mm'),(1382,437,'Höhe','620 mm'),(1381,437,'Breite','800 mm'),(1380,437,'Farbe','Eiche Dekor Dunkel'),(1379,437,'Modell','one'),(1378,437,'Wannen-Innenbreite',''),(1401,439,'Fabrikat','VIGOUR'),(1400,438,'Tiefe','170 mm'),(1399,438,'Höhe','620 mm'),(1398,438,'Breite','800 mm'),(1397,438,'Farbe','Anthrazit Hochglanz'),(1396,438,'Modell','one'),(1395,438,'Wannen-Innenbreite',''),(1394,438,'Glasstärke',''),(1393,438,'Durchmesser',''),(1392,438,'Bohrlochabstand',''),(1391,438,'Ausladung',''),(1390,438,'Wannen-Innenlänge',''),(1388,438,'Glas',''),(1389,438,'Höhe Wannenrand',''),(1421,440,'Breite Wannenrand',''),(1420,440,'Auslaufhöhe',''),(1419,440,'Ablauf',''),(1418,440,'Fabrikat','VIGOUR'),(1417,439,'Tiefe','170 mm'),(1416,439,'Höhe','620 mm'),(1415,439,'Breite','1000 mm'),(1414,439,'Farbe','weiss'),(1413,439,'Modell','one'),(1412,439,'Wannen-Innenbreite',''),(1411,439,'Glasstärke',''),(1410,439,'Durchmesser',''),(1409,439,'Bohrlochabstand',''),(1408,439,'Ausladung',''),(1402,439,'Ablauf',''),(1403,439,'Auslaufhöhe',''),(1404,439,'Breite Wannenrand',''),(1405,439,'Glas',''),(1406,439,'Höhe Wannenrand',''),(1407,439,'Wannen-Innenlänge',''),(1429,440,'Wannen-Innenbreite',''),(1428,440,'Glasstärke',''),(1427,440,'Durchmesser',''),(1426,440,'Bohrlochabstand',''),(1425,440,'Ausladung',''),(1424,440,'Wannen-Innenlänge',''),(1423,440,'Höhe Wannenrand',''),(1422,440,'Glas',''),(1442,441,'Ausladung',''),(1441,441,'Wannen-Innenlänge',''),(1440,441,'Höhe Wannenrand',''),(1439,441,'Glas',''),(1438,441,'Breite Wannenrand',''),(1437,441,'Auslaufhöhe',''),(1436,441,'Ablauf',''),(1435,441,'Fabrikat','VIGOUR'),(1434,440,'Tiefe','170 mm'),(1433,440,'Höhe','620 mm'),(1432,440,'Breite','1000 mm'),(1431,440,'Farbe','Eiche Dekor Dunkel'),(1430,440,'Modell','one'),(1258,430,'Glasstärke',''),(1257,430,'Durchmesser',''),(1256,430,'Bohrlochabstand',''),(1255,430,'Ausladung',''),(1254,430,'Wannen-Innenlänge',''),(1253,430,'Höhe Wannenrand',''),(1252,430,'Glas',''),(1251,430,'Breite Wannenrand',''),(1250,430,'Auslaufhöhe',''),(1249,430,'Ablauf',''),(1248,430,'Fabrikat','VIGOUR'),(1247,429,'Tiefe','320 mm'),(1246,429,'Höhe','1600 mm'),(1245,429,'Breite','300 mm'),(1244,429,'Farbe','Anthrazit Hochglanz'),(1243,429,'Modell','one'),(1242,429,'Wannen-Innenbreite',''),(1241,429,'Glasstärke',''),(1240,429,'Durchmesser',''),(1239,429,'Bohrlochabstand','160 mm'),(1238,429,'Ausladung',''),(1237,429,'Wannen-Innenlänge',''),(1236,429,'Höhe Wannenrand',''),(1235,429,'Glas',''),(1234,429,'Breite Wannenrand',''),(1233,429,'Auslaufhöhe',''),(1232,429,'Ablauf',''),(1231,429,'Fabrikat','VIGOUR'),(1230,428,'Tiefe','320 mm'),(1229,428,'Höhe','1600 mm'),(1228,428,'Breite','300 mm'),(1227,428,'Farbe','Eiche Dekor Dunkel'),(1226,428,'Modell','one'),(1225,428,'Wannen-Innenbreite',''),(1224,428,'Glasstärke',''),(1223,428,'Durchmesser',''),(1222,428,'Bohrlochabstand','160 mm'),(1221,428,'Ausladung',''),(1220,428,'Wannen-Innenlänge',''),(1219,428,'Höhe Wannenrand',''),(1218,428,'Glas',''),(1217,428,'Breite Wannenrand',''),(1216,428,'Auslaufhöhe',''),(1215,428,'Ablauf',''),(1214,428,'Fabrikat','VIGOUR'),(1213,427,'Tiefe','320 mm'),(1212,427,'Höhe','1600 mm'),(1211,427,'Breite','300 mm'),(1210,427,'Farbe','weiss'),(1209,427,'Modell','one'),(1208,427,'Wannen-Innenbreite',''),(1207,427,'Glasstärke',''),(1206,427,'Durchmesser',''),(1205,427,'Bohrlochabstand','160 mm'),(1204,427,'Ausladung',''),(1203,427,'Wannen-Innenlänge',''),(1202,427,'Höhe Wannenrand',''),(1201,427,'Glas',''),(1200,427,'Breite Wannenrand',''),(1199,427,'Auslaufhöhe',''),(1198,427,'Ablauf',''),(1197,427,'Fabrikat','VIGOUR'),(1500,444,'Breite','800 mm'),(1501,444,'Höhe','480 mm'),(1502,444,'Tiefe','500 mm'),(1503,445,'Fabrikat','VIGOUR'),(1504,445,'Ablauf',''),(1505,445,'Auslaufhöhe',''),(1506,445,'Breite Wannenrand',''),(1507,445,'Glas',''),(1508,445,'Höhe Wannenrand',''),(1509,445,'Wannen-Innenlänge',''),(1510,445,'Ausladung',''),(1511,445,'Bohrlochabstand','160 mm'),(1512,445,'Durchmesser',''),(1513,445,'Glasstärke',''),(1514,445,'Wannen-Innenbreite',''),(1515,445,'Modell','one'),(1516,445,'Farbe','Anthrazit Hochglanz'),(1517,445,'Breite','800 mm'),(1518,445,'Höhe','480 mm'),(1519,445,'Tiefe','500 mm'),(1520,446,'Fabrikat','VIGOUR'),(1521,446,'Ablauf',''),(1522,446,'Auslaufhöhe',''),(1523,446,'Breite Wannenrand',''),(1524,446,'Glas',''),(1525,446,'Höhe Wannenrand',''),(1526,446,'Wannen-Innenlänge',''),(1527,446,'Ausladung',''),(1528,446,'Bohrlochabstand',''),(1529,446,'Durchmesser',''),(1530,446,'Glasstärke',''),(1531,446,'Wannen-Innenbreite',''),(1532,446,'Modell','one'),(1533,446,'Farbe','Anthrazit Hochglanz'),(1534,446,'Breite',''),(1535,446,'Höhe',''),(1536,446,'Tiefe',''),(1537,447,'Fabrikat','VIGOUR'),(1538,447,'Ablauf',''),(1539,447,'Auslaufhöhe',''),(1540,447,'Breite Wannenrand',''),(1541,447,'Glas',''),(1542,447,'Höhe Wannenrand',''),(1543,447,'Wannen-Innenlänge',''),(1544,447,'Ausladung',''),(1545,447,'Bohrlochabstand',''),(1546,447,'Durchmesser',''),(1547,447,'Glasstärke',''),(1548,447,'Wannen-Innenbreite',''),(1549,447,'Modell','one'),(1550,447,'Farbe','Anthrazit Hochglanz'),(1551,447,'Breite',''),(1552,447,'Höhe',''),(1553,447,'Tiefe',''),(1554,448,'Fabrikat','VIGOUR'),(1555,448,'Ablauf',''),(1556,448,'Auslaufhöhe',''),(1557,448,'Breite Wannenrand',''),(1558,448,'Glas',''),(1559,448,'Höhe Wannenrand',''),(1560,448,'Wannen-Innenlänge',''),(1561,448,'Ausladung',''),(1562,448,'Bohrlochabstand',''),(1563,448,'Durchmesser',''),(1564,448,'Glasstärke',''),(1565,448,'Wannen-Innenbreite',''),(1566,448,'Modell','one'),(1567,448,'Farbe','Eiche Dekor Dunkel'),(1568,448,'Breite',''),(1569,448,'Höhe',''),(1570,448,'Tiefe',''),(1571,449,'Fabrikat','VIGOUR'),(1572,449,'Ablauf',''),(1573,449,'Auslaufhöhe',''),(1574,449,'Breite Wannenrand',''),(1575,449,'Glas',''),(1576,449,'Höhe Wannenrand',''),(1577,449,'Wannen-Innenlänge',''),(1578,449,'Ausladung',''),(1579,449,'Bohrlochabstand',''),(1580,449,'Durchmesser',''),(1581,449,'Glasstärke',''),(1582,449,'Wannen-Innenbreite',''),(1583,449,'Modell','one'),(1584,449,'Farbe','Eiche Dekor Dunkel'),(1585,449,'Breite',''),(1586,449,'Höhe',''),(1587,449,'Tiefe',''),(1588,450,'Fabrikat','VIGOUR'),(1589,450,'Ablauf',''),(1590,450,'Auslaufhöhe',''),(1591,450,'Breite Wannenrand',''),(1592,450,'Glas',''),(1593,450,'Höhe Wannenrand',''),(1594,450,'Wannen-Innenlänge',''),(1595,450,'Ausladung',''),(1596,450,'Bohrlochabstand',''),(1597,450,'Durchmesser',''),(1598,450,'Glasstärke',''),(1599,450,'Wannen-Innenbreite',''),(1600,450,'Modell','one'),(1601,450,'Farbe','Eiche Dekor Dunkel'),(1602,450,'Breite',''),(1603,450,'Höhe',''),(1604,450,'Tiefe',''),(1605,451,'Fabrikat','VIGOUR'),(1606,451,'Ablauf',''),(1607,451,'Auslaufhöhe',''),(1608,451,'Breite Wannenrand',''),(1609,451,'Glas',''),(1610,451,'Höhe Wannenrand',''),(1611,451,'Wannen-Innenlänge',''),(1612,451,'Ausladung',''),(1613,451,'Bohrlochabstand',''),(1614,451,'Durchmesser',''),(1615,451,'Glasstärke',''),(1616,451,'Wannen-Innenbreite',''),(1617,451,'Modell','one'),(1618,451,'Farbe','Anthrazit Hochglanz'),(1619,451,'Breite',''),(1620,451,'Höhe',''),(1621,451,'Tiefe',''),(1622,452,'Fabrikat','VIGOUR'),(1623,452,'Ablauf',''),(1624,452,'Auslaufhöhe',''),(1625,452,'Breite Wannenrand',''),(1626,452,'Glasstärke',''),(1627,452,'Wannen-Innenbreite',''),(1628,452,'Ausladung',''),(1629,452,'Bohrlochabstand',''),(1630,452,'Glas',''),(1631,452,'Höhe Wannenrand',''),(1632,452,'Wannen-Innenlänge',''),(1633,452,'Modell','one'),(1634,452,'Farbe','chrom'),(1635,452,'Breite','88 mm'),(1636,452,'Höhe','367 mm'),(1637,452,'Tiefe','122,6 mm'),(1638,453,'Fabrikat','VIGOUR'),(1639,453,'Ablauf',''),(1640,453,'Auslaufhöhe',''),(1641,453,'Breite Wannenrand',''),(1642,453,'Glasstärke',''),(1643,453,'Wannen-Innenbreite',''),(1644,453,'Ausladung',''),(1645,453,'Bohrlochabstand',''),(1646,453,'Glas',''),(1647,453,'Höhe Wannenrand',''),(1648,453,'Wannen-Innenlänge',''),(1649,453,'Modell','one'),(1650,453,'Farbe','chrom'),(1651,453,'Breite','88 mm'),(1652,453,'Höhe','456 mm'),(1653,453,'Tiefe','122,6 mm'),(1654,454,'Fabrikat','VIGOUR'),(1655,454,'Ablauf',''),(1656,454,'Auslaufhöhe',''),(1657,454,'Breite Wannenrand',''),(1658,454,'Glasstärke',''),(1659,454,'Wannen-Innenbreite',''),(1660,454,'Ausladung',''),(1661,454,'Bohrlochabstand',''),(1662,454,'Glas',''),(1663,454,'Höhe Wannenrand',''),(1664,454,'Wannen-Innenlänge',''),(1665,454,'Modell','one'),(1666,454,'Farbe','chrom'),(1667,454,'Breite','22 mm'),(1668,454,'Höhe','22 mm'),(1669,454,'Tiefe','100 mm'),(1670,455,'Fabrikat','VIGOUR'),(1671,455,'Ablauf',''),(1672,455,'Auslaufhöhe',''),(1673,455,'Breite Wannenrand',''),(1674,455,'Glas',''),(1675,455,'Höhe Wannenrand',''),(1676,455,'Wannen-Innenlänge',''),(1677,455,'Ausladung',''),(1678,455,'Bohrlochabstand',''),(1679,455,'Durchmesser','106 mm'),(1680,455,'Glasstärke',''),(1681,455,'Wannen-Innenbreite',''),(1682,455,'Modell','one'),(1683,455,'Farbe','chrom'),(1684,455,'Breite','106 mm'),(1685,455,'Höhe','59 mm'),(1686,455,'Tiefe','106 mm'),(1687,456,'Fabrikat','VIGOUR'),(1688,456,'Ablauf',''),(1689,456,'Auslaufhöhe',''),(1690,456,'Breite Wannenrand',''),(1691,456,'Glas',''),(1692,456,'Höhe Wannenrand',''),(1693,456,'Wannen-Innenlänge',''),(1694,456,'Ausladung',''),(1695,456,'Bohrlochabstand','41 mm'),(1696,456,'Durchmesser','106 mm'),(1697,456,'Glasstärke',''),(1698,456,'Wannen-Innenbreite',''),(1699,456,'Modell','one'),(1700,456,'Farbe','chrom'),(1701,456,'Breite','106 mm'),(1702,456,'Höhe','59 mm'),(1703,456,'Tiefe','106 mm'),(1704,457,'Fabrikat','VIGOUR'),(1705,457,'Ablauf',''),(1706,457,'Auslaufhöhe',''),(1707,457,'Breite Wannenrand',''),(1708,457,'Glas',''),(1709,457,'Höhe Wannenrand',''),(1710,457,'Wannen-Innenlänge',''),(1711,457,'Ausladung',''),(1712,457,'Bohrlochabstand','41 mm'),(1713,457,'Durchmesser',''),(1714,457,'Glasstärke',''),(1715,457,'Wannen-Innenbreite',''),(1716,457,'Modell','one'),(1717,457,'Farbe','chrom'),(1718,457,'Breite','64 mm'),(1719,457,'Höhe','115 mm'),(1720,457,'Tiefe','98 mm'),(1721,458,'Fabrikat','VIGOUR'),(1722,458,'Ablauf',''),(1723,458,'Auslaufhöhe',''),(1724,458,'Breite Wannenrand',''),(1725,458,'Glas',''),(1726,458,'Höhe Wannenrand',''),(1727,458,'Wannen-Innenlänge',''),(1728,458,'Ausladung',''),(1729,458,'Bohrlochabstand','41 mm'),(1730,458,'Durchmesser',''),(1731,458,'Glasstärke',''),(1732,458,'Wannen-Innenbreite',''),(1733,458,'Modell','one'),(1734,458,'Farbe','chrom'),(1735,458,'Breite','64 mm'),(1736,458,'Höhe','115 mm'),(1737,458,'Tiefe','98 mm'),(1738,459,'Fabrikat','VIGOUR'),(1739,459,'Ablauf',''),(1740,459,'Auslaufhöhe',''),(1741,459,'Breite Wannenrand',''),(1742,459,'Glas',''),(1743,459,'Höhe Wannenrand',''),(1744,459,'Wannen-Innenlänge',''),(1745,459,'Ausladung',''),(1746,459,'Bohrlochabstand','41 mm'),(1747,459,'Durchmesser',''),(1748,459,'Glasstärke',''),(1749,459,'Wannen-Innenbreite',''),(1750,459,'Modell','one'),(1751,459,'Farbe','chrom'),(1752,459,'Breite','56,5 mm'),(1753,459,'Höhe','56,5 mm'),(1754,459,'Tiefe','409 mm'),(1755,460,'Fabrikat','VIGOUR'),(1756,460,'Ablauf',''),(1757,460,'Auslaufhöhe',''),(1758,460,'Breite Wannenrand',''),(1759,460,'Glas',''),(1760,460,'Höhe Wannenrand',''),(1761,460,'Wannen-Innenlänge',''),(1762,460,'Ausladung',''),(1763,460,'Bohrlochabstand',''),(1764,460,'Durchmesser','14,5 mm'),(1765,460,'Glasstärke',''),(1766,460,'Wannen-Innenbreite',''),(1767,460,'Modell','one'),(1768,460,'Farbe','chrom'),(1769,460,'Breite','14,5 mm'),(1770,460,'Höhe','14,5 mm'),(1771,460,'Tiefe','50 mm'),(1772,461,'Fabrikat','VIGOUR'),(1773,461,'Ablauf',''),(1774,461,'Auslaufhöhe',''),(1775,461,'Breite Wannenrand',''),(1776,461,'Glas',''),(1777,461,'Höhe Wannenrand',''),(1778,461,'Wannen-Innenlänge',''),(1779,461,'Ausladung',''),(1780,461,'Bohrlochabstand','41 mm'),(1781,461,'Durchmesser',''),(1782,461,'Glasstärke',''),(1783,461,'Wannen-Innenbreite',''),(1784,461,'Modell','one'),(1785,461,'Farbe','chrom'),(1786,461,'Breite','356,5 mm'),(1787,461,'Höhe','56,5 mm'),(1788,461,'Tiefe','90 mm'),(1789,462,'Fabrikat','VIGOUR'),(1790,462,'Ablauf',''),(1791,462,'Auslaufhöhe',''),(1792,462,'Breite Wannenrand',''),(1793,462,'Glas',''),(1794,462,'Höhe Wannenrand',''),(1795,462,'Wannen-Innenlänge',''),(1796,462,'Ausladung',''),(1797,462,'Bohrlochabstand','41 mm'),(1798,462,'Durchmesser',''),(1799,462,'Glasstärke',''),(1800,462,'Wannen-Innenbreite',''),(1801,462,'Modell','one'),(1802,462,'Farbe','chrom'),(1803,462,'Breite','856,5 mm'),(1804,462,'Höhe','56,5 mm'),(1805,462,'Tiefe','90 mm'),(1806,463,'Fabrikat','VIGOUR'),(1807,463,'Ablauf',''),(1808,463,'Auslaufhöhe',''),(1809,463,'Breite Wannenrand',''),(1810,463,'Glas',''),(1811,463,'Höhe Wannenrand',''),(1812,463,'Wannen-Innenlänge',''),(1813,463,'Ausladung',''),(1814,463,'Bohrlochabstand','41 mm'),(1815,463,'Durchmesser',''),(1816,463,'Glasstärke',''),(1817,463,'Wannen-Innenbreite',''),(1818,463,'Modell','one'),(1819,463,'Farbe','chrom'),(1820,463,'Breite','656,5 mm'),(1821,463,'Höhe','56,5 mm'),(1822,463,'Tiefe','90 mm'),(1823,464,'Fabrikat','VIGOUR'),(1824,464,'Ablauf',''),(1825,464,'Auslaufhöhe',''),(1826,464,'Breite Wannenrand',''),(1827,464,'Glas',''),(1828,464,'Höhe Wannenrand',''),(1829,464,'Wannen-Innenlänge',''),(1830,464,'Ausladung',''),(1831,464,'Bohrlochabstand','41 mm'),(1832,464,'Durchmesser',''),(1833,464,'Glasstärke',''),(1834,464,'Wannen-Innenbreite',''),(1835,464,'Modell','one'),(1836,464,'Farbe','chrom'),(1837,464,'Breite','64 mm'),(1838,464,'Höhe','171,8 mm'),(1839,464,'Tiefe','116 mm'),(1840,465,'Fabrikat','VIGOUR'),(1841,465,'Ablauf',''),(1842,465,'Auslaufhöhe',''),(1843,465,'Breite Wannenrand',''),(1844,465,'Glas',''),(1845,465,'Höhe Wannenrand',''),(1846,465,'Wannen-Innenlänge',''),(1847,465,'Ausladung',''),(1848,465,'Bohrlochabstand','41 mm'),(1849,465,'Durchmesser',''),(1850,465,'Glasstärke',''),(1851,465,'Wannen-Innenbreite',''),(1852,465,'Modell','one'),(1853,465,'Farbe','chrom'),(1854,465,'Breite','64 mm'),(1855,465,'Höhe','171,8 mm'),(1856,465,'Tiefe','116 mm'),(1857,466,'Fabrikat','VIGOUR'),(1858,466,'Ablauf',''),(1859,466,'Auslaufhöhe',''),(1860,466,'Breite Wannenrand',''),(1861,466,'Glas',''),(1862,466,'Höhe Wannenrand',''),(1863,466,'Wannen-Innenlänge',''),(1864,466,'Ausladung',''),(1865,466,'Bohrlochabstand',''),(1866,466,'Durchmesser',''),(1867,466,'Glasstärke',''),(1868,466,'Wannen-Innenbreite',''),(1869,466,'Modell','one'),(1870,466,'Farbe','chrom'),(1871,466,'Breite','205 mm'),(1872,466,'Höhe','60 mm'),(1873,466,'Tiefe','104 mm'),(1874,467,'Fabrikat','VIGOUR'),(1875,467,'Ablauf',''),(1876,467,'Auslaufhöhe',''),(1877,467,'Breite Wannenrand',''),(1878,467,'Glas',''),(1879,467,'Höhe Wannenrand',''),(1880,467,'Wannen-Innenlänge',''),(1881,467,'Ausladung',''),(1882,467,'Bohrlochabstand','41 mm'),(1883,467,'Durchmesser',''),(1884,467,'Glasstärke',''),(1885,467,'Wannen-Innenbreite',''),(1886,467,'Modell','one'),(1887,467,'Farbe','chrom'),(1888,467,'Breite','66 mm'),(1889,467,'Höhe','56,5 mm'),(1890,467,'Tiefe','44,2 mm'),(1891,468,'Fabrikat','VIGOUR'),(1892,468,'Ablauf',''),(1893,468,'Auslaufhöhe',''),(1894,468,'Breite Wannenrand',''),(1895,468,'Glas',''),(1896,468,'Höhe Wannenrand',''),(1897,468,'Wannen-Innenlänge',''),(1898,468,'Ausladung',''),(1899,468,'Bohrlochabstand',''),(1900,468,'Durchmesser',''),(1901,468,'Glasstärke',''),(1902,468,'Wannen-Innenbreite',''),(1903,468,'Modell','one'),(1904,468,'Farbe',''),(1905,468,'Breite',''),(1906,468,'Höhe',''),(1907,468,'Tiefe',''),(1908,469,'Fabrikat','VIGOUR'),(1909,469,'Ablauf',''),(1910,469,'Auslaufhöhe',''),(1911,469,'Breite Wannenrand',''),(1912,469,'Glasstärke',''),(1913,469,'Wannen-Innenbreite',''),(1914,469,'Ausladung',''),(1915,469,'Bohrlochabstand',''),(1916,469,'Glas',''),(1917,469,'Höhe Wannenrand',''),(1918,469,'Wannen-Innenlänge',''),(1919,469,'Modell',''),(1920,469,'Farbe','chrom'),(1921,469,'Breite','250 mm'),(1922,469,'Höhe','61 mm'),(1923,469,'Tiefe','172 mm'),(1924,470,'Fabrikat','VIGOUR'),(1925,470,'Breite Wannenrand',''),(1926,470,'Glasstärke',''),(1927,470,'Wannen-Innenbreite',''),(1928,470,'Ausladung',''),(1929,470,'Bohrlochabstand',''),(1930,470,'Glas',''),(1931,470,'Höhe Wannenrand',''),(1932,470,'Wannen-Innenlänge',''),(1933,470,'Ablauf',''),(1934,470,'Auslaufhöhe',''),(1935,470,'Modell','one'),(1936,470,'Farbe','chrom'),(1937,470,'Breite','88 mm'),(1938,470,'Höhe','367 mm'),(1939,470,'Tiefe','122,6 mm'),(1940,471,'Fabrikat','VIGOUR'),(1941,471,'Breite Wannenrand',''),(1942,471,'Glasstärke',''),(1943,471,'Wannen-Innenbreite',''),(1944,471,'Ausladung',''),(1945,471,'Bohrlochabstand',''),(1946,471,'Glas',''),(1947,471,'Höhe Wannenrand',''),(1948,471,'Wannen-Innenlänge',''),(1949,471,'Ablauf',''),(1950,471,'Auslaufhöhe',''),(1951,471,'Modell','one'),(1952,471,'Farbe','chrom'),(1953,471,'Breite','88 mm'),(1954,471,'Höhe','456 mm'),(1955,471,'Tiefe','122,6 mm'),(1956,472,'Fabrikat','VIGOUR'),(1957,472,'Breite Wannenrand',''),(1958,472,'Glasstärke',''),(1959,472,'Wannen-Innenbreite',''),(1960,472,'Ausladung',''),(1961,472,'Bohrlochabstand',''),(1962,472,'Glas',''),(1963,472,'Höhe Wannenrand',''),(1964,472,'Wannen-Innenlänge',''),(1965,472,'Ablauf',''),(1966,472,'Auslaufhöhe',''),(1967,472,'Modell','one'),(1968,472,'Farbe','chrom'),(1969,472,'Breite','22 mm'),(1970,472,'Höhe','22 mm'),(1971,472,'Tiefe','100 mm'),(1972,473,'Fabrikat','VIGOUR'),(1973,473,'Breite Wannenrand',''),(1974,473,'Glas',''),(1975,473,'Höhe Wannenrand',''),(1976,473,'Wannen-Innenlänge',''),(1977,473,'Ausladung',''),(1978,473,'Bohrlochabstand',''),(1979,473,'Durchmesser','106 mm'),(1980,473,'Glasstärke',''),(1981,473,'Wannen-Innenbreite',''),(1982,473,'Ablauf',''),(1983,473,'Auslaufhöhe',''),(1984,473,'Modell','one'),(1985,473,'Farbe','chrom'),(1986,473,'Breite','106 mm'),(1987,473,'Höhe','59 mm'),(1988,473,'Tiefe','106 mm'),(1989,474,'Fabrikat','VIGOUR'),(1990,474,'Breite Wannenrand',''),(1991,474,'Glas',''),(1992,474,'Höhe Wannenrand',''),(1993,474,'Wannen-Innenlänge',''),(1994,474,'Ausladung',''),(1995,474,'Bohrlochabstand','41 mm'),(1996,474,'Durchmesser','106 mm'),(1997,474,'Glasstärke',''),(1998,474,'Wannen-Innenbreite',''),(1999,474,'Ablauf',''),(2000,474,'Auslaufhöhe',''),(2001,474,'Modell','one'),(2002,474,'Farbe','chrom'),(2003,474,'Breite','106 mm'),(2004,474,'Höhe','59 mm'),(2005,474,'Tiefe','106 mm'),(2006,475,'Fabrikat','VIGOUR'),(2007,475,'Breite Wannenrand',''),(2008,475,'Glas',''),(2009,475,'Höhe Wannenrand',''),(2010,475,'Wannen-Innenlänge',''),(2011,475,'Ausladung',''),(2012,475,'Bohrlochabstand','41 mm'),(2013,475,'Durchmesser',''),(2014,475,'Glasstärke',''),(2015,475,'Wannen-Innenbreite',''),(2016,475,'Ablauf',''),(2017,475,'Auslaufhöhe',''),(2018,475,'Modell','one'),(2019,475,'Farbe','chrom'),(2020,475,'Breite','64 mm'),(2021,475,'Höhe','115 mm'),(2022,475,'Tiefe','98 mm'),(2023,476,'Fabrikat','VIGOUR'),(2024,476,'Breite Wannenrand',''),(2025,476,'Glas',''),(2026,476,'Höhe Wannenrand',''),(2027,476,'Wannen-Innenlänge',''),(2028,476,'Ausladung',''),(2029,476,'Bohrlochabstand','41 mm'),(2030,476,'Durchmesser',''),(2031,476,'Glasstärke',''),(2032,476,'Wannen-Innenbreite',''),(2033,476,'Ablauf',''),(2034,476,'Auslaufhöhe',''),(2035,476,'Modell','one'),(2036,476,'Farbe','chrom'),(2037,476,'Breite','64 mm'),(2038,476,'Höhe','115 mm'),(2039,476,'Tiefe','98 mm'),(2040,477,'Fabrikat','VIGOUR'),(2041,477,'Breite Wannenrand',''),(2042,477,'Glas',''),(2043,477,'Höhe Wannenrand',''),(2044,477,'Wannen-Innenlänge',''),(2045,477,'Ausladung',''),(2046,477,'Bohrlochabstand','41 mm'),(2047,477,'Durchmesser',''),(2048,477,'Glasstärke',''),(2049,477,'Wannen-Innenbreite',''),(2050,477,'Ablauf',''),(2051,477,'Auslaufhöhe',''),(2052,477,'Modell','one'),(2053,477,'Farbe','chrom'),(2054,477,'Breite','56,5 mm'),(2055,477,'Höhe','56,5 mm'),(2056,477,'Tiefe','409 mm'),(2057,478,'Fabrikat','VIGOUR'),(2058,478,'Breite Wannenrand',''),(2059,478,'Glas',''),(2060,478,'Höhe Wannenrand',''),(2061,478,'Wannen-Innenlänge',''),(2062,478,'Ausladung',''),(2063,478,'Bohrlochabstand',''),(2064,478,'Durchmesser','14,5 mm'),(2065,478,'Glasstärke',''),(2066,478,'Wannen-Innenbreite',''),(2067,478,'Ablauf',''),(2068,478,'Auslaufhöhe',''),(2069,478,'Modell','one'),(2070,478,'Farbe','chrom'),(2071,478,'Breite','14,5 mm'),(2072,478,'Höhe','14,5 mm'),(2073,478,'Tiefe','50 mm'),(2074,479,'Fabrikat','VIGOUR'),(2075,479,'Breite Wannenrand',''),(2076,479,'Glas',''),(2077,479,'Höhe Wannenrand',''),(2078,479,'Wannen-Innenlänge',''),(2079,479,'Ausladung',''),(2080,479,'Bohrlochabstand','41 mm'),(2081,479,'Durchmesser',''),(2082,479,'Glasstärke',''),(2083,479,'Wannen-Innenbreite',''),(2084,479,'Ablauf',''),(2085,479,'Auslaufhöhe',''),(2086,479,'Modell','one'),(2087,479,'Farbe','chrom'),(2088,479,'Breite','356,5 mm'),(2089,479,'Höhe','56,5 mm'),(2090,479,'Tiefe','90 mm'),(2091,480,'Fabrikat','VIGOUR'),(2092,480,'Breite Wannenrand',''),(2093,480,'Glas',''),(2094,480,'Höhe Wannenrand',''),(2095,480,'Wannen-Innenlänge',''),(2096,480,'Ausladung',''),(2097,480,'Bohrlochabstand','41 mm'),(2098,480,'Durchmesser',''),(2099,480,'Glasstärke',''),(2100,480,'Wannen-Innenbreite',''),(2101,480,'Ablauf',''),(2102,480,'Auslaufhöhe',''),(2103,480,'Modell','one'),(2104,480,'Farbe','chrom'),(2105,480,'Breite','856,5 mm'),(2106,480,'Höhe','56,5 mm'),(2107,480,'Tiefe','90 mm'),(2108,481,'Fabrikat','VIGOUR'),(2109,481,'Breite Wannenrand',''),(2110,481,'Glas',''),(2111,481,'Höhe Wannenrand',''),(2112,481,'Wannen-Innenlänge',''),(2113,481,'Ausladung',''),(2114,481,'Bohrlochabstand','41 mm'),(2115,481,'Durchmesser',''),(2116,481,'Glasstärke',''),(2117,481,'Wannen-Innenbreite',''),(2118,481,'Ablauf',''),(2119,481,'Auslaufhöhe',''),(2120,481,'Modell','one'),(2121,481,'Farbe','chrom'),(2122,481,'Breite','656,5 mm'),(2123,481,'Höhe','56,5 mm'),(2124,481,'Tiefe','90 mm'),(2125,482,'Fabrikat','VIGOUR'),(2126,482,'Breite Wannenrand',''),(2127,482,'Glas',''),(2128,482,'Höhe Wannenrand',''),(2129,482,'Wannen-Innenlänge',''),(2130,482,'Ausladung',''),(2131,482,'Bohrlochabstand','41 mm'),(2132,482,'Durchmesser',''),(2133,482,'Glasstärke',''),(2134,482,'Wannen-Innenbreite',''),(2135,482,'Ablauf',''),(2136,482,'Auslaufhöhe',''),(2137,482,'Modell','one'),(2138,482,'Farbe','chrom'),(2139,482,'Breite','64 mm'),(2140,482,'Höhe','171,8 mm'),(2141,482,'Tiefe','116 mm'),(2142,483,'Fabrikat','VIGOUR'),(2143,483,'Breite Wannenrand',''),(2144,483,'Glas',''),(2145,483,'Höhe Wannenrand',''),(2146,483,'Wannen-Innenlänge',''),(2147,483,'Ausladung',''),(2148,483,'Bohrlochabstand','41 mm'),(2149,483,'Durchmesser',''),(2150,483,'Glasstärke',''),(2151,483,'Wannen-Innenbreite',''),(2152,483,'Ablauf',''),(2153,483,'Auslaufhöhe',''),(2154,483,'Modell','one'),(2155,483,'Farbe','chrom'),(2156,483,'Breite','64 mm'),(2157,483,'Höhe','171,8 mm'),(2158,483,'Tiefe','116 mm'),(2159,484,'Fabrikat','VIGOUR'),(2160,484,'Breite Wannenrand',''),(2161,484,'Glas',''),(2162,484,'Höhe Wannenrand',''),(2163,484,'Wannen-Innenlänge',''),(2164,484,'Ausladung',''),(2165,484,'Bohrlochabstand',''),(2166,484,'Durchmesser',''),(2167,484,'Glasstärke',''),(2168,484,'Wannen-Innenbreite',''),(2169,484,'Ablauf',''),(2170,484,'Auslaufhöhe',''),(2171,484,'Modell','one'),(2172,484,'Farbe','chrom'),(2173,484,'Breite','205 mm'),(2174,484,'Höhe','60 mm'),(2175,484,'Tiefe','104 mm'),(2176,485,'Fabrikat','VIGOUR'),(2177,485,'Breite Wannenrand',''),(2178,485,'Glas',''),(2179,485,'Höhe Wannenrand',''),(2180,485,'Wannen-Innenlänge',''),(2181,485,'Ausladung',''),(2182,485,'Bohrlochabstand','41 mm'),(2183,485,'Durchmesser',''),(2184,485,'Glasstärke',''),(2185,485,'Wannen-Innenbreite',''),(2186,485,'Ablauf',''),(2187,485,'Auslaufhöhe',''),(2188,485,'Modell','one'),(2189,485,'Farbe','chrom'),(2190,485,'Breite','66 mm'),(2191,485,'Höhe','56,5 mm'),(2192,485,'Tiefe','44,2 mm'),(2193,486,'Fabrikat','VIGOUR'),(2194,486,'Breite Wannenrand',''),(2195,486,'Glas',''),(2196,486,'Höhe Wannenrand',''),(2197,486,'Wannen-Innenlänge',''),(2198,486,'Ausladung',''),(2199,486,'Bohrlochabstand',''),(2200,486,'Durchmesser',''),(2201,486,'Glasstärke',''),(2202,486,'Wannen-Innenbreite',''),(2203,486,'Ablauf',''),(2204,486,'Auslaufhöhe',''),(2205,486,'Modell','one'),(2206,486,'Farbe',''),(2207,486,'Breite',''),(2208,486,'Höhe',''),(2209,486,'Tiefe',''),(2210,487,'Fabrikat','VIGOUR'),(2211,487,'Breite Wannenrand',''),(2212,487,'Glasstärke',''),(2213,487,'Wannen-Innenbreite',''),(2214,487,'Ausladung',''),(2215,487,'Bohrlochabstand',''),(2216,487,'Glas',''),(2217,487,'Höhe Wannenrand',''),(2218,487,'Wannen-Innenlänge',''),(2219,487,'Ablauf',''),(2220,487,'Auslaufhöhe',''),(2221,487,'Modell',''),(2222,487,'Farbe','chrom'),(2223,487,'Breite','250 mm'),(2224,487,'Höhe','61 mm'),(2225,487,'Tiefe','172 mm'),(2226,505,'Fabrikat','VIGOUR'),(2227,505,'Breite Wannenrand',''),(2228,505,'Glas',''),(2229,505,'Höhe Wannenrand',''),(2230,505,'Wannen-Innenlänge',''),(2231,505,'Ausladung',''),(2232,505,'Bohrlochabstand',''),(2233,505,'Durchmesser',''),(2234,505,'Glasstärke',''),(2235,505,'Wannen-Innenbreite',''),(2236,505,'Ablauf',''),(2237,505,'Auslaufhöhe',''),(2238,505,'Modell','one'),(2239,505,'Farbe','weiss'),(2240,505,'Breite','220 mm'),(2241,505,'Höhe','324 mm'),(2242,505,'Tiefe','235 mm'),(2243,506,'Fabrikat','VIGOUR'),(2244,506,'Ablauf',''),(2245,506,'Auslaufhöhe',''),(2246,506,'Breite Wannenrand',''),(2247,506,'Glas',''),(2248,506,'Höhe Wannenrand',''),(2249,506,'Wannen-Innenlänge',''),(2250,506,'Ausladung',''),(2251,506,'Bohrlochabstand',''),(2252,506,'Durchmesser',''),(2253,506,'Glasstärke',''),(2254,506,'Wannen-Innenbreite',''),(2255,506,'Modell','one'),(2256,506,'Farbe','weiss'),(2257,506,'Breite','205 mm'),(2258,506,'Höhe','340 mm'),(2259,506,'Tiefe','260 mm'),(2260,507,'Fabrikat','VIGOUR'),(2261,507,'Ablauf',''),(2262,507,'Auslaufhöhe',''),(2263,507,'Breite Wannenrand',''),(2264,507,'Glas',''),(2265,507,'Höhe Wannenrand',''),(2266,507,'Wannen-Innenlänge',''),(2267,507,'Ausladung',''),(2268,507,'Bohrlochabstand',''),(2269,507,'Durchmesser',''),(2270,507,'Glasstärke',''),(2271,507,'Wannen-Innenbreite',''),(2272,507,'Modell','one'),(2273,507,'Farbe','weiss'),(2274,507,'Breite','350 mm'),(2275,507,'Höhe','172 mm'),(2276,507,'Tiefe','283 mm'),(2277,508,'Fabrikat','VIGOUR'),(2278,508,'Ablauf',''),(2279,508,'Auslaufhöhe',''),(2280,508,'Breite Wannenrand',''),(2281,508,'Glas',''),(2282,508,'Höhe Wannenrand',''),(2283,508,'Wannen-Innenlänge',''),(2284,508,'Ausladung',''),(2285,508,'Bohrlochabstand',''),(2286,508,'Durchmesser',''),(2287,508,'Glasstärke',''),(2288,508,'Wannen-Innenbreite',''),(2289,508,'Modell','one'),(2290,508,'Farbe','weiss'),(2291,508,'Breite','455 mm'),(2292,508,'Höhe','180 mm'),(2293,508,'Tiefe','340 mm'),(2294,509,'Fabrikat','VIGOUR'),(2295,509,'Ablauf',''),(2296,509,'Auslaufhöhe',''),(2297,509,'Breite Wannenrand',''),(2298,509,'Glas',''),(2299,509,'Höhe Wannenrand',''),(2300,509,'Wannen-Innenlänge',''),(2301,509,'Ausladung',''),(2302,509,'Bohrlochabstand',''),(2303,509,'Durchmesser',''),(2304,509,'Glasstärke',''),(2305,509,'Wannen-Innenbreite',''),(2306,509,'Modell','one'),(2307,509,'Farbe','weiss'),(2308,509,'Breite','490 mm'),(2309,509,'Höhe','181 mm'),(2310,509,'Tiefe','388 mm'),(2311,510,'Fabrikat','VIGOUR'),(2312,510,'Ablauf',''),(2313,510,'Auslaufhöhe',''),(2314,510,'Breite Wannenrand',''),(2315,510,'Glas',''),(2316,510,'Höhe Wannenrand',''),(2317,510,'Wannen-Innenlänge',''),(2318,510,'Ausladung',''),(2319,510,'Bohrlochabstand',''),(2320,510,'Durchmesser',''),(2321,510,'Glasstärke',''),(2322,510,'Wannen-Innenbreite',''),(2323,510,'Modell','one'),(2324,510,'Farbe','weiss'),(2325,510,'Breite','557 mm'),(2326,510,'Höhe','182 mm'),(2327,510,'Tiefe','390 mm'),(2328,511,'Fabrikat','VIGOUR'),(2329,511,'Ablauf',''),(2330,511,'Auslaufhöhe',''),(2331,511,'Breite Wannenrand',''),(2332,511,'Glas',''),(2333,511,'Höhe Wannenrand',''),(2334,511,'Wannen-Innenlänge',''),(2335,511,'Ausladung',''),(2336,511,'Bohrlochabstand',''),(2337,511,'Durchmesser',''),(2338,511,'Glasstärke',''),(2339,511,'Wannen-Innenbreite',''),(2340,511,'Modell','one'),(2341,511,'Farbe','weiss'),(2342,511,'Breite','610 mm'),(2343,511,'Höhe','179 mm'),(2344,511,'Tiefe','445 mm'),(2345,512,'Fabrikat','VIGOUR'),(2346,512,'Ablauf',''),(2347,512,'Auslaufhöhe',''),(2348,512,'Breite Wannenrand',''),(2349,512,'Glas',''),(2350,512,'Höhe Wannenrand',''),(2351,512,'Wannen-Innenlänge',''),(2352,512,'Ausladung',''),(2353,512,'Bohrlochabstand',''),(2354,512,'Durchmesser',''),(2355,512,'Glasstärke',''),(2356,512,'Wannen-Innenbreite',''),(2357,512,'Modell','one'),(2358,512,'Farbe','weiss'),(2359,512,'Breite','646 mm'),(2360,512,'Höhe','174 mm'),(2361,512,'Tiefe','472 mm'),(2362,516,'Fabrikat','VIGOUR'),(2363,516,'Ablauf',''),(2364,516,'Auslaufhöhe',''),(2365,516,'Breite Wannenrand',''),(2366,516,'Glas',''),(2367,516,'Höhe Wannenrand',''),(2368,516,'Wannen-Innenlänge',''),(2369,516,'Ausladung',''),(2370,516,'Bohrlochabstand',''),(2371,516,'Durchmesser',''),(2372,516,'Glasstärke',''),(2373,516,'Wannen-Innenbreite',''),(2374,516,'Modell','one'),(2375,516,'Farbe','Alpinweiß'),(2376,516,'Breite','620 mm'),(2377,516,'Höhe','20 mm'),(2378,516,'Tiefe','515 mm'),(2379,517,'Fabrikat','VIGOUR'),(2380,517,'Ablauf',''),(2381,517,'Auslaufhöhe',''),(2382,517,'Breite Wannenrand',''),(2383,517,'Glas',''),(2384,517,'Höhe Wannenrand',''),(2385,517,'Wannen-Innenlänge',''),(2386,517,'Ausladung',''),(2387,517,'Bohrlochabstand',''),(2388,517,'Durchmesser',''),(2389,517,'Glasstärke',''),(2390,517,'Wannen-Innenbreite',''),(2391,517,'Modell','one'),(2392,517,'Farbe','Alpinweiß'),(2393,517,'Breite','820 mm'),(2394,517,'Höhe','20 mm'),(2395,517,'Tiefe','515 mm'),(2396,518,'Fabrikat','VIGOUR'),(2397,518,'Ausladung',''),(2398,518,'Auslaufhöhe',''),(2399,518,'Breite Wannenrand',''),(2400,518,'Glas',''),(2401,518,'Höhe Wannenrand',''),(2402,518,'Wannen-Innenlänge',''),(2403,518,'Ablauf',''),(2404,518,'Bohrlochabstand',''),(2405,518,'Durchmesser',''),(2406,518,'Glasstärke',''),(2407,518,'Wannen-Innenbreite',''),(2408,518,'Modell','individual'),(2409,518,'Farbe','weiss'),(2410,518,'Breite','390 mm'),(2411,518,'Höhe','460 mm'),(2412,518,'Tiefe','144 mm'),(2413,519,'Fabrikat','VIGOUR'),(2414,519,'Ausladung',''),(2415,519,'Auslaufhöhe',''),(2416,519,'Breite Wannenrand',''),(2417,519,'Glas',''),(2418,519,'Höhe Wannenrand',''),(2419,519,'Wannen-Innenlänge',''),(2420,519,'Ablauf',''),(2421,519,'Bohrlochabstand',''),(2422,519,'Durchmesser',''),(2423,519,'Glasstärke',''),(2424,519,'Wannen-Innenbreite',''),(2425,519,'Modell','individual'),(2426,519,'Farbe','weiss'),(2427,519,'Breite',''),(2428,519,'Höhe',''),(2429,519,'Tiefe',''),(2430,520,'Fabrikat','VIGOUR'),(2431,520,'Ausladung',''),(2432,520,'Auslaufhöhe',''),(2433,520,'Breite Wannenrand',''),(2434,520,'Glas',''),(2435,520,'Höhe Wannenrand',''),(2436,520,'Wannen-Innenlänge',''),(2437,520,'Ablauf',''),(2438,520,'Bohrlochabstand',''),(2439,520,'Durchmesser',''),(2440,520,'Glasstärke',''),(2441,520,'Wannen-Innenbreite',''),(2442,520,'Modell','individual'),(2443,520,'Farbe','weiss'),(2444,520,'Breite',''),(2445,520,'Höhe',''),(2446,520,'Tiefe',''),(2447,521,'Fabrikat','VIGOUR'),(2448,521,'Ausladung',''),(2449,521,'Auslaufhöhe',''),(2450,521,'Breite Wannenrand',''),(2451,521,'Glas',''),(2452,521,'Höhe Wannenrand',''),(2453,521,'Wannen-Innenlänge',''),(2454,521,'Ablauf',''),(2455,521,'Bohrlochabstand',''),(2456,521,'Durchmesser',''),(2457,521,'Glasstärke',''),(2458,521,'Wannen-Innenbreite',''),(2459,521,'Modell','individual'),(2460,521,'Farbe','moosgrün'),(2461,521,'Breite',''),(2462,521,'Höhe',''),(2463,521,'Tiefe',''),(2464,522,'Fabrikat','VIGOUR'),(2465,522,'Ausladung',''),(2466,522,'Auslaufhöhe',''),(2467,522,'Breite Wannenrand',''),(2468,522,'Glas',''),(2469,522,'Höhe Wannenrand',''),(2470,522,'Wannen-Innenlänge',''),(2471,522,'Ablauf',''),(2472,522,'Bohrlochabstand',''),(2473,522,'Durchmesser',''),(2474,522,'Glasstärke',''),(2475,522,'Wannen-Innenbreite',''),(2476,522,'Modell','individual'),(2477,522,'Farbe','manhattan'),(2478,522,'Breite',''),(2479,522,'Höhe',''),(2480,522,'Tiefe',''),(2481,523,'Fabrikat','VIGOUR'),(2482,523,'Ausladung',''),(2483,523,'Auslaufhöhe',''),(2484,523,'Breite Wannenrand',''),(2485,523,'Glas',''),(2486,523,'Höhe Wannenrand',''),(2487,523,'Wannen-Innenlänge',''),(2488,523,'Ablauf',''),(2489,523,'Bohrlochabstand',''),(2490,523,'Durchmesser',''),(2491,523,'Glasstärke',''),(2492,523,'Wannen-Innenbreite',''),(2493,523,'Modell','individual'),(2494,523,'Farbe','bahamabeige'),(2495,523,'Breite',''),(2496,523,'Höhe',''),(2497,523,'Tiefe',''),(2498,524,'Fabrikat','VIGOUR'),(2499,524,'Ausladung',''),(2500,524,'Auslaufhöhe',''),(2501,524,'Breite Wannenrand',''),(2502,524,'Glas',''),(2503,524,'Höhe Wannenrand',''),(2504,524,'Wannen-Innenlänge',''),(2505,524,'Ablauf',''),(2506,524,'Bohrlochabstand',''),(2507,524,'Durchmesser',''),(2508,524,'Glasstärke',''),(2509,524,'Wannen-Innenbreite',''),(2510,524,'Modell','one'),(2511,524,'Farbe','weiss'),(2512,524,'Breite','360 mm'),(2513,524,'Höhe','557 mm'),(2514,524,'Tiefe','337 mm'),(2515,525,'Fabrikat','VIGOUR'),(2516,525,'Ausladung',''),(2517,525,'Auslaufhöhe',''),(2518,525,'Breite Wannenrand',''),(2519,525,'Glas',''),(2520,525,'Höhe Wannenrand',''),(2521,525,'Wannen-Innenlänge',''),(2522,525,'Ablauf',''),(2523,525,'Bohrlochabstand',''),(2524,525,'Durchmesser',''),(2525,525,'Glasstärke',''),(2526,525,'Wannen-Innenbreite',''),(2527,525,'Modell','one'),(2528,525,'Farbe','weiss'),(2529,525,'Breite','360 mm'),(2530,525,'Höhe','557 mm'),(2531,525,'Tiefe','337 mm');

--
-- Table structure for table `ebay_products_itemspecifics_recommendations`
--

CREATE TABLE `ebay_products_itemspecifics_recommendations` (
  `ebay_products_itemspecifics_recommendations_id` int(11) NOT NULL AUTO_INCREMENT,
  `ebay_products_id` int(11) NOT NULL,
  `is_name` varchar(255) NOT NULL,
  `is_value` varchar(255) NOT NULL,
  PRIMARY KEY (`ebay_products_itemspecifics_recommendations_id`),
  KEY `ebay_products_id` (`ebay_products_id`)
) ENGINE=MyISAM AUTO_INCREMENT=1358 DEFAULT CHARSET=utf8;

--
-- Dumping data for table `ebay_products_itemspecifics_recommendations`
--

INSERT INTO `ebay_products_itemspecifics_recommendations` (`ebay_products_itemspecifics_recommendations_id`, `ebay_products_id`, `is_name`, `is_value`) VALUES (878,22,'Typ','Brenner'),(877,22,'Herstellernummer',''),(876,22,'Betriebsform',''),(874,22,'Angebotspaket',''),(887,23,'Typ','Brenner'),(886,23,'Herstellernummer',''),(885,23,'Betriebsform',''),(883,23,'Angebotspaket',''),(896,24,'Typ','Brenner'),(895,24,'Herstellernummer',''),(894,24,'Betriebsform',''),(892,24,'Angebotspaket',''),(905,25,'Typ','Brenner'),(904,25,'Herstellernummer',''),(903,25,'Betriebsform',''),(901,25,'Angebotspaket',''),(914,26,'Typ','Brenner'),(913,26,'Herstellernummer',''),(912,26,'Betriebsform',''),(910,26,'Angebotspaket',''),(923,27,'Typ','Brenner'),(922,27,'Herstellernummer',''),(921,27,'Betriebsform',''),(919,27,'Angebotspaket',''),(875,22,'max. Wärmeleistung (KW)',''),(884,23,'max. Wärmeleistung (KW)',''),(893,24,'max. Wärmeleistung (KW)',''),(902,25,'max. Wärmeleistung (KW)',''),(911,26,'max. Wärmeleistung (KW)',''),(920,27,'max. Wärmeleistung (KW)',''),(1203,347,'max. Wärmeleistung (KW)',''),(1201,347,'Marke','Weishaupt'),(1194,346,'max. Wärmeleistung (KW)',''),(1193,346,'Maßeinheit',''),(1192,346,'Marke','Weishaupt'),(1191,346,'Herstellungsland und -region','Deutschland'),(1211,348,'Maßeinheit',''),(1210,348,'Marke','Weishaupt'),(1209,348,'Herstellungsland und -region','Deutschland'),(1202,347,'Maßeinheit',''),(1200,347,'Herstellungsland und -region','Deutschland'),(1198,347,'Betriebsform',''),(1199,347,'Herstellernummer',''),(1221,349,'max. Wärmeleistung (KW)',''),(1219,349,'Marke','Weishaupt'),(1208,348,'Herstellernummer',''),(1207,348,'Betriebsform',''),(1206,348,'Anzahl der Einheiten',''),(1229,350,'Maßeinheit',''),(1228,350,'Marke','Weishaupt'),(1227,350,'Herstellungsland und -region','Deutschland'),(1220,349,'Maßeinheit',''),(1218,349,'Herstellungsland und -region','Deutschland'),(1216,349,'Betriebsform',''),(1217,349,'Herstellernummer',''),(1239,351,'max. Wärmeleistung (KW)',''),(1237,351,'Marke','Weishaupt'),(1226,350,'Herstellernummer',''),(1225,350,'Betriebsform',''),(1224,350,'Anzahl der Einheiten',''),(1247,352,'Maßeinheit',''),(1246,352,'Marke','Weishaupt'),(1245,352,'Herstellungsland und -region','Deutschland'),(1238,351,'Maßeinheit',''),(1236,351,'Herstellungsland und -region','Deutschland'),(1234,351,'Betriebsform',''),(1235,351,'Herstellernummer',''),(1257,353,'max. Wärmeleistung (KW)',''),(1255,353,'Marke','Weishaupt'),(1244,352,'Herstellernummer',''),(1243,352,'Betriebsform',''),(1242,352,'Anzahl der Einheiten',''),(1265,354,'Maßeinheit',''),(1264,354,'Marke','Weishaupt'),(1263,354,'Herstellungsland und -region','Deutschland'),(1256,353,'Maßeinheit',''),(1254,353,'Herstellungsland und -region','Deutschland'),(1252,353,'Betriebsform',''),(1253,353,'Herstellernummer',''),(1275,355,'max. Wärmeleistung (KW)',''),(1273,355,'Marke','Weishaupt'),(1262,354,'Herstellernummer',''),(1261,354,'Betriebsform',''),(1260,354,'Anzahl der Einheiten',''),(1283,356,'Maßeinheit',''),(1282,356,'Marke','Weishaupt'),(1281,356,'Herstellungsland und -region','Deutschland'),(1274,355,'Maßeinheit',''),(1272,355,'Herstellungsland und -region','Deutschland'),(1270,355,'Betriebsform',''),(1271,355,'Herstellernummer',''),(1293,357,'max. Wärmeleistung (KW)',''),(1291,357,'Marke','Weishaupt'),(1280,356,'Herstellernummer',''),(1279,356,'Betriebsform',''),(1278,356,'Anzahl der Einheiten',''),(1301,358,'Maßeinheit',''),(1300,358,'Marke','Weishaupt'),(1299,358,'Herstellungsland und -region','Deutschland'),(1292,357,'Maßeinheit',''),(1290,357,'Herstellungsland und -region','Deutschland'),(1288,357,'Betriebsform',''),(1289,357,'Herstellernummer',''),(1311,359,'max. Wärmeleistung (KW)',''),(1309,359,'Marke','Weishaupt'),(1298,358,'Herstellernummer',''),(1297,358,'Betriebsform',''),(1296,358,'Anzahl der Einheiten',''),(1319,360,'Maßeinheit',''),(1318,360,'Marke','Weishaupt'),(1317,360,'Herstellungsland und -region','Deutschland'),(1310,359,'Maßeinheit',''),(1308,359,'Herstellungsland und -region','Deutschland'),(1306,359,'Betriebsform',''),(1307,359,'Herstellernummer',''),(1329,361,'max. Wärmeleistung (KW)',''),(1327,361,'Marke','Weishaupt'),(1316,360,'Herstellernummer',''),(1315,360,'Betriebsform',''),(1314,360,'Anzahl der Einheiten',''),(1337,362,'Maßeinheit',''),(1338,362,'max. Wärmeleistung (KW)',''),(1328,361,'Maßeinheit',''),(1326,361,'Herstellungsland und -region','Deutschland'),(1324,361,'Betriebsform',''),(1325,361,'Herstellernummer',''),(1190,346,'Herstellernummer',''),(1189,346,'Betriebsform',''),(1188,346,'Anzahl der Einheiten',''),(1186,345,'Typ','Brenner'),(1185,345,'max. Wärmeleistung (KW)',''),(1184,345,'Maßeinheit',''),(1183,345,'Marke','Weishaupt'),(1182,345,'Herstellungsland und -region','Deutschland'),(1181,345,'Herstellernummer',''),(1180,345,'Betriebsform',''),(1179,345,'Anzahl der Einheiten',''),(1178,345,'Angebotspaket',''),(1177,344,'Typ','Brenner'),(1176,344,'max. Wärmeleistung (KW)',''),(1175,344,'Maßeinheit',''),(1174,344,'Marke','Weishaupt'),(1173,344,'Herstellungsland und -region','Deutschland'),(1172,344,'Herstellernummer',''),(1171,344,'Betriebsform',''),(1170,344,'Anzahl der Einheiten',''),(1169,344,'Angebotspaket',''),(1168,343,'Typ','Brenner'),(1167,343,'max. Wärmeleistung (KW)',''),(1166,343,'Maßeinheit',''),(1165,343,'Marke','Weishaupt'),(1164,343,'Herstellungsland und -region','Deutschland'),(1163,343,'Herstellernummer',''),(1162,343,'Betriebsform',''),(1161,343,'Anzahl der Einheiten',''),(1160,343,'Angebotspaket',''),(1159,342,'Typ','Brenner'),(1158,342,'max. Wärmeleistung (KW)',''),(1157,342,'Maßeinheit',''),(1156,342,'Marke','Weishaupt'),(1155,342,'Herstellungsland und -region','Deutschland'),(1154,342,'Herstellernummer',''),(1153,342,'Betriebsform',''),(1152,342,'Anzahl der Einheiten',''),(1151,342,'Angebotspaket',''),(1150,341,'Typ','Brenner'),(1149,341,'max. Wärmeleistung (KW)',''),(1148,341,'Maßeinheit',''),(1147,341,'Marke','Weishaupt'),(1146,341,'Herstellungsland und -region','Deutschland'),(1145,341,'Herstellernummer',''),(1144,341,'Betriebsform',''),(1143,341,'Anzahl der Einheiten',''),(1142,341,'Angebotspaket',''),(1336,362,'Marke','Weishaupt'),(1335,362,'Herstellungsland und -region','Deutschland'),(1334,362,'Herstellernummer',''),(1333,362,'Betriebsform',''),(1346,363,'Maßeinheit',''),(1347,363,'max. Wärmeleistung (KW)',''),(1345,363,'Marke','Weishaupt'),(1344,363,'Herstellungsland und -region','Deutschland'),(1343,363,'Herstellernummer',''),(1342,363,'Betriebsform',''),(1355,364,'Maßeinheit',''),(1356,364,'max. Wärmeleistung (KW)',''),(1354,364,'Marke','Weishaupt'),(1353,364,'Herstellungsland und -region','Deutschland'),(1352,364,'Herstellernummer',''),(1351,364,'Betriebsform',''),(1222,349,'Typ','Brenner'),(1213,348,'Typ','Brenner'),(1212,348,'max. Wärmeleistung (KW)',''),(1204,347,'Typ','Brenner'),(1195,346,'Typ','Brenner'),(1248,352,'max. Wärmeleistung (KW)',''),(1240,351,'Typ','Brenner'),(1231,350,'Typ','Brenner'),(1230,350,'max. Wärmeleistung (KW)',''),(873,22,'Anzahl der Einheiten',''),(872,22,'Maßeinheit',''),(882,23,'Anzahl der Einheiten',''),(881,23,'Maßeinheit',''),(891,24,'Anzahl der Einheiten',''),(890,24,'Maßeinheit',''),(900,25,'Anzahl der Einheiten',''),(899,25,'Maßeinheit',''),(909,26,'Anzahl der Einheiten',''),(908,26,'Maßeinheit',''),(918,27,'Anzahl der Einheiten',''),(917,27,'Maßeinheit',''),(879,22,'Marke','Weishaupt'),(880,22,'Herstellungsland und -region','Deutschland'),(888,23,'Marke','Weishaupt'),(889,23,'Herstellungsland und -region','Deutschland'),(897,24,'Marke','Weishaupt'),(898,24,'Herstellungsland und -region','Deutschland'),(906,25,'Marke','Weishaupt'),(907,25,'Herstellungsland und -region','Deutschland'),(915,26,'Marke','Weishaupt'),(916,26,'Herstellungsland und -region','Deutschland'),(924,27,'Marke','Weishaupt'),(925,27,'Herstellungsland und -region','Deutschland'),(1187,346,'Angebotspaket',''),(1197,347,'Anzahl der Einheiten',''),(1196,347,'Angebotspaket',''),(1205,348,'Angebotspaket',''),(1215,349,'Anzahl der Einheiten',''),(1214,349,'Angebotspaket',''),(1223,350,'Angebotspaket',''),(1233,351,'Anzahl der Einheiten',''),(1232,351,'Angebotspaket',''),(1241,352,'Angebotspaket',''),(1251,353,'Anzahl der Einheiten',''),(1250,353,'Angebotspaket',''),(1259,354,'Angebotspaket',''),(1269,355,'Anzahl der Einheiten',''),(1268,355,'Angebotspaket',''),(1277,356,'Angebotspaket',''),(1287,357,'Anzahl der Einheiten',''),(1286,357,'Angebotspaket',''),(1295,358,'Angebotspaket',''),(1305,359,'Anzahl der Einheiten',''),(1304,359,'Angebotspaket',''),(1313,360,'Angebotspaket',''),(1323,361,'Anzahl der Einheiten',''),(1322,361,'Angebotspaket',''),(1332,362,'Anzahl der Einheiten',''),(1331,362,'Angebotspaket',''),(1341,363,'Anzahl der Einheiten',''),(1340,363,'Angebotspaket',''),(1350,364,'Anzahl der Einheiten',''),(1349,364,'Angebotspaket',''),(1249,352,'Typ','Brenner'),(1258,353,'Typ','Brenner'),(1266,354,'max. Wärmeleistung (KW)',''),(1267,354,'Typ','Brenner'),(1276,355,'Typ','Brenner'),(1284,356,'max. Wärmeleistung (KW)',''),(1285,356,'Typ','Brenner'),(1294,357,'Typ','Brenner'),(1302,358,'max. Wärmeleistung (KW)',''),(1303,358,'Typ','Brenner'),(1312,359,'Typ','Brenner'),(1320,360,'max. Wärmeleistung (KW)',''),(1321,360,'Typ','Brenner'),(1330,361,'Typ','Brenner'),(1339,362,'Typ','Brenner'),(1348,363,'Typ','Brenner'),(1357,364,'Typ','Brenner');

--
-- Table structure for table `ebay_products_payments`
--

CREATE TABLE `ebay_products_payments` (
  `ebay_products_payments_id` int(11) NOT NULL AUTO_INCREMENT,
  `ebay_products_id` int(11) NOT NULL DEFAULT '0',
  `payment` varchar(128) CHARACTER SET latin1 COLLATE latin1_general_ci NOT NULL DEFAULT '',
  PRIMARY KEY (`ebay_products_payments_id`),
  KEY `ebay_products_id` (`ebay_products_id`)
) ENGINE=MyISAM AUTO_INCREMENT=1911 DEFAULT CHARSET=utf8;

--
-- Dumping data for table `ebay_products_payments`
--

INSERT INTO `ebay_products_payments` (`ebay_products_payments_id`, `ebay_products_id`, `payment`) VALUES (1489,22,'PayPal'),(1488,22,'MoneyXferAcceptedInCheckout'),(1493,23,'CashOnPickup'),(1496,24,'CashOnPickup'),(1499,25,'CashOnPickup'),(1502,26,'CashOnPickup'),(1505,27,'CashOnPickup'),(1492,23,'PayPal'),(1495,24,'PayPal'),(1498,25,'PayPal'),(1501,26,'PayPal'),(1504,27,'PayPal'),(1448,444,'MoneyXferAcceptedInCheckout'),(1412,432,'MoneyXferAcceptedInCheckout'),(1411,432,'PayPal'),(1410,432,'CashOnPickup'),(1415,433,'MoneyXferAcceptedInCheckout'),(1414,433,'PayPal'),(1413,433,'CashOnPickup'),(1418,434,'MoneyXferAcceptedInCheckout'),(1417,434,'PayPal'),(1416,434,'CashOnPickup'),(1421,435,'MoneyXferAcceptedInCheckout'),(1420,435,'PayPal'),(1419,435,'CashOnPickup'),(1424,436,'MoneyXferAcceptedInCheckout'),(1423,436,'PayPal'),(1422,436,'CashOnPickup'),(1427,437,'MoneyXferAcceptedInCheckout'),(1426,437,'PayPal'),(1425,437,'CashOnPickup'),(1430,438,'MoneyXferAcceptedInCheckout'),(1429,438,'PayPal'),(1428,438,'CashOnPickup'),(1433,439,'MoneyXferAcceptedInCheckout'),(1432,439,'PayPal'),(1431,439,'CashOnPickup'),(1436,440,'MoneyXferAcceptedInCheckout'),(1435,440,'PayPal'),(1434,440,'CashOnPickup'),(1439,441,'MoneyXferAcceptedInCheckout'),(1438,441,'PayPal'),(1437,441,'CashOnPickup'),(1442,442,'MoneyXferAcceptedInCheckout'),(1441,442,'PayPal'),(1440,442,'CashOnPickup'),(1445,443,'MoneyXferAcceptedInCheckout'),(1444,443,'PayPal'),(1443,443,'CashOnPickup'),(1685,242,'MoneyXferAcceptedInCheckout'),(1684,242,'PayPal'),(1683,242,'CashOnPickup'),(1688,243,'MoneyXferAcceptedInCheckout'),(1687,243,'PayPal'),(1686,243,'CashOnPickup'),(1691,244,'MoneyXferAcceptedInCheckout'),(1690,244,'PayPal'),(1689,244,'CashOnPickup'),(1694,245,'MoneyXferAcceptedInCheckout'),(1693,245,'PayPal'),(1692,245,'CashOnPickup'),(1697,246,'MoneyXferAcceptedInCheckout'),(1696,246,'PayPal'),(1695,246,'CashOnPickup'),(1700,247,'MoneyXferAcceptedInCheckout'),(1699,247,'PayPal'),(1698,247,'CashOnPickup'),(1703,248,'MoneyXferAcceptedInCheckout'),(1702,248,'PayPal'),(1701,248,'CashOnPickup'),(1706,249,'MoneyXferAcceptedInCheckout'),(1705,249,'PayPal'),(1704,249,'CashOnPickup'),(1709,250,'MoneyXferAcceptedInCheckout'),(1708,250,'PayPal'),(1707,250,'CashOnPickup'),(1712,251,'MoneyXferAcceptedInCheckout'),(1711,251,'PayPal'),(1710,251,'CashOnPickup'),(1715,252,'MoneyXferAcceptedInCheckout'),(1714,252,'PayPal'),(1713,252,'CashOnPickup'),(1718,253,'MoneyXferAcceptedInCheckout'),(1717,253,'PayPal'),(1716,253,'CashOnPickup'),(1721,254,'MoneyXferAcceptedInCheckout'),(1720,254,'PayPal'),(1719,254,'CashOnPickup'),(1724,255,'MoneyXferAcceptedInCheckout'),(1723,255,'PayPal'),(1722,255,'CashOnPickup'),(1727,256,'MoneyXferAcceptedInCheckout'),(1726,256,'PayPal'),(1725,256,'CashOnPickup'),(1730,257,'MoneyXferAcceptedInCheckout'),(1729,257,'PayPal'),(1728,257,'CashOnPickup'),(1733,258,'MoneyXferAcceptedInCheckout'),(1732,258,'PayPal'),(1731,258,'CashOnPickup'),(1736,259,'MoneyXferAcceptedInCheckout'),(1735,259,'PayPal'),(1734,259,'CashOnPickup'),(1739,260,'MoneyXferAcceptedInCheckout'),(1738,260,'PayPal'),(1737,260,'CashOnPickup'),(1742,261,'MoneyXferAcceptedInCheckout'),(1741,261,'PayPal'),(1740,261,'CashOnPickup'),(1745,262,'MoneyXferAcceptedInCheckout'),(1744,262,'PayPal'),(1743,262,'CashOnPickup'),(1748,263,'MoneyXferAcceptedInCheckout'),(1747,263,'PayPal'),(1746,263,'CashOnPickup'),(1751,264,'MoneyXferAcceptedInCheckout'),(1750,264,'PayPal'),(1749,264,'CashOnPickup'),(1754,265,'MoneyXferAcceptedInCheckout'),(1753,265,'PayPal'),(1757,266,'MoneyXferAcceptedInCheckout'),(1756,266,'PayPal'),(1755,266,'CashOnPickup'),(1760,267,'MoneyXferAcceptedInCheckout'),(1759,267,'PayPal'),(1758,267,'CashOnPickup'),(1763,268,'MoneyXferAcceptedInCheckout'),(1762,268,'PayPal'),(1761,268,'CashOnPickup'),(1766,269,'MoneyXferAcceptedInCheckout'),(1765,269,'PayPal'),(1764,269,'CashOnPickup'),(1769,270,'MoneyXferAcceptedInCheckout'),(1768,270,'PayPal'),(1767,270,'CashOnPickup'),(1772,271,'MoneyXferAcceptedInCheckout'),(1771,271,'PayPal'),(1770,271,'CashOnPickup'),(1775,272,'MoneyXferAcceptedInCheckout'),(1774,272,'PayPal'),(1773,272,'CashOnPickup'),(1778,273,'MoneyXferAcceptedInCheckout'),(1777,273,'PayPal'),(1776,273,'CashOnPickup'),(1781,274,'MoneyXferAcceptedInCheckout'),(1780,274,'PayPal'),(1779,274,'CashOnPickup'),(1784,275,'MoneyXferAcceptedInCheckout'),(1783,275,'PayPal'),(1782,275,'CashOnPickup'),(1787,276,'MoneyXferAcceptedInCheckout'),(1786,276,'PayPal'),(1785,276,'CashOnPickup'),(1790,277,'MoneyXferAcceptedInCheckout'),(1789,277,'PayPal'),(1788,277,'CashOnPickup'),(1793,278,'MoneyXferAcceptedInCheckout'),(1792,278,'PayPal'),(1791,278,'CashOnPickup'),(1796,279,'MoneyXferAcceptedInCheckout'),(1795,279,'PayPal'),(1794,279,'CashOnPickup'),(1799,280,'MoneyXferAcceptedInCheckout'),(1798,280,'PayPal'),(1797,280,'CashOnPickup'),(1802,281,'MoneyXferAcceptedInCheckout'),(1801,281,'PayPal'),(1800,281,'CashOnPickup'),(1805,282,'MoneyXferAcceptedInCheckout'),(1804,282,'PayPal'),(1803,282,'CashOnPickup'),(1808,283,'MoneyXferAcceptedInCheckout'),(1807,283,'PayPal'),(1806,283,'CashOnPickup'),(1811,284,'MoneyXferAcceptedInCheckout'),(1810,284,'PayPal'),(1809,284,'CashOnPickup'),(1814,285,'MoneyXferAcceptedInCheckout'),(1813,285,'PayPal'),(1812,285,'CashOnPickup'),(1817,286,'MoneyXferAcceptedInCheckout'),(1816,286,'PayPal'),(1815,286,'CashOnPickup'),(1820,287,'MoneyXferAcceptedInCheckout'),(1819,287,'PayPal'),(1818,287,'CashOnPickup'),(1823,288,'MoneyXferAcceptedInCheckout'),(1822,288,'PayPal'),(1821,288,'CashOnPickup'),(1826,289,'MoneyXferAcceptedInCheckout'),(1825,289,'PayPal'),(1824,289,'CashOnPickup'),(1829,290,'MoneyXferAcceptedInCheckout'),(1828,290,'PayPal'),(1827,290,'CashOnPickup'),(1832,291,'MoneyXferAcceptedInCheckout'),(1831,291,'PayPal'),(1830,291,'CashOnPickup'),(1835,292,'MoneyXferAcceptedInCheckout'),(1834,292,'PayPal'),(1833,292,'CashOnPickup'),(1855,347,'PayPal'),(1854,347,'CashOnPickup'),(1858,348,'PayPal'),(1857,348,'CashOnPickup'),(1861,349,'PayPal'),(1860,349,'CashOnPickup'),(1864,350,'PayPal'),(1863,350,'CashOnPickup'),(1867,351,'PayPal'),(1866,351,'CashOnPickup'),(1870,352,'PayPal'),(1869,352,'CashOnPickup'),(1873,353,'PayPal'),(1872,353,'CashOnPickup'),(1876,354,'PayPal'),(1875,354,'CashOnPickup'),(1879,355,'PayPal'),(1878,355,'CashOnPickup'),(1882,356,'PayPal'),(1881,356,'CashOnPickup'),(1885,357,'PayPal'),(1884,357,'CashOnPickup'),(1888,358,'PayPal'),(1887,358,'CashOnPickup'),(1891,359,'PayPal'),(1890,359,'CashOnPickup'),(1894,360,'PayPal'),(1893,360,'CashOnPickup'),(1897,361,'PayPal'),(1896,361,'CashOnPickup'),(1900,362,'PayPal'),(1899,362,'CashOnPickup'),(1852,346,'PayPal'),(1851,346,'CashOnPickup'),(1849,345,'PayPal'),(1848,345,'CashOnPickup'),(1846,344,'PayPal'),(1845,344,'CashOnPickup'),(1843,343,'PayPal'),(1842,343,'CashOnPickup'),(1840,342,'PayPal'),(1839,342,'CashOnPickup'),(1837,341,'PayPal'),(1836,341,'CashOnPickup'),(1903,363,'PayPal'),(1902,363,'CashOnPickup'),(1906,364,'PayPal'),(1905,364,'CashOnPickup'),(1447,444,'PayPal'),(1451,445,'MoneyXferAcceptedInCheckout'),(1397,427,'MoneyXferAcceptedInCheckout'),(1400,428,'MoneyXferAcceptedInCheckout'),(1399,428,'PayPal'),(1398,428,'CashOnPickup'),(1403,429,'MoneyXferAcceptedInCheckout'),(1402,429,'PayPal'),(1401,429,'CashOnPickup'),(1406,430,'MoneyXferAcceptedInCheckout'),(1405,430,'PayPal'),(1404,430,'CashOnPickup'),(1409,431,'MoneyXferAcceptedInCheckout'),(1408,431,'PayPal'),(1407,431,'CashOnPickup'),(1396,427,'PayPal'),(1395,427,'CashOnPickup'),(1450,445,'PayPal'),(1449,445,'CashOnPickup'),(1454,446,'MoneyXferAcceptedInCheckout'),(1453,446,'PayPal'),(1457,447,'MoneyXferAcceptedInCheckout'),(1456,447,'PayPal'),(1460,448,'MoneyXferAcceptedInCheckout'),(1459,448,'PayPal'),(1463,449,'MoneyXferAcceptedInCheckout'),(1462,449,'PayPal'),(1466,450,'MoneyXferAcceptedInCheckout'),(1465,450,'PayPal'),(1469,451,'MoneyXferAcceptedInCheckout'),(1468,451,'PayPal'),(1446,444,'CashOnPickup'),(1452,446,'CashOnPickup'),(1455,447,'CashOnPickup'),(1458,448,'CashOnPickup'),(1461,449,'CashOnPickup'),(1464,450,'CashOnPickup'),(1467,451,'CashOnPickup'),(1752,265,'CashOnPickup'),(960,452,'MoneyXferAccepted'),(961,453,'MoneyXferAccepted'),(962,454,'MoneyXferAccepted'),(963,455,'MoneyXferAccepted'),(964,456,'MoneyXferAccepted'),(965,457,'MoneyXferAccepted'),(966,458,'MoneyXferAccepted'),(967,459,'MoneyXferAccepted'),(968,460,'MoneyXferAccepted'),(969,461,'MoneyXferAccepted'),(970,462,'MoneyXferAccepted'),(971,463,'MoneyXferAccepted'),(972,464,'MoneyXferAccepted'),(973,465,'MoneyXferAccepted'),(974,466,'MoneyXferAccepted'),(975,467,'MoneyXferAccepted'),(976,468,'MoneyXferAccepted'),(977,469,'MoneyXferAccepted'),(1508,470,'MoneyXferAcceptedInCheckout'),(1507,470,'PayPal'),(1506,470,'CashOnPickup'),(1511,471,'MoneyXferAcceptedInCheckout'),(1510,471,'PayPal'),(1509,471,'CashOnPickup'),(1514,472,'MoneyXferAcceptedInCheckout'),(1513,472,'PayPal'),(1512,472,'CashOnPickup'),(1517,473,'MoneyXferAcceptedInCheckout'),(1516,473,'PayPal'),(1515,473,'CashOnPickup'),(1520,474,'MoneyXferAcceptedInCheckout'),(1519,474,'PayPal'),(1518,474,'CashOnPickup'),(1523,475,'MoneyXferAcceptedInCheckout'),(1522,475,'PayPal'),(1521,475,'CashOnPickup'),(1526,476,'MoneyXferAcceptedInCheckout'),(1525,476,'PayPal'),(1524,476,'CashOnPickup'),(1529,477,'MoneyXferAcceptedInCheckout'),(1528,477,'PayPal'),(1527,477,'CashOnPickup'),(1532,478,'MoneyXferAcceptedInCheckout'),(1531,478,'PayPal'),(1530,478,'CashOnPickup'),(1535,479,'MoneyXferAcceptedInCheckout'),(1534,479,'PayPal'),(1533,479,'CashOnPickup'),(1538,480,'MoneyXferAcceptedInCheckout'),(1537,480,'PayPal'),(1536,480,'CashOnPickup'),(1541,481,'MoneyXferAcceptedInCheckout'),(1540,481,'PayPal'),(1539,481,'CashOnPickup'),(1544,482,'MoneyXferAcceptedInCheckout'),(1543,482,'PayPal'),(1542,482,'CashOnPickup'),(1547,483,'MoneyXferAcceptedInCheckout'),(1546,483,'PayPal'),(1545,483,'CashOnPickup'),(1550,484,'MoneyXferAcceptedInCheckout'),(1549,484,'PayPal'),(1548,484,'CashOnPickup'),(1553,485,'MoneyXferAcceptedInCheckout'),(1552,485,'PayPal'),(1551,485,'CashOnPickup'),(1556,486,'MoneyXferAcceptedInCheckout'),(1555,486,'PayPal'),(1554,486,'CashOnPickup'),(1559,487,'MoneyXferAcceptedInCheckout'),(1558,487,'PayPal'),(1557,487,'CashOnPickup'),(1562,488,'MoneyXferAcceptedInCheckout'),(1561,488,'PayPal'),(1560,488,'CashOnPickup'),(1565,489,'MoneyXferAcceptedInCheckout'),(1564,489,'PayPal'),(1563,489,'CashOnPickup'),(1568,490,'MoneyXferAcceptedInCheckout'),(1567,490,'PayPal'),(1566,490,'CashOnPickup'),(1571,491,'MoneyXferAcceptedInCheckout'),(1570,491,'PayPal'),(1569,491,'CashOnPickup'),(1574,492,'MoneyXferAcceptedInCheckout'),(1573,492,'PayPal'),(1572,492,'CashOnPickup'),(1577,493,'MoneyXferAcceptedInCheckout'),(1576,493,'PayPal'),(1575,493,'CashOnPickup'),(1580,494,'MoneyXferAcceptedInCheckout'),(1579,494,'PayPal'),(1578,494,'CashOnPickup'),(1583,495,'MoneyXferAcceptedInCheckout'),(1582,495,'PayPal'),(1581,495,'CashOnPickup'),(1586,496,'MoneyXferAcceptedInCheckout'),(1585,496,'PayPal'),(1584,496,'CashOnPickup'),(1589,497,'MoneyXferAcceptedInCheckout'),(1588,497,'PayPal'),(1587,497,'CashOnPickup'),(1592,498,'MoneyXferAcceptedInCheckout'),(1591,498,'PayPal'),(1590,498,'CashOnPickup'),(1595,499,'MoneyXferAcceptedInCheckout'),(1594,499,'PayPal'),(1593,499,'CashOnPickup'),(1598,500,'MoneyXferAcceptedInCheckout'),(1597,500,'PayPal'),(1596,500,'CashOnPickup'),(1601,501,'MoneyXferAcceptedInCheckout'),(1600,501,'PayPal'),(1599,501,'CashOnPickup'),(1604,502,'MoneyXferAcceptedInCheckout'),(1603,502,'PayPal'),(1602,502,'CashOnPickup'),(1607,503,'MoneyXferAcceptedInCheckout'),(1606,503,'PayPal'),(1605,503,'CashOnPickup'),(1610,504,'MoneyXferAcceptedInCheckout'),(1609,504,'PayPal'),(1608,504,'CashOnPickup'),(1327,505,'MoneyXferAcceptedInCheckout'),(1330,506,'MoneyXferAcceptedInCheckout'),(1333,507,'MoneyXferAcceptedInCheckout'),(1336,508,'MoneyXferAcceptedInCheckout'),(1339,509,'MoneyXferAcceptedInCheckout'),(1342,510,'MoneyXferAcceptedInCheckout'),(1345,511,'MoneyXferAcceptedInCheckout'),(1348,512,'MoneyXferAcceptedInCheckout'),(1351,513,'MoneyXferAcceptedInCheckout'),(1354,514,'MoneyXferAcceptedInCheckout'),(1357,515,'MoneyXferAcceptedInCheckout'),(1360,516,'MoneyXferAcceptedInCheckout'),(1363,517,'MoneyXferAcceptedInCheckout'),(1366,518,'MoneyXferAcceptedInCheckout'),(1369,519,'MoneyXferAcceptedInCheckout'),(1372,520,'MoneyXferAcceptedInCheckout'),(1375,521,'MoneyXferAcceptedInCheckout'),(1378,522,'MoneyXferAcceptedInCheckout'),(1381,523,'MoneyXferAcceptedInCheckout'),(1384,524,'MoneyXferAcceptedInCheckout'),(1387,525,'MoneyXferAcceptedInCheckout'),(1390,526,'MoneyXferAcceptedInCheckout'),(1393,527,'MoneyXferAcceptedInCheckout'),(1326,505,'PayPal'),(1329,506,'PayPal'),(1332,507,'PayPal'),(1335,508,'PayPal'),(1338,509,'PayPal'),(1341,510,'PayPal'),(1344,511,'PayPal'),(1347,512,'PayPal'),(1350,513,'PayPal'),(1353,514,'PayPal'),(1356,515,'PayPal'),(1359,516,'PayPal'),(1362,517,'PayPal'),(1365,518,'PayPal'),(1368,519,'PayPal'),(1371,520,'PayPal'),(1374,521,'PayPal'),(1377,522,'PayPal'),(1380,523,'PayPal'),(1383,524,'PayPal'),(1386,525,'PayPal'),(1389,526,'PayPal'),(1392,527,'PayPal'),(1328,505,'CashOnPickup'),(1331,506,'CashOnPickup'),(1334,507,'CashOnPickup'),(1337,508,'CashOnPickup'),(1340,509,'CashOnPickup'),(1343,510,'CashOnPickup'),(1346,511,'CashOnPickup'),(1349,512,'CashOnPickup'),(1352,513,'CashOnPickup'),(1355,514,'CashOnPickup'),(1358,515,'CashOnPickup'),(1361,516,'CashOnPickup'),(1364,517,'CashOnPickup'),(1367,518,'CashOnPickup'),(1370,519,'CashOnPickup'),(1373,520,'CashOnPickup'),(1376,521,'CashOnPickup'),(1379,522,'CashOnPickup'),(1382,523,'CashOnPickup'),(1385,524,'CashOnPickup'),(1388,525,'CashOnPickup'),(1391,526,'CashOnPickup'),(1394,527,'CashOnPickup'),(1490,22,'CashOnPickup'),(1491,23,'MoneyXferAcceptedInCheckout'),(1494,24,'MoneyXferAcceptedInCheckout'),(1497,25,'MoneyXferAcceptedInCheckout'),(1500,26,'MoneyXferAcceptedInCheckout'),(1503,27,'MoneyXferAcceptedInCheckout'),(1856,347,'MoneyXferAcceptedInCheckout'),(1859,348,'MoneyXferAcceptedInCheckout'),(1862,349,'MoneyXferAcceptedInCheckout'),(1865,350,'MoneyXferAcceptedInCheckout'),(1868,351,'MoneyXferAcceptedInCheckout'),(1871,352,'MoneyXferAcceptedInCheckout'),(1874,353,'MoneyXferAcceptedInCheckout'),(1877,354,'MoneyXferAcceptedInCheckout'),(1880,355,'MoneyXferAcceptedInCheckout'),(1883,356,'MoneyXferAcceptedInCheckout'),(1886,357,'MoneyXferAcceptedInCheckout'),(1889,358,'MoneyXferAcceptedInCheckout'),(1892,359,'MoneyXferAcceptedInCheckout'),(1895,360,'MoneyXferAcceptedInCheckout'),(1898,361,'MoneyXferAcceptedInCheckout'),(1901,362,'MoneyXferAcceptedInCheckout'),(1904,363,'MoneyXferAcceptedInCheckout'),(1907,364,'MoneyXferAcceptedInCheckout'),(1838,341,'MoneyXferAcceptedInCheckout'),(1841,342,'MoneyXferAcceptedInCheckout'),(1844,343,'MoneyXferAcceptedInCheckout'),(1847,344,'MoneyXferAcceptedInCheckout'),(1850,345,'MoneyXferAcceptedInCheckout'),(1853,346,'MoneyXferAcceptedInCheckout'),(1908,528,'CashOnPickup'),(1909,528,'PayPal'),(1910,528,'MoneyXferAcceptedInCheckout');

--
-- Table structure for table `ebay_products_properties`
--

CREATE TABLE `ebay_products_properties` (
  `ebay_products_properties_id` int(11) NOT NULL AUTO_INCREMENT,
  `ebay_products_id` int(11) NOT NULL,
  `date_added` datetime NOT NULL,
  `sort_order` int(1) NOT NULL,
  PRIMARY KEY (`ebay_products_properties_id`),
  KEY `ebay_products_id` (`ebay_products_id`)
) ENGINE=MyISAM DEFAULT CHARSET=utf8;

--
-- Dumping data for table `ebay_products_properties`
--


--
-- Table structure for table `ebay_products_properties_description`
--

CREATE TABLE `ebay_products_properties_description` (
  `ebay_products_properties_description_id` int(11) NOT NULL AUTO_INCREMENT,
  `ebay_products_properties_id` int(11) NOT NULL,
  `language_id` int(1) NOT NULL,
  `title` varchar(64) CHARACTER SET latin1 COLLATE latin1_german2_ci NOT NULL,
  PRIMARY KEY (`ebay_products_properties_description_id`),
  KEY `ebay_products_properties_id` (`ebay_products_properties_id`)
) ENGINE=MyISAM DEFAULT CHARSET=utf8;

--
-- Dumping data for table `ebay_products_properties_description`
--


--
-- Table structure for table `ebay_products_properties_values`
--

CREATE TABLE `ebay_products_properties_values` (
  `ebay_products_properties_values_id` int(11) NOT NULL AUTO_INCREMENT,
  `ebay_products_properties_id` int(11) NOT NULL,
  `price` decimal(15,4) NOT NULL,
  `sort_order` int(1) NOT NULL,
  `image` varchar(16) NOT NULL,
  `files_image` varchar(255) NOT NULL,
  PRIMARY KEY (`ebay_products_properties_values_id`),
  KEY `ebay_products_properties_description_id` (`ebay_products_properties_id`)
) ENGINE=MyISAM DEFAULT CHARSET=utf8;

--
-- Dumping data for table `ebay_products_properties_values`
--


--
-- Table structure for table `ebay_products_properties_values_description`
--

CREATE TABLE `ebay_products_properties_values_description` (
  `ebay_products_properties_values_description_id` int(11) NOT NULL AUTO_INCREMENT,
  `ebay_products_properties_values_id` int(11) NOT NULL,
  `language_id` int(11) NOT NULL,
  `title` varchar(64) CHARACTER SET latin1 COLLATE latin1_german2_ci NOT NULL,
  PRIMARY KEY (`ebay_products_properties_values_description_id`),
  KEY `ebay_products_properties_description_id` (`ebay_products_properties_values_id`)
) ENGINE=MyISAM DEFAULT CHARSET=utf8;

--
-- Dumping data for table `ebay_products_properties_values_description`
--


--
-- Table structure for table `ebay_products_shippings`
--

CREATE TABLE `ebay_products_shippings` (
  `ebay_products_shippings_id` int(11) NOT NULL AUTO_INCREMENT,
  `ebay_products_id` int(11) NOT NULL DEFAULT '0',
  `shippingtype` enum('international','national') CHARACTER SET latin1 COLLATE latin1_general_ci NOT NULL DEFAULT 'national',
  `ShippingService` varchar(64) NOT NULL,
  `ShippingServiceAdditionalCost` float NOT NULL DEFAULT '0',
  `ShippingServiceCost` float NOT NULL DEFAULT '0',
  `ShippingServicePriority` int(11) NOT NULL DEFAULT '0',
  `shipsWithinDays` int(11) NOT NULL DEFAULT '0',
  PRIMARY KEY (`ebay_products_shippings_id`),
  KEY `ebay_products_id` (`ebay_products_id`)
) ENGINE=MyISAM AUTO_INCREMENT=174 DEFAULT CHARSET=utf8;

--
-- Dumping data for table `ebay_products_shippings`
--

INSERT INTO `ebay_products_shippings` (`ebay_products_shippings_id`, `ebay_products_id`, `shippingtype`, `ShippingService`, `ShippingServiceAdditionalCost`, `ShippingServiceCost`, `ShippingServicePriority`, `shipsWithinDays`) VALUES (156,452,'national','DE_InsuredDispatch',5,10,0,0),(157,453,'national','DE_InsuredDispatch',5,10,0,0),(158,454,'national','DE_InsuredDispatch',5,10,0,0),(159,455,'national','DE_InsuredDispatch',5,10,0,0),(160,456,'national','DE_InsuredDispatch',5,10,0,0),(161,457,'national','DE_InsuredDispatch',5,10,0,0),(162,458,'national','DE_InsuredDispatch',5,10,0,0),(163,459,'national','DE_InsuredDispatch',5,10,0,0),(164,460,'national','DE_InsuredDispatch',5,10,0,0),(165,461,'national','DE_InsuredDispatch',5,10,0,0),(166,462,'national','DE_InsuredDispatch',5,10,0,0),(167,463,'national','DE_InsuredDispatch',5,10,0,0),(168,464,'national','DE_InsuredDispatch',5,10,0,0),(169,465,'national','DE_InsuredDispatch',5,10,0,0),(170,466,'national','DE_InsuredDispatch',5,10,0,0),(171,467,'national','DE_InsuredDispatch',5,10,0,0),(172,468,'national','DE_InsuredDispatch',5,10,0,0),(173,469,'national','DE_InsuredDispatch',5,10,0,0);

--
-- Table structure for table `ebay_products_shippings_locations`
--

CREATE TABLE `ebay_products_shippings_locations` (
  `ebay_products_shippings_locations_id` int(11) NOT NULL AUTO_INCREMENT,
  `ebay_products_shippings_id` int(11) NOT NULL DEFAULT '0',
  `location` varchar(255) CHARACTER SET latin1 COLLATE latin1_general_ci NOT NULL DEFAULT '',
  PRIMARY KEY (`ebay_products_shippings_locations_id`),
  KEY `ebay_products_shippings_id` (`ebay_products_shippings_id`)
) ENGINE=MyISAM DEFAULT CHARSET=utf8;

--
-- Dumping data for table `ebay_products_shippings_locations`
--


--
-- Table structure for table `ebay_products_to_categories`
--

CREATE TABLE `ebay_products_to_categories` (
  `id` int(11) NOT NULL AUTO_INCREMENT,
  `products_id` int(11) NOT NULL DEFAULT '0',
  `category_id` int(11) NOT NULL DEFAULT '0',
  PRIMARY KEY (`id`),
  KEY `products_id` (`products_id`),
  KEY `category_id` (`category_id`)
) ENGINE=MyISAM DEFAULT CHARSET=utf8;

--
-- Dumping data for table `ebay_products_to_categories`
--


--
-- Table structure for table `ebay_products_variations`
--

CREATE TABLE `ebay_products_variations` (
  `ebay_products_variations_id` int(11) NOT NULL AUTO_INCREMENT,
  `ebay_products_id` int(11) NOT NULL,
  `title` varchar(64) NOT NULL,
  `content` varchar(255) NOT NULL,
  PRIMARY KEY (`ebay_products_variations_id`),
  KEY `ebay_products_id` (`ebay_products_id`)
) ENGINE=MyISAM DEFAULT CHARSET=utf8;

--
-- Dumping data for table `ebay_products_variations`
--


--
-- Table structure for table `ebay_sammler`
--

CREATE TABLE `ebay_sammler` (
  `id` int(11) NOT NULL AUTO_INCREMENT,
  `titel` varchar(64) CHARACTER SET latin1 COLLATE latin1_general_ci NOT NULL DEFAULT '',
  `angelegt` datetime NOT NULL DEFAULT '0000-00-00 00:00:00',
  `aktiv` enum('j','n') CHARACTER SET latin1 COLLATE latin1_general_ci NOT NULL DEFAULT 'j',
  `type` varchar(64) CHARACTER SET latin1 COLLATE latin1_general_ci NOT NULL DEFAULT '',
  `duration` int(1) NOT NULL DEFAULT '0',
  `boldTitle` int(1) NOT NULL DEFAULT '0',
  `highlight` int(1) NOT NULL DEFAULT '0',
  `quantity` int(11) NOT NULL DEFAULT '0',
  `description` text CHARACTER SET latin1 COLLATE latin1_general_ci NOT NULL,
  `featured` int(1) NOT NULL DEFAULT '0',
  `galleryFeatured` int(1) NOT NULL DEFAULT '0',
  `galleryFeaturedDuration` int(1) NOT NULL,
  `gallery` int(1) NOT NULL DEFAULT '0',
  `category` varchar(32) CHARACTER SET latin1 COLLATE latin1_general_ci DEFAULT NULL,
  `category2` varchar(32) CHARACTER SET latin1 COLLATE latin1_general_ci DEFAULT NULL,
  `counter` varchar(64) CHARACTER SET latin1 COLLATE latin1_general_ci NOT NULL DEFAULT '',
  `vat` int(1) NOT NULL DEFAULT '0',
  `geldzurueck` int(1) NOT NULL DEFAULT '0',
  `sofortneu` int(1) NOT NULL DEFAULT '0',
  `new` int(1) NOT NULL DEFAULT '0',
  `border` int(1) NOT NULL DEFAULT '0',
  `homepagefeatured` int(1) NOT NULL DEFAULT '0',
  `site` varchar(16) CHARACTER SET latin1 COLLATE latin1_general_ci NOT NULL DEFAULT '',
  `paymentinstructions` text CHARACTER SET latin1 COLLATE latin1_general_ci,
  `subtitletext` varchar(55) CHARACTER SET latin1 COLLATE latin1_general_ci NOT NULL DEFAULT '',
  `gallery_plus` int(1) NOT NULL DEFAULT '0',
  `bestoffer` int(1) NOT NULL DEFAULT '0',
  `bestoffer_price` float NOT NULL DEFAULT '0',
  `country` char(2) CHARACTER SET latin1 COLLATE latin1_general_ci NOT NULL DEFAULT '',
  `location` varchar(45) CHARACTER SET latin1 COLLATE latin1_general_ci NOT NULL DEFAULT '',
  `shopcat` varchar(32) NOT NULL DEFAULT '0',
  `shopcat2` varchar(64) CHARACTER SET latin1 COLLATE latin1_general_ci NOT NULL DEFAULT '',
  `shopcat_name` varchar(64) CHARACTER SET latin1 COLLATE latin1_general_ci NOT NULL DEFAULT '',
  `shopcat2_name` varchar(64) CHARACTER SET latin1 COLLATE latin1_general_ci NOT NULL DEFAULT '',
  `user` varchar(128) CHARACTER SET latin1 COLLATE latin1_general_ci NOT NULL DEFAULT '',
  `template` varchar(255) CHARACTER SET latin1 COLLATE latin1_general_ci NOT NULL DEFAULT '',
  `skype_enabled` int(1) NOT NULL DEFAULT '0',
  `skype_id` varchar(128) CHARACTER SET latin1 COLLATE latin1_general_ci NOT NULL DEFAULT '',
  `skype_contact_option` varchar(16) CHARACTER SET latin1 COLLATE latin1_general_ci NOT NULL DEFAULT '',
  `bestofferautoacceptprice` float NOT NULL DEFAULT '0',
  `revise` varchar(8) NOT NULL,
  `revise_option` int(11) NOT NULL,
  `postalcode` varchar(8) NOT NULL,
  `dispatchtimemax` tinyint(4) NOT NULL,
  `automatic_list_no_sell` int(1) NOT NULL,
  `itemcondition` int(1) NOT NULL,
  `ShippingDiscountProfileID` varchar(32) NOT NULL,
  `InternationalShippingDiscountProfileID` varchar(32) NOT NULL,
  `reserveprice` float NOT NULL,
  `returnswithincode` varchar(16) NOT NULL,
  `shippingcostpaidby` varchar(32) NOT NULL,
  `ebay_plus` int(1) NOT NULL,
  `seller_profile_payment_id` varchar(32) DEFAULT NULL,
  `seller_profile_return_policy_id` varchar(32) DEFAULT NULL,
  `seller_profile_shipping_id` varchar(32) DEFAULT NULL,
  PRIMARY KEY (`id`)
) ENGINE=MyISAM AUTO_INCREMENT=17 DEFAULT CHARSET=utf8;

--
-- Dumping data for table `ebay_sammler`
--

INSERT INTO `ebay_sammler` (`id`, `titel`, `angelegt`, `aktiv`, `type`, `duration`, `boldTitle`, `highlight`, `quantity`, `description`, `featured`, `galleryFeatured`, `galleryFeaturedDuration`, `gallery`, `category`, `category2`, `counter`, `vat`, `geldzurueck`, `sofortneu`, `new`, `border`, `homepagefeatured`, `site`, `paymentinstructions`, `subtitletext`, `gallery_plus`, `bestoffer`, `bestoffer_price`, `country`, `location`, `shopcat`, `shopcat2`, `shopcat_name`, `shopcat2_name`, `user`, `template`, `skype_enabled`, `skype_id`, `skype_contact_option`, `bestofferautoacceptprice`, `revise`, `revise_option`, `postalcode`, `dispatchtimemax`, `automatic_list_no_sell`, `itemcondition`, `ShippingDiscountProfileID`, `InternationalShippingDiscountProfileID`, `reserveprice`, `returnswithincode`, `shippingcostpaidby`, `ebay_plus`, `seller_profile_payment_id`, `seller_profile_return_policy_id`, `seller_profile_shipping_id`) VALUES (1,'Tauschsammler','2008-04-07 17:41:51','j','FixedPriceItem',0,1,0,1,'Dieser Sammler dient dazu Produkten eines anderen Sammlers ein oder mehrere spezielle Merkmale mit einem Vorgang (verschieben mit Sammlervoreinstellung und zurück mit Produktmerkmalen) ändern zu können. Weitere Details zu diesem Thema, finden Sie im Wiki (oben rechts). Gruss Ihr YES Team',0,0,1,1,'','','RetroStyle',0,0,0,1,0,0,'Germany','','',0,1,0,'DE','Hamburg','','','','','meinbad-guenstiger','ebay-template.html',1,'','Chat',0,'',0,'',0,0,0,'','',0,'','',0,'','',''),(6,'Gasbrenner','2017-10-10 17:53:56','j','FixedPriceItem',0,0,0,1,'Beschreibung des neuen Ebaysammlers',0,0,1,1,'126202','','RetroStyle',1,1,0,0,0,0,'Germany','Vielen Dank für Ihre Bestellung. Solletn Sie Fragen zu Ihrem Auftrag oder auch uns haben, so kommen Sie bitte direkt auf uns zu.','',0,0,0,'DE','Remscheid','2941752119','2941752419','Brenner','Gasbrenner','meinbad-guenstiger','ebay-template.html',0,'','',0,'to_qty',-1000,'42853',7,0,1000,'','',0,'Days_14','Buyer',0,'117578629013','117578675013','117578889013'),(7,'Heizthermen','2017-10-10 17:59:31','j','FixedPriceItem',0,0,0,1,'Beschreibung des neuen Ebaysammlers',0,0,1,1,'126215','','RetroStyle',1,1,0,0,0,0,'Germany','Vielen Dank für Ihre Bestellung. Solletn Sie Fragen zu Ihrem Auftrag oder auch uns haben, so kommen Sie bitte direkt auf uns zu.','',0,0,0,'DE','Remscheid','2941752019','2941752519','Heizsysteme','Ölbrenner','meinbad-guenstiger','ebay-template.html',0,'','',0,'to_qty',-1000,'42853',7,0,1000,'','',0,'Days_14','Buyer',0,'117578629013','117578675013','117578889013'),(8,'Ölbrenner','2017-10-17 17:44:46','j','FixedPriceItem',0,0,0,1,'Beschreibung des neuen Ebaysammlers',0,0,1,1,'126202','','RetroStyle',1,1,0,0,0,0,'Germany','Vielen Dank für Ihre Bestellung. Solletn Sie Fragen zu Ihrem Auftrag oder auch uns haben, so kommen Sie bitte direkt auf uns zu.','',0,0,0,'DE','Remscheid','2941752119','2941752519','Brenner','Ölbrenner','meinbad-guenstiger','ebay-template.html',0,'','',0,'to_qty',-1000,'42853',7,0,1000,'','',0,'Days_14','Buyer',0,'117578629013','117578675013','117578889013'),(9,'Smart Home','2017-10-19 18:10:47','j','FixedPriceItem',0,0,0,1,'Beschreibung des neuen Ebaysammlers',0,0,1,1,'84188','12956','RetroStyle',1,1,0,0,0,0,'Germany','Vielen Dank für Ihre Bestellung. Solletn Sie Fragen zu Ihrem Auftrag oder auch uns haben, so kommen Sie bitte direkt auf uns zu.','',0,0,0,'DE','Remscheid','2941752219','','Smart Home','','meinbad-guenstiger','ebay-template.html',0,'','',0,'to_qty',-1000,'42853',7,0,1000,'','',0,'Days_14','Buyer',0,'117578629013','117578675013','117578889013'),(10,'Badkeramik','2017-11-01 20:52:34','j','FixedPriceItem',0,0,0,1,'Beschreibung des neuen Ebaysammlers',0,0,1,1,'124971','','RetroStyle',1,1,0,0,0,0,'Germany','Vielen Dank für Ihre Bestellung. Solletn Sie Fragen zu Ihrem Auftrag oder auch uns haben, so kommen Sie bitte direkt auf uns zu.','',0,0,0,'DE','Remscheid','2960497119','','Badkeramik','','meinbad-guenstiger','ebay-template.html',0,'','',0,'to_qty',-1000,'42853',7,0,1000,'','',0,'Days_14','Buyer',1,'117578629013','117578675013','117578889013'),(11,'Badewannen','2017-11-03 21:15:17','j','FixedPriceItem',0,0,0,1,'Beschreibung des neuen Ebaysammlers',0,0,1,1,'124971','','RetroStyle',1,1,0,0,0,0,'Germany','Vielen Dank für Ihre Bestellung. Solletn Sie Fragen zu Ihrem Auftrag oder auch uns haben, so kommen Sie bitte direkt auf uns zu.','',0,0,0,'DE','Remscheid','2960501219','','Badewannen','','meinbad-guenstiger','ebay-template.html',0,'','',0,'to_qty',-1000,'42853',7,0,1000,'','',0,'Days_14','Buyer',0,'117578629013','117578675013','117578889013'),(12,'COPY OF Badewannen','2017-11-03 21:15:59','j','FixedPriceItem',0,0,0,2,'Beschreibung des neuen Ebaysammlers',0,0,1,1,'124971','','RetroStyle',1,1,0,0,0,0,'Germany','Vielen Dank für Ihre Bestellung. Solletn Sie Fragen zu Ihrem Auftrag oder auch uns haben, so kommen Sie bitte direkt auf uns zu.','',0,0,0,'DE','Remscheid','2960501219','','Badewannen','','meinbad-guenstiger','ebay-template.html',0,'','',0,'to_qty',-1000,'42853',7,0,1000,'','',0,'Days_14','Buyer',0,'117578629013','117578675013','117578889013'),(14,'Badmöbel','2017-11-03 21:16:55','j','FixedPriceItem',0,0,0,1,'Beschreibung des neuen Ebaysammlers',0,0,1,1,'124971','','RetroStyle',1,1,0,0,0,0,'Germany','Vielen Dank für Ihre Bestellung. Solletn Sie Fragen zu Ihrem Auftrag oder auch uns haben, so kommen Sie bitte direkt auf uns zu.','',0,0,0,'DE','Remscheid','2960501319','','Badmöbel','','meinbad-guenstiger','ebay-template.html',0,'','',0,'to_qty',-1000,'42853',7,0,1000,'','',0,'Days_14','Buyer',0,'117578629013','117578675013','117578889013'),(15,'Badarmaturen','2017-11-03 21:17:56','j','FixedPriceItem',0,0,0,1,'Beschreibung des neuen Ebaysammlers',0,0,1,1,'124971','','RetroStyle',1,1,0,0,0,0,'Germany','Vielen Dank für Ihre Bestellung. Solletn Sie Fragen zu Ihrem Auftrag oder auch uns haben, so kommen Sie bitte direkt auf uns zu.','',0,0,0,'DE','Remscheid','2960501519','','Badarmaturen','','meinbad-guenstiger','ebay-template.html',0,'','',0,'to_qty',-1000,'42853',7,0,1000,'','',0,'Days_14','Buyer',0,'117578629013','117578675013','117578889013'),(16,'Assessoires','2017-11-08 10:43:03','j','FixedPriceItem',0,0,0,1,'Beschreibung des neuen Ebaysammlers',0,0,1,1,'124971','','RetroStyle',1,1,0,0,0,0,'Germany','Vielen Dank für Ihre Bestellung. Solletn Sie Fragen zu Ihrem Auftrag oder auch uns haben, so kommen Sie bitte direkt auf uns zu.','',0,0,0,'DE','Remscheid','2965633219','','Assessoires','','meinbad-guenstiger','ebay-template.html',0,'','',0,'to_qty',-1000,'42853',7,0,1000,'','',0,'Days_14','Buyer',0,'117578629013','117578675013','117578889013');

--
-- Table structure for table `ebay_sammler_characteristics`
--

CREATE TABLE `ebay_sammler_characteristics` (
  `ebay_sammler_characteristics_id` int(11) NOT NULL AUTO_INCREMENT,
  `ebay_sammler_id` int(11) NOT NULL DEFAULT '0',
  `category_number` tinyint(4) NOT NULL DEFAULT '0',
  `attribute_set_id` int(11) NOT NULL DEFAULT '0',
  `attribute_type` varchar(8) CHARACTER SET latin1 COLLATE latin1_german2_ci NOT NULL DEFAULT '',
  `attribute_id` int(11) NOT NULL DEFAULT '0',
  `attribute_value` text CHARACTER SET latin1 COLLATE latin1_german2_ci NOT NULL,
  PRIMARY KEY (`ebay_sammler_characteristics_id`),
  KEY `ebay_sammler_id` (`ebay_sammler_id`)
) ENGINE=MyISAM DEFAULT CHARSET=utf8;

--
-- Dumping data for table `ebay_sammler_characteristics`
--


--
-- Table structure for table `ebay_sammler_copy`
--

CREATE TABLE `ebay_sammler_copy` (
  `ebay_sammler_copy_id` int(11) NOT NULL AUTO_INCREMENT,
  `ebay_sammler_id` int(11) DEFAULT NULL,
  `type` int(1) NOT NULL DEFAULT '0',
  `duration` int(1) NOT NULL DEFAULT '0',
  `boldTitle` int(1) NOT NULL DEFAULT '0',
  `highlight` int(1) NOT NULL DEFAULT '0',
  `quantity` int(1) NOT NULL DEFAULT '0',
  `featured` int(1) NOT NULL DEFAULT '0',
  `galleryFeatured` int(1) NOT NULL DEFAULT '0',
  `galleryFeaturedDuration` int(1) NOT NULL,
  `gallery` int(1) NOT NULL DEFAULT '0',
  `category` int(1) NOT NULL DEFAULT '0',
  `category2` int(1) NOT NULL DEFAULT '0',
  `counter` int(1) NOT NULL DEFAULT '0',
  `vat` int(1) NOT NULL DEFAULT '0',
  `geldzurueck` int(1) NOT NULL DEFAULT '0',
  `sofortneu` int(1) NOT NULL DEFAULT '0',
  `new` int(1) NOT NULL DEFAULT '0',
  `border` int(1) NOT NULL DEFAULT '0',
  `homepagefeatured` int(1) NOT NULL DEFAULT '0',
  `site` int(1) NOT NULL DEFAULT '0',
  `paymentinstructions` int(1) NOT NULL DEFAULT '0',
  `payments` int(1) NOT NULL DEFAULT '0',
  `subtitletext` varchar(55) CHARACTER SET latin1 COLLATE latin1_general_ci NOT NULL DEFAULT '',
  `shippingmethods` int(1) NOT NULL DEFAULT '0',
  `gallery_plus` int(1) NOT NULL DEFAULT '0',
  `bestoffer` int(1) NOT NULL DEFAULT '0',
  `bestoffer_price` float NOT NULL DEFAULT '0',
  `country` char(2) CHARACTER SET latin1 COLLATE latin1_general_ci NOT NULL DEFAULT '',
  `location` varchar(45) CHARACTER SET latin1 COLLATE latin1_general_ci NOT NULL DEFAULT '',
  `shopcat` int(1) NOT NULL DEFAULT '0',
  `shopcat2` int(1) NOT NULL DEFAULT '0',
  `user` int(1) NOT NULL DEFAULT '0',
  `template` varchar(255) CHARACTER SET latin1 COLLATE latin1_general_ci NOT NULL DEFAULT '',
  `skype_enabled` int(1) NOT NULL DEFAULT '0',
  `skype_id` varchar(128) CHARACTER SET latin1 COLLATE latin1_general_ci NOT NULL DEFAULT '',
  `skype_contact_option` varchar(16) CHARACTER SET latin1 COLLATE latin1_general_ci NOT NULL DEFAULT '',
  `bestofferautoacceptprice` float NOT NULL DEFAULT '0',
  `characteristics` int(1) NOT NULL DEFAULT '0',
  `revise` int(1) NOT NULL,
  `revise_option` int(1) NOT NULL,
  `itemspecifics` int(1) NOT NULL,
  `postalcode` int(1) NOT NULL,
  `dispatchtimemax` tinyint(4) NOT NULL,
  `automatic_list_no_sell` int(1) NOT NULL,
  `itemcondition` tinyint(1) NOT NULL,
  `itemspecifics_recommendations` int(1) NOT NULL,
  `ShippingDiscountProfileID` varchar(32) NOT NULL,
  `InternationalShippingDiscountProfileID` varchar(32) NOT NULL,
  `reserveprice` float NOT NULL,
  `returnswithincode` varchar(16) NOT NULL,
  `shippingcostpaidby` varchar(32) NOT NULL,
  `ebay_plus` int(1) NOT NULL,
  `seller_profile_payment_id` varchar(32) DEFAULT NULL,
  `seller_profile_return_policy_id` varchar(32) DEFAULT NULL,
  `seller_profile_shipping_id` varchar(32) DEFAULT NULL,
  PRIMARY KEY (`ebay_sammler_copy_id`),
  KEY `ebay_sammler_id` (`ebay_sammler_id`)
) ENGINE=MyISAM AUTO_INCREMENT=89 DEFAULT CHARSET=utf8;

--
-- Dumping data for table `ebay_sammler_copy`
--

INSERT INTO `ebay_sammler_copy` (`ebay_sammler_copy_id`, `ebay_sammler_id`, `type`, `duration`, `boldTitle`, `highlight`, `quantity`, `featured`, `galleryFeatured`, `galleryFeaturedDuration`, `gallery`, `category`, `category2`, `counter`, `vat`, `geldzurueck`, `sofortneu`, `new`, `border`, `homepagefeatured`, `site`, `paymentinstructions`, `payments`, `subtitletext`, `shippingmethods`, `gallery_plus`, `bestoffer`, `bestoffer_price`, `country`, `location`, `shopcat`, `shopcat2`, `user`, `template`, `skype_enabled`, `skype_id`, `skype_contact_option`, `bestofferautoacceptprice`, `characteristics`, `revise`, `revise_option`, `itemspecifics`, `postalcode`, `dispatchtimemax`, `automatic_list_no_sell`, `itemcondition`, `itemspecifics_recommendations`, `ShippingDiscountProfileID`, `InternationalShippingDiscountProfileID`, `reserveprice`, `returnswithincode`, `shippingcostpaidby`, `ebay_plus`, `seller_profile_payment_id`, `seller_profile_return_policy_id`, `seller_profile_shipping_id`) VALUES (87,6,1,1,0,0,1,0,0,0,1,1,1,0,1,1,0,0,0,0,1,1,1,'',0,0,0,0,'1','1',1,1,1,'1',0,'','',0,0,1,1,0,1,1,0,1,1,'','',0,'1','1',0,'1','1','1'),(88,7,1,1,0,0,1,0,0,0,1,1,1,0,1,1,0,0,0,0,1,1,1,'',0,0,0,0,'1','1',1,0,1,'1',0,'','',0,0,1,1,0,1,1,0,1,1,'','',0,'1','1',0,'1','1','1'),(80,8,1,1,0,0,1,0,0,0,1,1,1,0,1,1,0,0,0,0,1,1,1,'',0,0,0,0,'1','1',1,1,1,'1',0,'','',0,0,1,1,0,1,1,0,1,1,'','',0,'1','1',0,'1','1','1'),(79,9,1,1,0,0,1,0,0,0,1,1,1,0,1,1,0,0,0,0,1,1,1,'',0,0,0,0,'1','1',1,0,1,'1',0,'','',0,0,1,1,0,1,1,0,1,1,'','',0,'1','1',0,'1','1','1'),(76,10,1,1,0,0,1,0,0,0,1,1,1,0,1,1,0,0,0,0,1,1,1,'',0,0,0,0,'1','1',1,0,1,'1',0,'','',0,0,1,1,0,1,1,0,1,1,'','',0,'1','1',0,'1','1','1'),(84,11,1,1,0,0,1,0,0,0,1,1,1,0,1,1,0,0,0,0,1,1,1,'',0,0,0,0,'1','1',1,0,1,'1',0,'','',0,0,1,1,0,1,1,0,1,1,'','',0,'1','1',0,'1','1','1'),(82,12,1,1,0,0,1,0,0,0,1,1,1,0,1,1,0,0,0,0,1,1,1,'',0,0,0,0,'1','1',1,0,1,'1',0,'','',0,0,1,1,0,1,1,0,1,1,'','',0,'1','1',0,'1','1','1'),(83,14,1,1,0,0,1,0,0,0,1,1,1,0,1,1,0,0,0,0,1,1,1,'',0,0,0,0,'1','1',1,0,1,'1',0,'','',0,0,1,1,0,1,1,0,1,1,'','',0,'1','1',0,'1','1','1'),(85,15,1,1,0,0,1,0,0,0,1,1,1,0,1,1,0,0,0,0,1,1,1,'',0,0,0,0,'1','1',1,0,1,'1',0,'','',0,0,1,1,0,1,1,0,1,1,'','',0,'1','1',0,'1','1','1'),(86,16,1,1,0,0,1,0,0,0,1,1,1,0,1,1,0,0,0,0,1,1,1,'',0,0,0,0,'1','1',1,0,1,'1',0,'','',0,0,1,1,0,1,1,0,1,1,'','',0,'1','1',0,'1','1','1'),(75,1,1,1,0,0,0,0,0,0,0,0,0,0,0,0,0,0,0,0,1,0,0,'',0,0,0,0,'1','',0,0,1,'',0,'','',0,0,0,0,0,0,0,0,0,0,'','',0,'','',0,NULL,NULL,NULL);

--
-- Table structure for table `ebay_sammler_itemspecifics`
--

CREATE TABLE `ebay_sammler_itemspecifics` (
  `ebay_sammler_itemspecifics_id` int(11) NOT NULL AUTO_INCREMENT,
  `ebay_sammler_id` int(11) NOT NULL,
  `is_name` varchar(64) NOT NULL,
  `is_value` varchar(255) NOT NULL,
  PRIMARY KEY (`ebay_sammler_itemspecifics_id`),
  KEY `ebay_sammler_id` (`ebay_sammler_id`)
) ENGINE=MyISAM AUTO_INCREMENT=8 DEFAULT CHARSET=utf8;

--
-- Dumping data for table `ebay_sammler_itemspecifics`
--


--
-- Table structure for table `ebay_sammler_itemspecifics_recommendations`
--

CREATE TABLE `ebay_sammler_itemspecifics_recommendations` (
  `ebay_sammler_itemspecifics_recommendations_id` int(11) NOT NULL AUTO_INCREMENT,
  `ebay_sammler_id` int(11) NOT NULL,
  `is_name` varchar(255) NOT NULL,
  `is_value` varchar(255) NOT NULL,
  PRIMARY KEY (`ebay_sammler_itemspecifics_recommendations_id`),
  KEY `ebay_sammler_id` (`ebay_sammler_id`)
) ENGINE=MyISAM AUTO_INCREMENT=37 DEFAULT CHARSET=utf8;

--
-- Dumping data for table `ebay_sammler_itemspecifics_recommendations`
--

INSERT INTO `ebay_sammler_itemspecifics_recommendations` (`ebay_sammler_itemspecifics_recommendations_id`, `ebay_sammler_id`, `is_name`, `is_value`) VALUES (17,6,'Maßeinheit',''),(16,6,'Anzahl der Einheiten',''),(15,6,'Angebotspaket',''),(14,6,'max. Wärmeleistung (KW)',''),(13,6,'Betriebsform',''),(12,6,'Herstellernummer',''),(11,6,'Typ','Brenner'),(10,6,'Marke','Weishaupt'),(18,6,'Herstellungsland und -region','Deutschland'),(19,7,'Angebotspaket',''),(20,7,'Anzahl der Einheiten',''),(21,7,'Betriebsform',''),(22,7,'Herstellernummer',''),(23,7,'Herstellungsland und -region','Deutschland'),(24,7,'Marke','Weishaupt'),(25,7,'Maßeinheit',''),(26,7,'max. Wärmeleistung (KW)',''),(27,7,'Typ','Brenner'),(28,8,'Angebotspaket',''),(29,8,'Anzahl der Einheiten',''),(30,8,'Betriebsform',''),(31,8,'Herstellernummer',''),(32,8,'Herstellungsland und -region','Deutschland'),(33,8,'Marke','Weishaupt'),(34,8,'Maßeinheit',''),(35,8,'max. Wärmeleistung (KW)',''),(36,8,'Typ','Brenner');

--
-- Table structure for table `ebay_sammler_payments`
--

CREATE TABLE `ebay_sammler_payments` (
  `ebay_sammler_payments_id` int(11) NOT NULL AUTO_INCREMENT,
  `ebay_sammler_id` int(11) NOT NULL DEFAULT '0',
  `payment` varchar(128) CHARACTER SET latin1 COLLATE latin1_general_ci NOT NULL DEFAULT '',
  PRIMARY KEY (`ebay_sammler_payments_id`),
  KEY `ebay_sammler_id` (`ebay_sammler_id`)
) ENGINE=MyISAM AUTO_INCREMENT=237 DEFAULT CHARSET=utf8;

--
-- Dumping data for table `ebay_sammler_payments`
--

INSERT INTO `ebay_sammler_payments` (`ebay_sammler_payments_id`, `ebay_sammler_id`, `payment`) VALUES (236,7,'CashOnPickup'),(209,9,'CashOnPickup'),(212,8,'CashOnPickup'),(211,8,'PayPal'),(210,8,'MoneyXferAcceptedInCheckout'),(208,9,'PayPal'),(207,9,'MoneyXferAcceptedInCheckout'),(235,7,'PayPal'),(231,6,'MoneyXferAcceptedInCheckout'),(224,11,'CashOnPickup'),(199,10,'PayPal'),(223,11,'PayPal'),(222,11,'MoneyXferAcceptedInCheckout'),(218,12,'CashOnPickup'),(217,12,'PayPal'),(216,12,'MoneyXferAcceptedInCheckout'),(221,14,'CashOnPickup'),(220,14,'PayPal'),(219,14,'MoneyXferAcceptedInCheckout'),(227,15,'CashOnPickup'),(226,15,'PayPal'),(225,15,'MoneyXferAcceptedInCheckout'),(230,16,'CashOnPickup'),(229,16,'PayPal'),(228,16,'MoneyXferAcceptedInCheckout'),(198,10,'MoneyXferAcceptedInCheckout'),(200,10,'CashOnPickup'),(234,7,'MoneyXferAcceptedInCheckout'),(232,6,'PayPal'),(233,6,'CashOnPickup');

--
-- Table structure for table `ebay_sammler_shippings`
--

CREATE TABLE `ebay_sammler_shippings` (
  `ebay_sammler_shippings_id` int(11) NOT NULL AUTO_INCREMENT,
  `ebay_sammler_id` int(11) NOT NULL DEFAULT '0',
  `shippingtype` enum('international','national') CHARACTER SET latin1 COLLATE latin1_general_ci NOT NULL DEFAULT 'national',
  `ShippingService` varchar(255) CHARACTER SET latin1 COLLATE latin1_general_ci NOT NULL DEFAULT '',
  `ShippingServiceAdditionalCost` float NOT NULL DEFAULT '0',
  `ShippingServiceCost` float NOT NULL DEFAULT '0',
  `ShippingServicePriority` int(11) NOT NULL DEFAULT '0',
  `shipsWithinDays` int(11) NOT NULL DEFAULT '0',
  PRIMARY KEY (`ebay_sammler_shippings_id`),
  KEY `ebay_sammler_id` (`ebay_sammler_id`)
) ENGINE=MyISAM AUTO_INCREMENT=4 DEFAULT CHARSET=utf8;

--
-- Dumping data for table `ebay_sammler_shippings`
--


--
-- Table structure for table `ebay_sammler_shippings_locations`
--

CREATE TABLE `ebay_sammler_shippings_locations` (
  `ebay_sammler_shippings_locations_id` int(11) NOT NULL AUTO_INCREMENT,
  `ebay_sammler_shippings_id` int(11) NOT NULL DEFAULT '0',
  `location` varchar(255) CHARACTER SET latin1 COLLATE latin1_general_ci NOT NULL DEFAULT '',
  PRIMARY KEY (`ebay_sammler_shippings_locations_id`),
  KEY `ebay_sammler_shippings_id` (`ebay_sammler_shippings_id`)
) ENGINE=MyISAM DEFAULT CHARSET=utf8;

--
-- Dumping data for table `ebay_sammler_shippings_locations`
--


--
-- Table structure for table `ebay_seller_profiles`
--

CREATE TABLE `ebay_seller_profiles` (
  `ebay_seller_profiles_id` int(11) NOT NULL AUTO_INCREMENT,
  `ebay_user` varchar(64) NOT NULL,
  `ProfileType` varchar(16) NOT NULL,
  `ProfileID` varchar(32) NOT NULL,
  `ProfileName` varchar(64) NOT NULL,
  `ShortSummary` text NOT NULL,
  PRIMARY KEY (`ebay_seller_profiles_id`)
) ENGINE=MyISAM AUTO_INCREMENT=4 DEFAULT CHARSET=utf8;

--
-- Dumping data for table `ebay_seller_profiles`
--

INSERT INTO `ebay_seller_profiles` (`ebay_seller_profiles_id`, `ebay_user`, `ProfileType`, `ProfileID`, `ProfileName`, `ShortSummary`) VALUES (1,'meinbad-guenstiger','PAYMENT','117578629013','Zahlungsbedingungen Standard',''),(2,'meinbad-guenstiger','RETURN_POLICY','117578675013','Rücknahmebedingungen 14 Tage Standard',''),(3,'meinbad-guenstiger','SHIPPING','117578889013','Versandbedingungen Frei Haus Sped. Standard','');

--
-- Table structure for table `ebay_shippingmethods`
--

CREATE TABLE `ebay_shippingmethods` (
  `ebay_shippingmethods_id` int(11) NOT NULL DEFAULT '0',
  `shippingmethod` varchar(128) CHARACTER SET latin1 COLLATE latin1_general_ci NOT NULL DEFAULT '',
  `source` enum('national','international') CHARACTER SET latin1 COLLATE latin1_general_ci NOT NULL DEFAULT 'national',
  `title` varchar(255) NOT NULL,
  `site` int(11) NOT NULL
) ENGINE=MyISAM DEFAULT CHARSET=utf8;

--
-- Dumping data for table `ebay_shippingmethods`
--

INSERT INTO `ebay_shippingmethods` (`ebay_shippingmethods_id`, `shippingmethod`, `source`, `title`, `site`) VALUES (0,'DE_SonstigerVersandInternational','international','',77),(0,'DE_VersicherterVersandInternational','international','',77),(0,'DE_UnversicherterVersandInternational','international','',77),(0,'DE_DHLPaket','national','',77),(0,'DE_DPBuecherWarensendung','national','',77),(0,'DE_Express','national','',77),(0,'DE_SpecialDelivery','national','',77);

--
-- Table structure for table `ebay_shippingoptions`
--

CREATE TABLE `ebay_shippingoptions` (
  `id` varchar(32) CHARACTER SET latin1 COLLATE latin1_general_ci NOT NULL DEFAULT '0',
  `shippingoption_name` varchar(64) CHARACTER SET latin1 COLLATE latin1_general_ci NOT NULL DEFAULT '',
  PRIMARY KEY (`id`)
) ENGINE=MyISAM DEFAULT CHARSET=utf8;

--
-- Dumping data for table `ebay_shippingoptions`
--

INSERT INTO `ebay_shippingoptions` (`id`, `shippingoption_name`) VALUES ('SiteOnly','Nur im Verkaufsland'),('WorldWide','Weltweit'),('SitePlusRegions','Europaweit'),('WillNotShip','Kein Versand');

--
-- Table structure for table `ebay_sitecodes`
--

CREATE TABLE `ebay_sitecodes` (
  `ebay_sitecodes_id` int(11) NOT NULL AUTO_INCREMENT,
  `site_id` varchar(64) CHARACTER SET latin1 COLLATE latin1_general_ci NOT NULL DEFAULT '',
  PRIMARY KEY (`ebay_sitecodes_id`)
) ENGINE=MyISAM AUTO_INCREMENT=24 DEFAULT CHARSET=utf8;

--
-- Dumping data for table `ebay_sitecodes`
--

INSERT INTO `ebay_sitecodes` (`ebay_sitecodes_id`, `site_id`) VALUES (1,'US'),(2,'UK'),(3,'Germany'),(4,'Spain'),(5,'Canada'),(6,'Australia'),(7,'Austria'),(8,'Belgium_French'),(9,'France'),(10,'Italy'),(11,'Belgium_Dutch'),(12,'Netherlands'),(13,'Switzerland'),(14,'Taiwan'),(15,'HongKong'),(16,'Singapore'),(17,'India'),(18,'China'),(19,'Ireland'),(20,'Malaysia'),(21,'Philippines'),(22,'Poland'),(23,'Sweden');

--
-- Table structure for table `ebay_sites`
--

CREATE TABLE `ebay_sites` (
  `id` int(2) NOT NULL DEFAULT '0',
  `site_name` varchar(32) CHARACTER SET latin1 COLLATE latin1_general_ci NOT NULL DEFAULT '',
  `site_id` char(3) CHARACTER SET latin1 COLLATE latin1_general_ci NOT NULL DEFAULT ''
) ENGINE=MyISAM DEFAULT CHARSET=utf8;

--
-- Dumping data for table `ebay_sites`
--

INSERT INTO `ebay_sites` (`id`, `site_name`, `site_id`) VALUES (0,'US',''),(16,'Austria',''),(77,'Germany',''),(146,'Netherlands',''),(193,'Switzerland',''),(186,'Spain',''),(71,'France',''),(3,'UK','');

--
-- Table structure for table `ebay_template_excludes`
--

CREATE TABLE `ebay_template_excludes` (
  `id` int(11) NOT NULL AUTO_INCREMENT,
  `ebay_products_id` int(11) NOT NULL DEFAULT '0',
  `pic` varchar(100) CHARACTER SET latin1 COLLATE latin1_general_ci NOT NULL DEFAULT '',
  PRIMARY KEY (`id`),
  KEY `ebay_products_id` (`ebay_products_id`)
) ENGINE=MyISAM DEFAULT CHARSET=utf8;

--
-- Dumping data for table `ebay_template_excludes`
--


--
-- Table structure for table `ebay_textitems`
--

CREATE TABLE `ebay_textitems` (
  `id` int(11) NOT NULL AUTO_INCREMENT,
  `text` text CHARACTER SET latin1 COLLATE latin1_general_ci NOT NULL,
  `class` varchar(32) CHARACTER SET latin1 COLLATE latin1_general_ci NOT NULL DEFAULT '0',
  `module` varchar(32) CHARACTER SET latin1 COLLATE latin1_general_ci NOT NULL DEFAULT '',
  `value` varchar(64) CHARACTER SET latin1 COLLATE latin1_general_ci NOT NULL DEFAULT '',
  `subject` varchar(64) NOT NULL,
  `sort_order` tinyint(4) NOT NULL,
  `date_added` datetime NOT NULL,
  PRIMARY KEY (`id`)
) ENGINE=MyISAM AUTO_INCREMENT=10 DEFAULT CHARSET=utf8;

--
-- Dumping data for table `ebay_textitems`
--

INSERT INTO `ebay_textitems` (`id`, `text`, `class`, `module`, `value`, `subject`, `sort_order`, `date_added`) VALUES (1,'Vielen Dank - Sehr gerne wieder','Bewertung 1)','feedback','positive','',0,'0000-00-00 00:00:00'),(2,'Vielen Dank - Sehr gerne wieder','Bewertung 2)','feedback','positive','',0,'0000-00-00 00:00:00'),(3,'Vielen Dank - Sehr gerne wieder','Bewertung 3)','feedback','positive','',0,'0000-00-00 00:00:00'),(4,'Vielen Dank - Sehr gerne wieder','Bewertung 4)','feedback','positive','',0,'0000-00-00 00:00:00'),(5,'Vielen Dank - Sehr gerne wieder','Bewertung 5)','feedback','positive','',0,'0000-00-00 00:00:00'),(6,'Vielen Dank - Sehr gerne wieder','Bewertung 6)','feedback','positive','',0,'0000-00-00 00:00:00'),(7,'KAUFABWICKLUNG:\r\nSie erhalten VON UNS direkt nach Ihrem Kauf eine Kaufbestätigungs-Email mit Ihren Zugangsdaten zu unserer Kaufabwicklung. Dort können Sie in 4 einfachen Schritten Ihre Adressdaten kontrollieren und auch ändern und auch die Zahlart auswählen. Nur wenn Sie unsere Kaufabwicklung benutzen ist eine schnelle und reibungslose Abwicklung möglich.','Ebay - Versandhinweis','mail','positive','',0,'0000-00-00 00:00:00'),(8,'Das ist ein Textbaustein f&#252;r den Statuskommentar in den Auftr&#228;gen','Statuskommentar Auftrag','orders_status_comment','positive','',1,'2015-03-09 15:01:48'),(9,'Das ist ein Standardkommentar f&#252;r die Retouren-R&#252;ckbuchung','Standardkommentar Retoure','retoure','positive','',2,'2015-03-09 15:02:37');

--
-- Table structure for table `ebay_textitems_user`
--

CREATE TABLE `ebay_textitems_user` (
  `customers_id` int(11) NOT NULL DEFAULT '0',
  `ebay_textitems_id` int(11) NOT NULL DEFAULT '0',
  KEY `customers_id` (`customers_id`),
  KEY `ebay_textitems_id` (`ebay_textitems_id`)
) ENGINE=MyISAM DEFAULT CHARSET=utf8;

--
-- Dumping data for table `ebay_textitems_user`
--


--
-- Table structure for table `ebay_timingdelays`
--

CREATE TABLE `ebay_timingdelays` (
  `timing_delay_id` int(11) NOT NULL AUTO_INCREMENT,
  `timing_delay_value` int(11) NOT NULL DEFAULT '0',
  PRIMARY KEY (`timing_delay_id`)
) ENGINE=MyISAM AUTO_INCREMENT=24 DEFAULT CHARSET=utf8;

--
-- Dumping data for table `ebay_timingdelays`
--

INSERT INTO `ebay_timingdelays` (`timing_delay_id`, `timing_delay_value`) VALUES (1,5),(2,10),(3,15),(4,20),(5,25),(6,30),(7,35),(8,40),(9,45),(10,60),(11,90),(12,180),(13,120),(14,240),(15,150),(16,210),(17,50),(18,105),(19,75),(20,1440),(21,57),(22,64),(23,69);

--
-- Table structure for table `ebay_transactions`
--

CREATE TABLE `ebay_transactions` (
  `id` int(11) NOT NULL AUTO_INCREMENT,
  `transactionid` varchar(32) CHARACTER SET latin1 COLLATE latin1_general_ci NOT NULL DEFAULT '',
  `ebayid` varchar(20) CHARACTER SET latin1 COLLATE latin1_general_ci NOT NULL DEFAULT '',
  `products_id` int(11) NOT NULL DEFAULT '0',
  `orders_id` int(11) NOT NULL DEFAULT '0',
  `email` varchar(128) CHARACTER SET latin1 COLLATE latin1_general_ci NOT NULL DEFAULT '',
  `fullname` varchar(128) CHARACTER SET latin1 COLLATE latin1_general_ci NOT NULL DEFAULT '',
  `street1` varchar(128) CHARACTER SET latin1 COLLATE latin1_general_ci NOT NULL DEFAULT '',
  `street2` varchar(128) CHARACTER SET latin1 COLLATE latin1_general_ci NOT NULL DEFAULT '',
  `zip` varchar(10) CHARACTER SET latin1 COLLATE latin1_general_ci NOT NULL DEFAULT '',
  `city` varchar(128) CHARACTER SET latin1 COLLATE latin1_general_ci NOT NULL DEFAULT '',
  `userid` varchar(128) CHARACTER SET latin1 COLLATE latin1_general_ci NOT NULL DEFAULT '',
  `paymentmethod` tinyint(4) NOT NULL DEFAULT '0',
  `additionalshippingcosts` decimal(15,4) DEFAULT NULL,
  `shippinghandlingcosts` decimal(15,4) DEFAULT NULL,
  `insurancefee` decimal(15,4) DEFAULT NULL,
  `insurancetotal` decimal(15,4) DEFAULT NULL,
  `shippingtype` tinyint(4) NOT NULL DEFAULT '0',
  `amountpaid` decimal(15,4) NOT NULL DEFAULT '0.0000',
  `quantitypurchased` int(11) NOT NULL DEFAULT '0',
  `transactionprice` decimal(15,4) NOT NULL DEFAULT '0.0000',
  `transactiondate` datetime DEFAULT '0000-00-00 00:00:00',
  `incomplete_state` int(2) NOT NULL DEFAULT '0',
  `statusis` int(2) NOT NULL DEFAULT '0',
  `STATUS` tinyint(4) NOT NULL DEFAULT '0',
  `vat` float NOT NULL DEFAULT '0',
  `geldzurueck` int(1) NOT NULL DEFAULT '0',
  `sofortneu` int(1) NOT NULL DEFAULT '0',
  `new` int(1) NOT NULL DEFAULT '0',
  `site` varchar(16) CHARACTER SET latin1 COLLATE latin1_general_ci NOT NULL DEFAULT '',
  `currency_value` float DEFAULT NULL,
  `external_payment_status` int(1) NOT NULL DEFAULT '0',
  `shipped` tinyint(1) NOT NULL,
  `seller` varchar(64) NOT NULL,
  `soap_processed` tinyint(1) NOT NULL,
  `checkoutstatus` varchar(32) NOT NULL,
  `checkoutmessage_saved` int(1) NOT NULL,
  PRIMARY KEY (`id`),
  KEY `ebayid` (`ebayid`),
  KEY `products_id` (`products_id`),
  KEY `transactiondate` (`transactiondate`),
  KEY `orders_id` (`orders_id`)
) ENGINE=MyISAM AUTO_INCREMENT=18 DEFAULT CHARSET=utf8;

--
-- Dumping data for table `ebay_transactions`
--

INSERT INTO `ebay_transactions` (`id`, `transactionid`, `ebayid`, `products_id`, `orders_id`, `email`, `fullname`, `street1`, `street2`, `zip`, `city`, `userid`, `paymentmethod`, `additionalshippingcosts`, `shippinghandlingcosts`, `insurancefee`, `insurancetotal`, `shippingtype`, `amountpaid`, `quantitypurchased`, `transactionprice`, `transactiondate`, `incomplete_state`, `statusis`, `STATUS`, `vat`, `geldzurueck`, `sofortneu`, `new`, `site`, `currency_value`, `external_payment_status`, `shipped`, `seller`, `soap_processed`, `checkoutstatus`, `checkoutmessage_saved`) VALUES (1,'1786839315007','172970434696',412,5000,'volleyballulli@hotmail.de','Marco Uhlmann','Wertachbrucker-Tor-Straße 3a','','86152','Augsburg','volleyballulli',0,NULL,0.0000,NULL,NULL,0,70.8100,1,70.8100,'2017-12-04 22:44:50',0,0,1,0,0,0,0,'Germany',1,0,2,'meinbad-guenstiger',0,'CheckoutComplete',0),(2,'1787588257007','172970371576',352,5001,'carolinschulzneundorf@gmail.com','Carolin Schulz','Wiesenweg 4','','96479','Weitramsdorf','carollbaby2012',0,NULL,0.0000,NULL,NULL,0,67.8300,1,67.8300,'2017-12-06 10:58:13',0,0,1,0,0,0,0,'Germany',1,0,2,'meinbad-guenstiger',0,'CheckoutComplete',0),(3,'1795049950007','173027816653',195,5002,'u.neddermann@yahoo.de','UWE Neddermann','Langewand 1C','','27211','Bassum','meinlaptop',0,NULL,0.0000,NULL,NULL,0,59.9900,1,59.9900,'2017-12-21 15:14:30',0,0,1,0,0,0,0,'Germany',1,0,2,'meinbad-guenstiger',0,'CheckoutComplete',0),(4,'1799503171007','173027817897',226,5003,'mail@ralf-poelmann.de','Ralf Poelmann','Unter den Eichen 7a','','26817','Rhauderfehn','ralf.p',0,NULL,0.0000,NULL,NULL,0,44.4900,1,44.4900,'2018-01-03 18:44:24',0,0,1,0,0,0,0,'Germany',1,0,2,'meinbad-guenstiger',0,'CheckoutComplete',0),(5,'1812018054007','173027661398',413,5005,'guido.brabender@web.de','Guido Brabender','Gräfenhohner Str. 23','','53639','Königswinter','brabi_gb-racing',0,NULL,0.0000,NULL,NULL,0,64.6200,1,64.6200,'2018-01-31 17:42:06',0,0,1,0,0,0,0,'Germany',1,0,2,'meinbad-guenstiger',0,'CheckoutComplete',0),(6,'1816385179007','173027780835',265,5006,'weber@kfz-oes.de','Hans Jürgen Weber','Auf der Oes 4','','35510','Butzbach','weber482013',0,NULL,0.0000,NULL,NULL,0,44.0300,1,44.0300,'2018-02-10 14:18:10',0,0,1,0,0,0,0,'Germany',1,0,2,'meinbad-guenstiger',0,'CheckoutComplete',0),(7,'1836053033007','173027816750',198,5007,'rolf.neu2@freenet.de','Rolf Neumann','Rotdornallee 16A','','14656','Brieselang','neuro64',0,NULL,0.0000,NULL,NULL,0,24.9900,1,24.9900,'2018-03-25 08:23:26',0,0,1,0,0,0,0,'Germany',1,0,2,'meinbad-guenstiger',0,'CheckoutComplete',0),(8,'1841742804007','173027780577',354,5008,'hannesmetzger@gmx.de','Johannes Metzger','Am Sandberg 3','','53757','Sankt Augustin','fredvinzenz',0,NULL,0.0000,NULL,NULL,0,20.7100,1,20.7100,'2018-04-07 00:19:35',0,0,1,0,0,0,0,'Germany',1,0,2,'meinbad-guenstiger',0,'CheckoutComplete',0),(9,'1868694839007','173027816275',182,5011,'tkx2@pfs11.de','Tim Körner','Paula-Fürst-Str. 11','','10317','Berlin','tkxti_k_wb1wfstqkx',0,NULL,0.0000,NULL,NULL,0,69.9900,1,69.9900,'2018-06-07 22:38:12',0,0,1,0,0,0,0,'Germany',1,0,2,'meinbad-guenstiger',0,'CheckoutComplete',0),(10,'1868694837007','173027817681',221,5012,'tkx2@pfs11.de','Tim Körner','Paula-Fürst-Str. 11','','10317','Berlin','tkxti_k_wb1wfstqkx',0,NULL,0.0000,NULL,NULL,0,29.9900,1,29.9900,'2018-06-07 22:38:13',0,0,1,0,0,0,0,'Germany',1,0,2,'meinbad-guenstiger',0,'CheckoutComplete',0),(11,'1873642930007','173027778710',267,5013,'rilki@gmx.de','Ilka Rosenthal','Bänschstr. 79','','10247','Berlin','99rosi',0,NULL,0.0000,NULL,NULL,0,17.8500,1,17.8500,'2018-06-19 16:38:16',0,0,1,0,0,0,0,'Germany',1,0,2,'meinbad-guenstiger',0,'CheckoutComplete',0),(12,'1880990192007','173027664608',270,5014,'ch.boehme@gmx.net','Christian Böhme','Thomas- Mann-Str. 2','','31707','Bad Eilsen','croscris',0,NULL,0.0000,NULL,NULL,0,86.7500,1,86.7500,'2018-07-07 14:37:42',0,0,1,0,0,0,0,'Germany',1,0,2,'meinbad-guenstiger',0,'CheckoutComplete',0),(13,'1894179115007','173027803669',387,5019,'b-hanne@t-online.de','Beatrice Blumenroth','Peter-Klein-Str.27','','53117','Bonn','bbhabl_6suphu',0,NULL,0.0000,NULL,NULL,0,440.3000,1,440.3000,'2018-08-08 14:37:21',0,0,1,0,0,0,0,'Germany',1,0,2,'meinbad-guenstiger',0,'CheckoutComplete',0),(14,'1911745288007','173027817655',220,5021,'info+ebay@dasdomaindepot.de','Alexander Reiß','Rudolf-Harbig-Str 18','','42477','Radevormwald','alex-5398',0,NULL,0.0000,NULL,NULL,0,55.9900,1,55.9900,'2018-09-20 11:37:49',0,0,1,0,0,0,0,'Germany',1,0,0,'meinbad-guenstiger',0,'CheckoutComplete',0),(15,'1932348762007','173027778332',368,5022,'impress27@icloud.com','Andreas Hartmann','Grundweg 19','','36043','Fulda','flakabwehrkommando',0,NULL,0.0000,NULL,NULL,0,7.9700,1,7.9700,'2018-11-07 19:11:10',0,0,1,0,0,0,0,'Germany',1,0,0,'meinbad-guenstiger',0,'CheckoutComplete',0),(16,'1939330938007','173027803358',390,5023,'impress27@icloud.com','Andreas Hartmann','Grundweg 19','','36043','Fulda','flakabwehrkommando',0,NULL,0.0000,NULL,NULL,0,560.4900,1,560.4900,'2018-11-23 09:08:39',0,0,1,0,0,0,0,'Germany',1,0,0,'meinbad-guenstiger',0,'CheckoutComplete',0),(17,'1944417021007','173027778800',242,5025,'thandor358@web.de','Jens Paul Rommelfanger','Poststraße 4','','54314','Zerf','palerider87',0,NULL,0.0000,NULL,NULL,0,39.1500,1,39.1500,'2018-12-03 10:37:20',0,0,1,0,0,0,0,'Germany',1,0,2,'meinbad-guenstiger',0,'CheckoutComplete',0);

--
-- Table structure for table `ebay_uuid`
--

CREATE TABLE `ebay_uuid` (
  `UUID` int(11) NOT NULL AUTO_INCREMENT,
  PRIMARY KEY (`UUID`)
) ENGINE=MyISAM AUTO_INCREMENT=483 DEFAULT CHARSET=utf8;

--
-- Dumping data for table `ebay_uuid`
--

INSERT INTO `ebay_uuid` (`UUID`) VALUES (482);

--
-- Table structure for table `ebay_variations`
--

CREATE TABLE `ebay_variations` (
  `ebay_variations_id` int(11) NOT NULL AUTO_INCREMENT,
  `quantity` int(2) NOT NULL,
  `sku` varchar(64) DEFAULT NULL,
  `startprice` float NOT NULL,
  `ebay_variations_sets_id` int(11) NOT NULL,
  `products_id` int(11) NOT NULL,
  `sort_order` tinyint(4) DEFAULT NULL,
  `ean` varchar(16) DEFAULT NULL,
  `isbn` varchar(16) DEFAULT NULL,
  PRIMARY KEY (`ebay_variations_id`),
  KEY `ebay_variations_sets_id` (`ebay_variations_sets_id`),
  KEY `products_id` (`products_id`)
) ENGINE=MyISAM DEFAULT CHARSET=utf8;

--
-- Dumping data for table `ebay_variations`
--


--
-- Table structure for table `ebay_variations_pictures`
--

CREATE TABLE `ebay_variations_pictures` (
  `ebay_variations_pictures_id` int(11) NOT NULL AUTO_INCREMENT,
  `VariationSpecificName` varchar(64) NOT NULL,
  `ebay_variations_id` int(11) NOT NULL,
  `ebay_variations_sets_id` int(11) NOT NULL,
  PRIMARY KEY (`ebay_variations_pictures_id`),
  KEY `ebay_variations_id` (`ebay_variations_id`),
  KEY `ebay_variations_sets_id` (`ebay_variations_sets_id`)
) ENGINE=MyISAM DEFAULT CHARSET=utf8;

--
-- Dumping data for table `ebay_variations_pictures`
--


--
-- Table structure for table `ebay_variations_pictures_sets`
--

CREATE TABLE `ebay_variations_pictures_sets` (
  `ebay_variations_pictures_sets_id` int(11) NOT NULL AUTO_INCREMENT,
  `ebay_variations_pictures_id` int(11) NOT NULL,
  `VariationSpecificValue` varchar(64) NOT NULL,
  PRIMARY KEY (`ebay_variations_pictures_sets_id`),
  KEY `ebay_variations_pictures_id` (`ebay_variations_pictures_id`)
) ENGINE=MyISAM DEFAULT CHARSET=utf8;

--
-- Dumping data for table `ebay_variations_pictures_sets`
--


--
-- Table structure for table `ebay_variations_pictures_sets_urls`
--

CREATE TABLE `ebay_variations_pictures_sets_urls` (
  `ebay_variations_pictures_sets_urls_id` int(11) NOT NULL AUTO_INCREMENT,
  `ebay_variations_pictures_sets_id` int(11) NOT NULL,
  `PictureURL` varchar(255) NOT NULL,
  `sort_order` int(1) NOT NULL,
  PRIMARY KEY (`ebay_variations_pictures_sets_urls_id`),
  KEY `ebay_variations_pictures_sets_id` (`ebay_variations_pictures_sets_id`)
) ENGINE=MyISAM DEFAULT CHARSET=utf8;

--
-- Dumping data for table `ebay_variations_pictures_sets_urls`
--


--
-- Table structure for table `ebay_variations_sets`
--

CREATE TABLE `ebay_variations_sets` (
  `ebay_variations_sets_id` int(11) NOT NULL AUTO_INCREMENT,
  `ebay_products_id` int(11) NOT NULL,
  `title` varchar(64) NOT NULL,
  `date_added` datetime NOT NULL,
  `fixed_bug` int(1) NOT NULL COMMENT 'fuer umstellung auf neues variantenset bilder handling - kann raus sobald durchgefuehrt',
  PRIMARY KEY (`ebay_variations_sets_id`),
  KEY `ebay_products_id` (`ebay_products_id`)
) ENGINE=MyISAM DEFAULT CHARSET=utf8;

--
-- Dumping data for table `ebay_variations_sets`
--


--
-- Table structure for table `ebay_variations_variationspecifics`
--

CREATE TABLE `ebay_variations_variationspecifics` (
  `ebay_variations_variationspecifics_id` int(11) NOT NULL AUTO_INCREMENT,
  `ebay_variations_id` int(11) NOT NULL,
  `nvl_name` varchar(64) NOT NULL,
  `nvl_value` varchar(64) NOT NULL,
  PRIMARY KEY (`ebay_variations_variationspecifics_id`),
  KEY `ebay_variations_id` (`ebay_variations_id`)
) ENGINE=MyISAM DEFAULT CHARSET=utf8;

--
-- Dumping data for table `ebay_variations_variationspecifics`
--


--
-- Table structure for table `ebay_variationspecificssets`
--

CREATE TABLE `ebay_variationspecificssets` (
  `ebay_variationspecificssets_id` int(11) NOT NULL AUTO_INCREMENT,
  `nvl_name` varchar(64) NOT NULL,
  `nvl_value` text NOT NULL,
  `ebay_variations_sets_id` int(11) NOT NULL,
  `variations_pictures_base` int(1) DEFAULT NULL,
  PRIMARY KEY (`ebay_variationspecificssets_id`),
  KEY `ebay_variations_sets_id` (`ebay_variations_sets_id`)
) ENGINE=MyISAM DEFAULT CHARSET=utf8;

--
-- Dumping data for table `ebay_variationspecificssets`
--


--
-- Table structure for table `ebay_warning_history`
--

CREATE TABLE `ebay_warning_history` (
  `id` int(11) NOT NULL AUTO_INCREMENT,
  `orders_id` int(11) NOT NULL DEFAULT '0',
  `customers_id` int(11) NOT NULL DEFAULT '0',
  `action` varchar(128) CHARACTER SET latin1 COLLATE latin1_general_ci NOT NULL DEFAULT '',
  `warning_date` datetime NOT NULL DEFAULT '0000-00-00 00:00:00',
  `warning_status` int(1) NOT NULL DEFAULT '0',
  PRIMARY KEY (`id`),
  KEY `orders_id` (`orders_id`),
  KEY `customers_id` (`customers_id`)
) ENGINE=MyISAM AUTO_INCREMENT=26 DEFAULT CHARSET=utf8;

--
-- Dumping data for table `ebay_warning_history`
--

INSERT INTO `ebay_warning_history` (`id`, `orders_id`, `customers_id`, `action`, `warning_date`, `warning_status`) VALUES (1,1,4994,'Automatisch Zahlungserinnerung verschickt','2009-08-15 04:03:01',1),(2,1,4994,'Automatisch 1. Mahnung verschickt','2009-08-21 04:01:39',2),(3,1,4994,'Automatisch 2. Mahnung verschickt','2009-08-26 04:02:00',3),(4,1,0,'Nach 2. Mahnung storniert - Gesamtforderung unter 15, kein RA Export','2009-09-05 04:02:33',4),(5,2,4987,'Automatisch Zahlungserinnerung verschickt','2009-11-21 04:02:02',1),(6,3,4987,'Automatisch Zahlungserinnerung verschickt','2009-11-23 04:01:12',1),(7,4,1,'Automatisch Zahlungserinnerung verschickt','2009-11-24 04:05:53',1),(8,5,1,'Automatisch Zahlungserinnerung verschickt','2009-11-24 04:06:11',1),(9,2,4987,'Automatisch 1. Mahnung verschickt','2009-11-27 04:01:12',2),(10,3,4987,'Automatisch 1. Mahnung verschickt','2009-11-28 04:03:09',2),(11,4,1,'Automatisch 1. Mahnung verschickt','2009-11-30 04:01:31',2),(12,5,1,'Automatisch 1. Mahnung verschickt','2009-11-30 04:01:32',2),(13,6,4987,'Automatisch Zahlungserinnerung verschickt','2009-12-03 04:01:02',1),(14,2,4987,'Automatisch 2. Mahnung verschickt','2009-12-03 04:01:02',3),(15,3,4987,'Automatisch 2. Mahnung verschickt','2009-12-04 04:00:58',3),(16,4,1,'Automatisch 2. Mahnung verschickt','2009-12-05 04:02:18',3),(17,5,1,'Automatisch 2. Mahnung verschickt','2009-12-05 04:02:19',3),(18,7,4987,'Automatisch Zahlungserinnerung verschickt','2009-12-06 04:01:10',1),(19,6,4987,'Automatisch 1. Mahnung verschickt','2009-12-08 04:01:58',2),(20,7,4987,'Automatisch 1. Mahnung verschickt','2009-12-11 04:01:12',2),(21,2,0,'Nach 2. Mahnung storniert - Gesamtforderung unter 15, kein RA Export','2009-12-13 04:01:05',4),(22,6,4987,'Automatisch 2. Mahnung verschickt','2009-12-14 04:01:03',3),(23,3,0,'Nach 2. Mahnung storniert - Gesamtforderung unter 15, kein RA Export','2009-12-14 04:01:03',4),(24,4,0,'Nach 2. Mahnung storniert - Gesamtforderung unter 15, kein RA Export','2009-12-16 04:01:07',4),(25,5,0,'Automatisch Storniert und an Rechtsanwalt uebergeben','2009-12-16 04:01:07',4);

--
-- Table structure for table `ebayapi_favorites`
--

CREATE TABLE `ebayapi_favorites` (
  `favorite_id` int(11) NOT NULL AUTO_INCREMENT,
  `favorite_ebayid` int(11) NOT NULL DEFAULT '0',
  `favorite_title` varchar(128) CHARACTER SET latin1 COLLATE latin1_general_ci NOT NULL DEFAULT '',
  `category_level` int(11) NOT NULL DEFAULT '0',
  `site` varchar(16) CHARACTER SET latin1 COLLATE latin1_general_ci NOT NULL DEFAULT '',
  `date_saved` datetime NOT NULL DEFAULT '0000-00-00 00:00:00',
  `attributesetid` int(11) NOT NULL DEFAULT '0',
  `attributeid` int(11) NOT NULL DEFAULT '0',
  `valueid` int(11) NOT NULL DEFAULT '0',
  `mpn_alias` varchar(64) NOT NULL,
  `brand_alias` varchar(64) NOT NULL,
  PRIMARY KEY (`favorite_id`),
  KEY `favorite_id` (`favorite_id`),
  KEY `favorite_ebayid` (`favorite_ebayid`)
) ENGINE=MyISAM AUTO_INCREMENT=18 DEFAULT CHARSET=utf8;

--
-- Dumping data for table `ebayapi_favorites`
--

INSERT INTO `ebayapi_favorites` (`favorite_id`, `favorite_ebayid`, `favorite_title`, `category_level`, `site`, `date_saved`, `attributesetid`, `attributeid`, `valueid`, `mpn_alias`, `brand_alias`) VALUES (1,126202,'Heimwerker / Installation / Heizung / Brenner & Kessel',0,'77','2017-10-09 22:16:52',0,0,0,'Herstellernummer','Marke'),(2,22105,'Heimwerker / Sicherheitstechnik / Komplettsysteme',0,'77','2017-10-10 16:35:13',0,0,0,'Herstellernummer','Marke'),(3,12956,'Heimwerker / Sicherheitstechnik / Sonstige',0,'77','2017-10-10 16:35:33',0,0,0,'Herstellernummer','Marke'),(4,28916,'Heimwerker / Sicherheitstechnik / Überwachungstechnik / Kameras',0,'77','2017-10-10 16:51:34',0,0,0,'Herstellernummer','Marke'),(5,84188,'Heimwerker / Installation / Heizung / Zubehör & Systemkomponenten / Steuerungen & Regelgeräte',0,'77','2017-10-10 16:51:54',0,0,0,'Herstellernummer','Marke'),(17,19782,'Heimwerker / Bad & Küche / Sonstige',0,'77','2017-11-08 20:11:13',0,0,0,'',''),(7,12957,'Heimwerker / Sicherheitstechnik',0,'77','2017-10-10 16:55:23',0,0,0,'Herstellernummer','Marke'),(12,45824,'Heimwerker / Bad & Küche / Badkeramik / Waschtische & -becken / Waschtische',0,'77','2017-11-01 20:39:14',0,0,0,'Herstellernummer','Marke'),(9,126215,'Heimwerker / Installation / Heizung / Heizthermen',0,'77','2017-11-01 18:33:52',0,0,0,'Herstellernummer','Marke'),(10,83816,'Heimwerker / Bad & Küche / Armaturen / Waschtisch',0,'77','2017-11-01 20:33:47',0,0,0,'Herstellernummer','Marke'),(11,124971,'Heimwerker / Bad & Küche / Badkeramik / WCs',0,'77','2017-11-01 20:37:20',0,0,0,'Herstellernummer','Marke'),(14,26673,'Heimwerker / Bad & Küche / Armaturen / Dusche / Sonstige',0,'77','2017-11-01 20:41:56',0,0,0,'Herstellernummer','Marke'),(15,20602,'Heimwerker / Bad & Küche / Armaturen / Sonstige',0,'77','2017-11-01 20:43:51',0,0,0,'Herstellernummer','Marke'),(16,112555,'Heimwerker / Bad & Küche / Duschen / Duschwannen',0,'77','2017-11-01 20:45:08',0,0,0,'Herstellernummer','Marke');

--
-- Table structure for table `ebayapi_favorites_characteristics`
--

CREATE TABLE `ebayapi_favorites_characteristics` (
  `ebayapi_favorites_characteristics_id` int(11) NOT NULL AUTO_INCREMENT,
  `ebayapi_favorites_id` int(11) NOT NULL DEFAULT '0',
  `attributeset_id` int(11) NOT NULL DEFAULT '0',
  `attribute_id` int(11) NOT NULL DEFAULT '0',
  `value_id` int(11) NOT NULL DEFAULT '0',
  PRIMARY KEY (`ebayapi_favorites_characteristics_id`),
  KEY `ebayapi_favorites_id` (`ebayapi_favorites_id`)
) ENGINE=MyISAM DEFAULT CHARSET=utf8;

--
-- Dumping data for table `ebayapi_favorites_characteristics`
--


--
-- Table structure for table `ebayapi_favorites_itemconditions`
--

CREATE TABLE `ebayapi_favorites_itemconditions` (
  `ebayapi_favorites_itemconditions_id` int(11) NOT NULL AUTO_INCREMENT,
  `favorite_ebayid` int(11) NOT NULL,
  `condition_id` int(1) NOT NULL,
  `condition_name` varchar(64) NOT NULL,
  `site` int(11) NOT NULL,
  PRIMARY KEY (`ebayapi_favorites_itemconditions_id`),
  KEY `favorite_ebayid` (`favorite_ebayid`)
) ENGINE=MyISAM AUTO_INCREMENT=265 DEFAULT CHARSET=utf8;

--
-- Dumping data for table `ebayapi_favorites_itemconditions`
--

INSERT INTO `ebayapi_favorites_itemconditions` (`ebayapi_favorites_itemconditions_id`, `favorite_ebayid`, `condition_id`, `condition_name`, `site`) VALUES (191,126202,3000,'Gebraucht',77),(190,126202,2500,'Vom Verkäufer generalüberholt',77),(189,126202,2000,'Vom Hersteller generalüberholt',77),(197,22105,3000,'Gebraucht',77),(196,22105,2500,'Vom Verkäufer generalüberholt',77),(195,22105,2000,'Vom Hersteller generalüberholt',77),(203,12956,3000,'Gebraucht',77),(202,12956,2500,'Vom Verkäufer generalüberholt',77),(201,12956,2000,'Vom Hersteller generalüberholt',77),(209,28916,3000,'Gebraucht',77),(208,28916,2500,'Vom Verkäufer generalüberholt',77),(207,28916,2000,'Vom Hersteller generalüberholt',77),(215,84188,3000,'Gebraucht',77),(214,84188,2500,'Vom Verkäufer generalüberholt',77),(213,84188,2000,'Vom Hersteller generalüberholt',77),(188,126202,1500,'Neu: Sonstige (siehe Artikelbeschreibung)',77),(194,22105,1500,'Neu: Sonstige (siehe Artikelbeschreibung)',77),(200,12956,1500,'Neu: Sonstige (siehe Artikelbeschreibung)',77),(206,28916,1500,'Neu: Sonstige (siehe Artikelbeschreibung)',77),(212,84188,1500,'Neu: Sonstige (siehe Artikelbeschreibung)',77),(227,126215,3000,'Gebraucht',77),(226,126215,2500,'Vom Verkäufer generalüberholt',77),(225,126215,2000,'Vom Hersteller generalüberholt',77),(224,126215,1500,'Neu: Sonstige (siehe Artikelbeschreibung)',77),(233,83816,3000,'Gebraucht',77),(232,83816,2500,'Vom Verkäufer generalüberholt',77),(231,83816,2000,'Vom Hersteller generalüberholt',77),(230,83816,1500,'Neu: Sonstige (siehe Artikelbeschreibung)',77),(239,124971,3000,'Gebraucht',77),(238,124971,2500,'Vom Verkäufer generalüberholt',77),(237,124971,2000,'Vom Hersteller generalüberholt',77),(236,124971,1500,'Neu: Sonstige (siehe Artikelbeschreibung)',77),(221,45824,3000,'Gebraucht',77),(220,45824,2500,'Vom Verkäufer generalüberholt',77),(219,45824,2000,'Vom Hersteller generalüberholt',77),(218,45824,1500,'Neu: Sonstige (siehe Artikelbeschreibung)',77),(246,26673,7000,'Als Ersatzteil / defekt',77),(245,26673,3000,'Gebraucht',77),(244,26673,2500,'Vom Verkäufer generalüberholt',77),(243,26673,2000,'Vom Hersteller generalüberholt',77),(242,26673,1500,'Neu: Sonstige (siehe Artikelbeschreibung)',77),(241,26673,1000,'Neu',77),(251,20602,3000,'Gebraucht',77),(250,20602,2500,'Vom Verkäufer generalüberholt',77),(249,20602,2000,'Vom Hersteller generalüberholt',77),(248,20602,1500,'Neu: Sonstige (siehe Artikelbeschreibung)',77),(257,112555,3000,'Gebraucht',77),(256,112555,2500,'Vom Verkäufer generalüberholt',77),(255,112555,2000,'Vom Hersteller generalüberholt',77),(254,112555,1500,'Neu: Sonstige (siehe Artikelbeschreibung)',77),(187,126202,1000,'Neu',77),(193,22105,1000,'Neu',77),(199,12956,1000,'Neu',77),(205,28916,1000,'Neu',77),(211,84188,1000,'Neu',77),(217,45824,1000,'Neu',77),(223,126215,1000,'Neu',77),(229,83816,1000,'Neu',77),(235,124971,1000,'Neu',77),(247,20602,1000,'Neu',77),(253,112555,1000,'Neu',77),(192,126202,7000,'Als Ersatzteil / defekt',77),(198,22105,7000,'Als Ersatzteil / defekt',77),(204,12956,7000,'Als Ersatzteil / defekt',77),(210,28916,7000,'Als Ersatzteil / defekt',77),(216,84188,7000,'Als Ersatzteil / defekt',77),(222,45824,7000,'Als Ersatzteil / defekt',77),(228,126215,7000,'Als Ersatzteil / defekt',77),(234,83816,7000,'Als Ersatzteil / defekt',77),(240,124971,7000,'Als Ersatzteil / defekt',77),(252,20602,7000,'Als Ersatzteil / defekt',77),(258,112555,7000,'Als Ersatzteil / defekt',77),(259,19782,1000,'Neu',77),(260,19782,1500,'Neu: Sonstige (siehe Artikelbeschreibung)',77),(261,19782,2000,'Vom Hersteller generalüberholt',77),(262,19782,2500,'Vom Verkäufer generalüberholt',77),(263,19782,3000,'Gebraucht',77),(264,19782,7000,'Als Ersatzteil / defekt',77);

--
-- Table structure for table `event`
--

CREATE TABLE `event` (
  `event_id` int(11) NOT NULL AUTO_INCREMENT,
  `products_id` int(11) NOT NULL,
  `slots` int(11) NOT NULL,
  `added` datetime NOT NULL,
  PRIMARY KEY (`event_id`),
  KEY `products_id` (`products_id`)
) ENGINE=InnoDB DEFAULT CHARSET=latin1;

--
-- Dumping data for table `event`
--


--
-- Table structure for table `event_dates`
--

CREATE TABLE `event_dates` (
  `event_dates_id` int(11) NOT NULL AUTO_INCREMENT,
  `event_id` int(11) NOT NULL,
  `event_date` date NOT NULL,
  `added` datetime NOT NULL,
  `disabled` int(1) NOT NULL,
  PRIMARY KEY (`event_dates_id`),
  KEY `event_id` (`event_id`)
) ENGINE=InnoDB DEFAULT CHARSET=latin1;

--
-- Dumping data for table `event_dates`
--


--
-- Table structure for table `event_dates_timer`
--

CREATE TABLE `event_dates_timer` (
  `event_dates_timer_id` int(11) NOT NULL AUTO_INCREMENT,
  `event_dates_id` int(11) NOT NULL,
  `event_time` time NOT NULL,
  `added` datetime NOT NULL,
  `disabled` int(1) NOT NULL,
  PRIMARY KEY (`event_dates_timer_id`),
  KEY `event_dates_id` (`event_dates_id`)
) ENGINE=InnoDB DEFAULT CHARSET=latin1;

--
-- Dumping data for table `event_dates_timer`
--


--
-- Table structure for table `event_tickets`
--

CREATE TABLE `event_tickets` (
  `event_tickets_id` int(11) NOT NULL AUTO_INCREMENT,
  `date_added` datetime NOT NULL,
  PRIMARY KEY (`event_tickets_id`)
) ENGINE=InnoDB DEFAULT CHARSET=latin1;

--
-- Dumping data for table `event_tickets`
--


--
-- Table structure for table `event_tickets_description`
--

CREATE TABLE `event_tickets_description` (
  `event_tickets_description_id` int(11) NOT NULL AUTO_INCREMENT,
  `event_tickets_id` int(11) NOT NULL,
  `title` varchar(128) NOT NULL,
  `description` text,
  `language_id` int(1) NOT NULL,
  PRIMARY KEY (`event_tickets_description_id`),
  KEY `event_tickets_id` (`event_tickets_id`)
) ENGINE=InnoDB DEFAULT CHARSET=latin1;

--
-- Dumping data for table `event_tickets_description`
--


--
-- Table structure for table `events_to_event_tickets`
--

CREATE TABLE `events_to_event_tickets` (
  `events_to_event_tickets_id` int(11) NOT NULL AUTO_INCREMENT,
  `events_id` int(11) NOT NULL,
  `event_tickets_id` int(11) NOT NULL,
  `persons` tinyint(4) NOT NULL,
  `price_add` decimal(15,4) NOT NULL,
  `ek_price` float(15,4) NOT NULL,
  PRIMARY KEY (`events_to_event_tickets_id`),
  KEY `events_id` (`events_id`),
  KEY `event_tickets_id` (`event_tickets_id`)
) ENGINE=InnoDB DEFAULT CHARSET=latin1;

--
-- Dumping data for table `events_to_event_tickets`
--


--
-- Table structure for table `feedback_reminder`
--

CREATE TABLE `feedback_reminder` (
  `feedback_reminder_id` int(11) NOT NULL AUTO_INCREMENT,
  `orders_id` int(11) NOT NULL DEFAULT '0',
  `ebay_id` varchar(32) CHARACTER SET latin1 COLLATE latin1_german2_ci NOT NULL DEFAULT '',
  `ebay_user_id` varchar(64) CHARACTER SET latin1 COLLATE latin1_german2_ci NOT NULL DEFAULT '',
  `mailcounter` tinyint(4) NOT NULL DEFAULT '0',
  `last_action` datetime NOT NULL DEFAULT '0000-00-00 00:00:00',
  PRIMARY KEY (`feedback_reminder_id`),
  KEY `orders_id` (`orders_id`)
) ENGINE=MyISAM DEFAULT CHARSET=utf8;

--
-- Dumping data for table `feedback_reminder`
--


--
-- Table structure for table `flashpoint_import_configuration`
--

CREATE TABLE `flashpoint_import_configuration` (
  `flashpoint_import_configuration_id` int(11) NOT NULL AUTO_INCREMENT,
  `col_id` int(11) NOT NULL DEFAULT '0',
  `col_type` varchar(64) NOT NULL DEFAULT '',
  `col_value` varchar(64) NOT NULL DEFAULT '',
  PRIMARY KEY (`flashpoint_import_configuration_id`)
) ENGINE=MyISAM DEFAULT CHARSET=utf8;

--
-- Dumping data for table `flashpoint_import_configuration`
--


--
-- Table structure for table `geo_zones`
--

CREATE TABLE `geo_zones` (
  `geo_zone_id` int(11) NOT NULL AUTO_INCREMENT,
  `geo_zone_name` varchar(32) CHARACTER SET latin1 COLLATE latin1_general_ci NOT NULL DEFAULT '',
  `geo_zone_description` varchar(255) CHARACTER SET latin1 COLLATE latin1_general_ci NOT NULL DEFAULT '',
  `last_modified` datetime DEFAULT NULL,
  `date_added` datetime NOT NULL DEFAULT '0000-00-00 00:00:00',
  PRIMARY KEY (`geo_zone_id`)
) ENGINE=MyISAM AUTO_INCREMENT=8 DEFAULT CHARSET=utf8;

--
-- Dumping data for table `geo_zones`
--

INSERT INTO `geo_zones` (`geo_zone_id`, `geo_zone_name`, `geo_zone_description`, `last_modified`, `date_added`) VALUES (6,'Steuerzone EU-Ausland','','0000-00-00 00:00:00','2004-09-15 10:00:46'),(5,'Steuerzone EU','Steuerzone fÃƒÆ’Ã†â€™Ãƒâ€šÃ†â€™ÃƒÆ’Ã¢â‚¬Å¡Ãƒâ€šÃ‚Â¼r die EU','0000-00-00 00:00:00','2004-09-15 10:00:46'),(7,'Steuerzone B2B','',NULL,'2004-09-15 10:00:46');

--
-- Table structure for table `group_history`
--

CREATE TABLE `group_history` (
  `group_history_id` int(11) NOT NULL AUTO_INCREMENT,
  `group_id` int(11) NOT NULL DEFAULT '0',
  `date_added` datetime NOT NULL DEFAULT '0000-00-00 00:00:00',
  `comments` text CHARACTER SET latin1 COLLATE latin1_general_ci,
  `editor_id` int(11) NOT NULL DEFAULT '0',
  PRIMARY KEY (`group_history_id`),
  KEY `group_id` (`group_id`)
) ENGINE=MyISAM AUTO_INCREMENT=25 DEFAULT CHARSET=utf8;

--
-- Dumping data for table `group_history`
--

INSERT INTO `group_history` (`group_history_id`, `group_id`, `date_added`, `comments`, `editor_id`) VALUES (20,14,'2017-11-05 16:53:27','Titel ge&auml;ndert',4999),(19,14,'2017-11-05 16:48:01','Angelegt',4999),(4,4,'2010-03-15 18:19:36','Angelegt',4987),(5,5,'2010-03-16 17:03:48','Angelegt',4987),(6,6,'2010-03-16 18:57:28','Angelegt',4987),(7,7,'2010-03-16 19:13:55','Angelegt',4987),(18,13,'2017-11-05 16:47:37','Titel ge&auml;ndert',4999),(10,9,'2017-03-20 21:52:41','Angelegt',1),(11,10,'2017-07-10 07:19:04','Angelegt',1),(12,10,'2017-07-12 02:26:11','Titel ge&auml;ndert',1),(13,11,'2017-07-12 02:34:20','Angelegt',1),(14,12,'2017-07-12 14:47:04','Angelegt',1),(15,12,'2017-07-14 11:23:27','Titel ge&auml;ndert',1),(16,10,'2017-07-14 11:23:37','Titel ge&auml;ndert',1),(17,13,'2017-11-01 21:13:40','Angelegt',4999),(21,15,'2017-11-05 16:55:01','Angelegt',4999),(22,14,'2017-11-05 17:07:06','Titel ge&auml;ndert',4999),(23,15,'2017-11-05 17:18:39','Titel ge&auml;ndert',4999),(24,15,'2017-11-05 17:19:43','Titel ge&auml;ndert',4999);

--
-- Table structure for table `groups`
--

CREATE TABLE `groups` (
  `groups_id` int(11) NOT NULL AUTO_INCREMENT,
  `groups_title` varchar(64) CHARACTER SET latin1 COLLATE latin1_general_ci NOT NULL DEFAULT '',
  `groups_created` datetime NOT NULL DEFAULT '0000-00-00 00:00:00',
  `groups_last_changed` datetime NOT NULL DEFAULT '0000-00-00 00:00:00',
  `visible` int(1) NOT NULL DEFAULT '1',
  `ebay_visible` int(1) NOT NULL,
  PRIMARY KEY (`groups_id`)
) ENGINE=MyISAM AUTO_INCREMENT=16 DEFAULT CHARSET=utf8;

--
-- Dumping data for table `groups`
--

INSERT INTO `groups` (`groups_id`, `groups_title`, `groups_created`, `groups_last_changed`, `visible`, `ebay_visible`) VALUES (15,'Vigour Serie one','2017-11-05 16:55:01','2017-11-05 17:19:43',1,1),(14,'Badarmaturen','2017-11-05 16:48:01','2017-11-05 17:07:06',1,1),(4,'Bücher','2010-03-15 18:19:36','2010-03-15 18:19:36',1,0),(5,'Versandgruppen','2010-03-16 17:03:48','2010-03-16 17:03:48',1,0),(6,'Handy','2010-03-16 18:57:28','2010-03-16 18:57:28',1,0),(7,'Material','2010-03-16 19:13:55','2010-03-16 19:13:55',1,0),(9,'Badmöbel allgemein','2017-03-20 21:52:41','2017-03-20 21:52:41',0,1),(10,'Heizsysteme','2017-07-10 07:19:04','2017-07-14 11:23:37',1,1),(11,'Brenner','2017-07-12 02:34:20','2017-07-12 02:34:20',1,1),(12,'Heizsysteme Details','2017-07-12 14:47:04','2017-07-14 11:23:27',1,1),(13,'Badkeramik WCs','2017-11-01 21:13:40','2017-11-05 16:47:37',1,1);

--
-- Table structure for table `groups_allocations`
--

CREATE TABLE `groups_allocations` (
  `groups_id` int(11) NOT NULL DEFAULT '0',
  `products_id` int(11) NOT NULL DEFAULT '0',
  KEY `products_id` (`products_id`),
  KEY `groups_id` (`groups_id`)
) ENGINE=MyISAM DEFAULT CHARSET=utf8;

--
-- Dumping data for table `groups_allocations`
--

INSERT INTO `groups_allocations` (`groups_id`, `products_id`) VALUES (10,143),(10,144),(10,146),(10,147),(10,148),(10,149),(10,150),(10,151),(10,152),(10,153),(10,154),(10,155),(10,156),(10,157),(10,160),(10,161),(10,163),(10,164),(10,165),(10,166),(10,167),(11,168),(11,169),(11,170),(11,171),(11,172),(11,173),(11,174),(11,176),(11,177),(11,175),(11,178),(11,179),(11,180),(9,382),(9,335),(9,333),(9,332),(9,289),(9,288),(9,268),(14,364),(14,363),(14,362),(14,361),(14,360),(14,359),(14,358),(14,357),(14,356),(14,355),(14,306),(14,305),(14,304),(14,303),(14,302),(14,301),(14,300),(14,299),(14,298),(14,297),(14,296),(14,295),(14,294),(14,287),(9,242),(14,409),(14,408),(9,376),(9,375),(9,374),(9,373),(9,372),(9,371),(9,370),(9,369),(9,368),(9,367),(9,366),(9,365),(14,354),(14,353),(9,352),(9,351),(9,273),(9,267),(9,266),(14,265),(14,264),(9,385),(9,331),(9,329),(9,291),(9,290),(9,280),(9,279),(9,278),(9,277),(9,276),(13,407),(13,406),(13,405),(9,286),(9,285),(9,284),(9,283),(9,282),(9,281),(9,272),(9,271),(13,270),(13,269),(9,404),(9,403),(9,402),(9,401),(9,400),(9,399),(9,398),(9,397),(9,396),(9,395),(9,394),(9,393),(9,392),(9,391),(9,390),(9,389),(9,388),(9,387),(9,386),(9,350),(9,349),(9,348),(9,347),(9,241),(9,240),(9,418),(9,417),(9,416),(9,415),(9,414),(9,413),(9,412),(9,411),(9,293),(9,292),(9,410),(9,384),(9,383),(9,381),(9,380),(9,379),(9,378),(9,377),(9,346),(9,345),(9,344),(9,343),(9,342),(9,341),(9,340),(9,339),(9,338),(9,337),(9,336),(9,334),(9,330),(9,328),(9,327),(9,326),(9,325),(9,324),(9,323),(9,322),(9,321),(9,320),(9,319),(9,318),(9,317),(9,316),(9,315),(9,314),(9,313),(9,312),(9,311),(9,310),(9,309),(9,308),(9,307),(9,275),(9,274),(9,263),(9,262),(9,261),(9,260),(9,259),(9,258),(9,257),(9,256),(9,255),(9,254),(9,253),(9,252),(9,251),(9,250),(9,249),(9,248),(9,247),(9,246),(9,245),(9,244),(9,243),(9,239);

--
-- Table structure for table `hermes`
--

CREATE TABLE `hermes` (
  `id` int(11) NOT NULL AUTO_INCREMENT,
  `orders_id` int(11) NOT NULL DEFAULT '0',
  `date_saved` datetime NOT NULL DEFAULT '0000-00-00 00:00:00',
  `customer_notified` enum('n','y') CHARACTER SET latin1 COLLATE latin1_general_ci NOT NULL DEFAULT 'n',
  `i_company` int(1) NOT NULL DEFAULT '0',
  `c_blocking` int(1) NOT NULL DEFAULT '0',
  `c_mailoptout` enum('N','Y') CHARACTER SET latin1 COLLATE latin1_general_ci NOT NULL DEFAULT 'N',
  `s_name` varchar(64) CHARACTER SET latin1 COLLATE latin1_general_ci NOT NULL DEFAULT '',
  `s_firstname` varchar(64) CHARACTER SET latin1 COLLATE latin1_general_ci NOT NULL DEFAULT '',
  `s_city` varchar(64) CHARACTER SET latin1 COLLATE latin1_general_ci NOT NULL DEFAULT '',
  `s_address1` varchar(64) CHARACTER SET latin1 COLLATE latin1_general_ci NOT NULL DEFAULT '',
  `s_address2` varchar(64) CHARACTER SET latin1 COLLATE latin1_general_ci NOT NULL DEFAULT '',
  `s_address3` varchar(64) CHARACTER SET latin1 COLLATE latin1_general_ci NOT NULL DEFAULT '',
  `i_zipcode` varchar(64) CHARACTER SET latin1 COLLATE latin1_general_ci NOT NULL DEFAULT '',
  `i_country` int(11) NOT NULL DEFAULT '0',
  `c_sex` enum('M','F') CHARACTER SET latin1 COLLATE latin1_general_ci NOT NULL DEFAULT 'M',
  `c_shipto` enum('N','Y') CHARACTER SET latin1 COLLATE latin1_general_ci NOT NULL DEFAULT 'N',
  `c_pandp` enum('N','Y') CHARACTER SET latin1 COLLATE latin1_general_ci NOT NULL DEFAULT 'N',
  `f_pandpval` float NOT NULL DEFAULT '0',
  `c_paymode` char(1) CHARACTER SET latin1 COLLATE latin1_general_ci NOT NULL DEFAULT '',
  `c_ordertype` char(1) CHARACTER SET latin1 COLLATE latin1_general_ci NOT NULL DEFAULT '',
  `s_extern_orderno` varchar(64) CHARACTER SET latin1 COLLATE latin1_general_ci NOT NULL DEFAULT '',
  `c_message` enum('N','Y') CHARACTER SET latin1 COLLATE latin1_general_ci NOT NULL DEFAULT 'N',
  `i_detail` int(1) NOT NULL DEFAULT '0',
  `i_itemno` varchar(64) CHARACTER SET latin1 COLLATE latin1_general_ci NOT NULL DEFAULT '',
  `i_effort` int(11) NOT NULL DEFAULT '0',
  `i_size` int(11) NOT NULL DEFAULT '0',
  `f_retailprice` float NOT NULL DEFAULT '0',
  `i_orderqty` int(11) NOT NULL DEFAULT '0',
  `reclamations_id` int(11) NOT NULL DEFAULT '0',
  PRIMARY KEY (`id`)
) ENGINE=MyISAM DEFAULT CHARSET=utf8;

--
-- Dumping data for table `hermes`
--


--
-- Table structure for table `hermes_countries`
--

CREATE TABLE `hermes_countries` (
  `id` int(11) NOT NULL AUTO_INCREMENT,
  `name` varchar(64) CHARACTER SET latin1 COLLATE latin1_general_ci NOT NULL DEFAULT '',
  `iso2` char(2) CHARACTER SET latin1 COLLATE latin1_general_ci NOT NULL DEFAULT '',
  `iso3` char(3) CHARACTER SET latin1 COLLATE latin1_general_ci NOT NULL DEFAULT '',
  `isocode` int(11) NOT NULL DEFAULT '0',
  PRIMARY KEY (`id`)
) ENGINE=MyISAM DEFAULT CHARSET=utf8;

--
-- Dumping data for table `hermes_countries`
--


--
-- Table structure for table `hermes_status_dispos`
--

CREATE TABLE `hermes_status_dispos` (
  `hermes_status_dispos_id` int(11) NOT NULL AUTO_INCREMENT,
  `i_company` int(11) NOT NULL DEFAULT '0',
  `i_booktype` int(11) NOT NULL DEFAULT '0',
  `i_itemno` varchar(16) CHARACTER SET latin1 COLLATE latin1_general_ci NOT NULL DEFAULT '',
  `i_size` int(11) NOT NULL DEFAULT '0',
  `i_effort` int(11) NOT NULL DEFAULT '0',
  `f_retailprice` double NOT NULL DEFAULT '0',
  `f_costprice` double NOT NULL DEFAULT '0',
  `i_account` varchar(16) CHARACTER SET latin1 COLLATE latin1_general_ci NOT NULL DEFAULT '',
  `i_itemqty` int(11) NOT NULL DEFAULT '0',
  `i_prodline1` int(11) NOT NULL DEFAULT '0',
  `i_prodline3` int(11) NOT NULL DEFAULT '0',
  `i_taxcode` int(11) NOT NULL DEFAULT '0',
  `c_ordertype` varchar(8) CHARACTER SET latin1 COLLATE latin1_general_ci NOT NULL DEFAULT '',
  `f_discountrt` double NOT NULL DEFAULT '0',
  `i_action` int(11) NOT NULL DEFAULT '0',
  `i_order` varchar(16) CHARACTER SET latin1 COLLATE latin1_general_ci NOT NULL DEFAULT '',
  `i_catalog` int(11) NOT NULL DEFAULT '0',
  `i_shop` int(11) NOT NULL DEFAULT '0',
  `i_prodrange` int(11) NOT NULL DEFAULT '0',
  `orders_id` int(11) NOT NULL DEFAULT '0',
  `ebay_id` varchar(20) CHARACTER SET latin1 COLLATE latin1_general_ci NOT NULL DEFAULT '',
  `date_saved` datetime NOT NULL DEFAULT '0000-00-00 00:00:00',
  `reclamations_id` int(11) NOT NULL DEFAULT '0',
  PRIMARY KEY (`hermes_status_dispos_id`)
) ENGINE=MyISAM DEFAULT CHARSET=utf8;

--
-- Dumping data for table `hermes_status_dispos`
--


--
-- Table structure for table `hermes_status_itemstock`
--

CREATE TABLE `hermes_status_itemstock` (
  `hermes_status_itemstock_id` int(11) NOT NULL AUTO_INCREMENT,
  `i_company` int(11) NOT NULL DEFAULT '0',
  `i_itemno` varchar(16) CHARACTER SET latin1 COLLATE latin1_general_ci NOT NULL DEFAULT '',
  `i_size` int(11) NOT NULL DEFAULT '0',
  `i_libqty` int(11) NOT NULL DEFAULT '0',
  `s_extern_itemno` varchar(32) CHARACTER SET latin1 COLLATE latin1_general_ci NOT NULL DEFAULT '',
  `c_itemprofile` varchar(8) CHARACTER SET latin1 COLLATE latin1_general_ci NOT NULL DEFAULT '',
  `i_libqtycopy` int(11) NOT NULL DEFAULT '0',
  `date_created` datetime NOT NULL DEFAULT '0000-00-00 00:00:00',
  PRIMARY KEY (`hermes_status_itemstock_id`)
) ENGINE=MyISAM DEFAULT CHARSET=utf8;

--
-- Dumping data for table `hermes_status_itemstock`
--


--
-- Table structure for table `hermes_status_orderstat`
--

CREATE TABLE `hermes_status_orderstat` (
  `hermes_status_orderstat_id` int(11) NOT NULL AUTO_INCREMENT,
  `orders_id` int(11) NOT NULL DEFAULT '0',
  `ebay_id` varchar(20) CHARACTER SET latin1 COLLATE latin1_general_ci NOT NULL DEFAULT '',
  `i_account` int(11) NOT NULL DEFAULT '0',
  `d_create` date NOT NULL DEFAULT '0000-00-00',
  `i_order` int(11) NOT NULL DEFAULT '0',
  `i_invoice` int(11) NOT NULL DEFAULT '0',
  `i_detail` int(11) NOT NULL DEFAULT '0',
  `i_delivery` varchar(16) CHARACTER SET latin1 COLLATE latin1_general_ci NOT NULL DEFAULT '',
  `i_itemno` varchar(16) CHARACTER SET latin1 COLLATE latin1_general_ci NOT NULL DEFAULT '',
  `i_size` int(16) NOT NULL DEFAULT '0',
  `s_itemname` varchar(32) CHARACTER SET latin1 COLLATE latin1_general_ci NOT NULL DEFAULT '',
  `i_packunit` int(11) NOT NULL DEFAULT '0',
  `i_carrier` varchar(8) CHARACTER SET latin1 COLLATE latin1_general_ci NOT NULL DEFAULT '',
  `i_shipment_id` varchar(32) CHARACTER SET latin1 COLLATE latin1_general_ci NOT NULL DEFAULT '',
  `reclamations_id` int(11) NOT NULL DEFAULT '0',
  PRIMARY KEY (`hermes_status_orderstat_id`)
) ENGINE=MyISAM DEFAULT CHARSET=utf8;

--
-- Dumping data for table `hermes_status_orderstat`
--


--
-- Table structure for table `history`
--

CREATE TABLE `history` (
  `history_id` int(11) NOT NULL AUTO_INCREMENT,
  `date_added` datetime NOT NULL DEFAULT '0000-00-00 00:00:00',
  `comments` text,
  `editor_id` int(11) NOT NULL DEFAULT '0',
  PRIMARY KEY (`history_id`),
  KEY `editor_id` (`editor_id`)
) ENGINE=MyISAM AUTO_INCREMENT=671 DEFAULT CHARSET=utf8;

--
-- Dumping data for table `history`
--

INSERT INTO `history` (`history_id`, `date_added`, `comments`, `editor_id`) VALUES (1,'2009-01-24 10:34:32','KUNDENGRUPPEN-KONFIG Neuer Kunde:<br />customers_status_name = Neuer Kunde<br />customers_status_public = 1<br />customers_status_show_price = 1<br />customers_status_show_price_tax = 1<br />customers_status_discount = 0.00<br />customers_status_ot_discount_flag = 0<br />customers_status_ot_discount = 0.00<br />customers_status_graduated_prices = 1<br />customers_status_add_tax_ot = 1<br />customers_status_payment_unallowed = invoice<br />customers_status_shipping_unallowed = <br />customers_status_payment_target = 0<br />export_note_text = <br />export_note = 0<br />customers_fsk18 = 1<br />customers_fsk18_display = 1<br />customers_status_discount_attributes = 0<br />',1),(2,'2009-01-24 10:34:58','KUNDENGRUPPEN-KONFIG Gerblicher Kunde - DE:<br />customers_status_name = Gerblicher Kunde - DE<br />customers_status_public = 0<br />customers_status_show_price = 1<br />customers_status_show_price_tax = 0<br />customers_status_discount = 0.00<br />customers_status_ot_discount_flag = 0<br />customers_status_ot_discount = 0.00<br />customers_status_graduated_prices = 1<br />customers_status_add_tax_ot = 1<br />customers_status_payment_unallowed = <br />customers_status_shipping_unallowed = <br />customers_status_payment_target = 0<br />export_note_text = <br />export_note = 0<br />customers_fsk18 = 1<br />customers_fsk18_display = 1<br />customers_status_discount_attributes = 0<br />',1),(3,'2009-01-24 10:35:48','KUNDENGRUPPEN-KONFIG Gerwerblicher Kunde - EU:<br />customers_status_name = Gerwerblicher Kunde - EU<br />customers_status_public = 0<br />customers_status_show_price = 1<br />customers_status_show_price_tax = 0<br />customers_status_discount = 0.00<br />customers_status_ot_discount_flag = 0<br />customers_status_ot_discount = 0.00<br />customers_status_graduated_prices = 0<br />customers_status_add_tax_ot = 0<br />customers_status_payment_unallowed = <br />customers_status_shipping_unallowed = <br />customers_status_payment_target = 0<br />export_note_text = Dieser Umsatz ist nach Ã‚Â§ 4 Nr. 1b UStG umsatzsteuerfrei<br />export_note = 1<br />customers_fsk18 = 1<br />customers_fsk18_display = 1<br />customers_status_discount_attributes = 0<br />',1),(4,'2009-01-24 10:36:29','KUNDENGRUPPEN-KONFIG Gewerblicher Kunde - NICHT EU:<br />customers_status_name = Gewerblicher Kunde - NICHT EU<br />customers_status_public = 0<br />customers_status_show_price = 1<br />customers_status_show_price_tax = 0<br />customers_status_discount = 0.00<br />customers_status_ot_discount_flag = 0<br />customers_status_ot_discount = 0.00<br />customers_status_graduated_prices = 0<br />customers_status_add_tax_ot = 0<br />customers_status_payment_unallowed = <br />customers_status_shipping_unallowed = <br />customers_status_payment_target = 0<br />export_note_text = Steuerfreie Ausfuhrlieferung gem. Ã‚Â§ 4 Nr. 1a des Umsatzsteuergesetzes<br />export_note = 1<br />customers_fsk18 = 1<br />customers_fsk18_display = 1<br />customers_status_discount_attributes = 0<br />',1),(5,'2009-01-24 10:36:47','KUNDENGRUPPEN-KONFIG Gewerblicher Kunde - EU:<br />customers_status_name = Gewerblicher Kunde - EU<br />customers_status_public = 0<br />customers_status_show_price = 1<br />customers_status_show_price_tax = 0<br />customers_status_discount = 0.00<br />customers_status_ot_discount_flag = 0<br />customers_status_ot_discount = 0.00<br />customers_status_graduated_prices = 0<br />customers_status_add_tax_ot = 0<br />customers_status_payment_unallowed = <br />customers_status_shipping_unallowed = <br />customers_status_payment_target = 0<br />export_note_text = Dieser Umsatz ist nach Ã‚Â§ 4 Nr. 1b UStG umsatzsteuerfrei<br />export_note = 1<br />customers_fsk18 = 1<br />customers_fsk18_display = 1<br />customers_status_discount_attributes = 0<br />',1),(6,'2009-01-24 10:36:55','KUNDENGRUPPEN-KONFIG Gewerblicher Kunde - DE:<br />customers_status_name = Gewerblicher Kunde - DE<br />customers_status_public = 0<br />customers_status_show_price = 1<br />customers_status_show_price_tax = 0<br />customers_status_discount = 0.00<br />customers_status_ot_discount_flag = 0<br />customers_status_ot_discount = 0.00<br />customers_status_graduated_prices = 1<br />customers_status_add_tax_ot = 1<br />customers_status_payment_unallowed = <br />customers_status_shipping_unallowed = <br />customers_status_payment_target = 0<br />export_note_text = <br />export_note = 0<br />customers_fsk18 = 1<br />customers_fsk18_display = 1<br />customers_status_discount_attributes = 0<br />',1),(7,'2009-01-24 10:41:03','KUNDENGRUPPEN-KONFIG Gewerbe - DE:<br />customers_status_name = Gewerbe - DE<br />customers_status_public = 0<br />customers_status_show_price = 1<br />customers_status_show_price_tax = 0<br />customers_status_discount = 0.00<br />customers_status_ot_discount_flag = 0<br />customers_status_ot_discount = 0.00<br />customers_status_graduated_prices = 1<br />customers_status_add_tax_ot = 1<br />customers_status_payment_unallowed = <br />customers_status_shipping_unallowed = <br />customers_status_payment_target = 0<br />export_note_text = <br />export_note = 0<br />customers_fsk18 = 1<br />customers_fsk18_display = 1<br />customers_status_discount_attributes = 0<br />',1),(8,'2009-01-24 10:41:12','KUNDENGRUPPEN-KONFIG Gewerbe - EU:<br />customers_status_name = Gewerbe - EU<br />customers_status_public = 0<br />customers_status_show_price = 1<br />customers_status_show_price_tax = 0<br />customers_status_discount = 0.00<br />customers_status_ot_discount_flag = 0<br />customers_status_ot_discount = 0.00<br />customers_status_graduated_prices = 0<br />customers_status_add_tax_ot = 0<br />customers_status_payment_unallowed = <br />customers_status_shipping_unallowed = <br />customers_status_payment_target = 0<br />export_note_text = Dieser Umsatz ist nach Ã‚Â§ 4 Nr. 1b UStG umsatzsteuerfrei<br />export_note = 1<br />customers_fsk18 = 1<br />customers_fsk18_display = 1<br />customers_status_discount_attributes = 0<br />',1),(9,'2009-01-24 10:41:23','KUNDENGRUPPEN-KONFIG Gewerbe - NICHT EU:<br />customers_status_name = Gewerbe - NICHT EU<br />customers_status_public = 0<br />customers_status_show_price = 1<br />customers_status_show_price_tax = 0<br />customers_status_discount = 0.00<br />customers_status_ot_discount_flag = 0<br />customers_status_ot_discount = 0.00<br />customers_status_graduated_prices = 0<br />customers_status_add_tax_ot = 0<br />customers_status_payment_unallowed = <br />customers_status_shipping_unallowed = <br />customers_status_payment_target = 0<br />export_note_text = Steuerfreie Ausfuhrlieferung gem. Ã‚Â§ 4 Nr. 1a des Umsatzsteuergesetzes<br />export_note = 1<br />customers_fsk18 = 1<br />customers_fsk18_display = 1<br />customers_status_discount_attributes = 0<br />',1),(10,'2009-01-24 10:41:47','KUNDENGRUPPEN-KONFIG EBAY KUNDE:<br />customers_status_name = EBAY KUNDE<br />customers_status_public = 0<br />customers_status_show_price = 1<br />customers_status_show_price_tax = 1<br />customers_status_discount = 0.00<br />customers_status_ot_discount_flag = 0<br />customers_status_ot_discount = 0.00<br />customers_status_graduated_prices = 0<br />customers_status_add_tax_ot = 1<br />customers_status_payment_unallowed = invoice<br />customers_status_shipping_unallowed = <br />customers_status_payment_target = 0<br />export_note_text = <br />export_note = 0<br />customers_fsk18 = 1<br />customers_fsk18_display = 1<br />customers_status_discount_attributes = 0<br />',1),(11,'2009-01-24 10:42:01','KUNDENGRUPPEN-KONFIG PRIVATER KUNDE:<br />customers_status_name = PRIVATER KUNDE<br />customers_status_public = 1<br />customers_status_show_price = 1<br />customers_status_show_price_tax = 1<br />customers_status_discount = 0.00<br />customers_status_ot_discount_flag = 0<br />customers_status_ot_discount = 0.00<br />customers_status_graduated_prices = 1<br />customers_status_add_tax_ot = 1<br />customers_status_payment_unallowed = invoice<br />customers_status_shipping_unallowed = <br />customers_status_payment_target = 0<br />export_note_text = <br />export_note = 0<br />customers_fsk18 = 1<br />customers_fsk18_display = 1<br />customers_status_discount_attributes = 0<br />',1),(12,'2009-01-24 10:42:47','KUNDENGRUPPEN-KONFIG Gewerbe - DE:<br />customers_status_name = Gewerbe - DE<br />customers_status_public = 0<br />customers_status_show_price = 1<br />customers_status_show_price_tax = 0<br />customers_status_discount = 0.00<br />customers_status_ot_discount_flag = 0<br />customers_status_ot_discount = 0.00<br />customers_status_graduated_prices = 1<br />customers_status_add_tax_ot = 1<br />customers_status_payment_unallowed = invoice<br />customers_status_shipping_unallowed = <br />customers_status_payment_target = 0<br />export_note_text = <br />export_note = 0<br />customers_fsk18 = 1<br />customers_fsk18_display = 1<br />customers_status_discount_attributes = 0<br />',1),(13,'2009-01-24 10:42:55','KUNDENGRUPPEN-KONFIG Gewerbe - EU:<br />customers_status_name = Gewerbe - EU<br />customers_status_public = 0<br />customers_status_show_price = 1<br />customers_status_show_price_tax = 0<br />customers_status_discount = 0.00<br />customers_status_ot_discount_flag = 0<br />customers_status_ot_discount = 0.00<br />customers_status_graduated_prices = 0<br />customers_status_add_tax_ot = 0<br />customers_status_payment_unallowed = invoice<br />customers_status_shipping_unallowed = <br />customers_status_payment_target = 0<br />export_note_text = Dieser Umsatz ist nach Ã‚Â§ 4 Nr. 1b UStG umsatzsteuerfrei<br />export_note = 1<br />customers_fsk18 = 1<br />customers_fsk18_display = 1<br />customers_status_discount_attributes = 0<br />',1),(14,'2009-01-24 10:43:03','KUNDENGRUPPEN-KONFIG Gewerbe - NICHT EU:<br />customers_status_name = Gewerbe - NICHT EU<br />customers_status_public = 0<br />customers_status_show_price = 1<br />customers_status_show_price_tax = 0<br />customers_status_discount = 0.00<br />customers_status_ot_discount_flag = 0<br />customers_status_ot_discount = 0.00<br />customers_status_graduated_prices = 0<br />customers_status_add_tax_ot = 0<br />customers_status_payment_unallowed = invoice<br />customers_status_shipping_unallowed = <br />customers_status_payment_target = 0<br />export_note_text = Steuerfreie Ausfuhrlieferung gem. Ã‚Â§ 4 Nr. 1a des Umsatzsteuergesetzes<br />export_note = 1<br />customers_fsk18 = 1<br />customers_fsk18_display = 1<br />customers_status_discount_attributes = 0<br />',1),(15,'2009-01-24 10:43:11','KUNDENGRUPPEN-KONFIG Admin:<br />customers_status_name = Admin<br />customers_status_public = 0<br />customers_status_show_price = 1<br />customers_status_show_price_tax = 1<br />customers_status_discount = 0.00<br />customers_status_ot_discount_flag = 1<br />customers_status_ot_discount = 0.00<br />customers_status_graduated_prices = 1<br />customers_status_add_tax_ot = 0<br />customers_status_payment_unallowed = invoice<br />customers_status_shipping_unallowed = <br />customers_status_payment_target = 0<br />export_note_text = <br />export_note = 0<br />customers_fsk18 = 1<br />customers_fsk18_display = 1<br />customers_status_discount_attributes = 0<br />',1),(16,'2009-01-24 10:53:18','Konfiguration EBAY_PREFERRED_PAYMENTMETHOD = MoneyXferAccepted',1),(17,'2009-01-24 10:53:46','Konfiguration EBAY_GELDZURUECK = 1',1),(18,'2009-01-24 10:53:57','Konfiguration EBAY_VATAUCTION = 1',1),(19,'2009-02-17 20:42:04','Konfiguration META_AUTHOR = YES4trade.de by yes websolutions Ltd.',1),(20,'2009-02-17 20:42:11','Konfiguration META_PUBLISHER = YES4trade.de by yes websolutions Ltd.',1),(21,'2009-05-29 15:56:59','Konfiguration CURRENT_TEMPLATE = xtc2-neu',4987),(22,'2009-05-29 15:59:11','Konfiguration CURRENT_TEMPLATE = xtc2',4987),(23,'2009-05-29 16:55:45','Konfiguration GOOGLE_ANALYTICS_ID = UA-9077728-1',4987),(24,'2009-05-29 16:55:53','Konfiguration GOOGLE_ANALYTICS_ECOM = true',4987),(25,'2009-05-30 16:54:21','Konfiguration CURRENT_TEMPLATE = xtc2-neu',4987),(26,'2009-05-30 16:59:01','Konfiguration LIGHTBOX_ACTIVE = True',4987),(27,'2009-05-30 16:59:18','Konfiguration LIGHTBOX_ACTIVE = False',4987),(28,'2009-05-30 17:04:57','Konfiguration PRODUCT_IMAGE_INFO_HEIGHT = 150',4987),(29,'2009-05-30 17:10:45','Konfiguration PRODUCT_IMAGE_THUMBNAIL_WIDTH = 200',4987),(30,'2009-05-30 17:11:57','Konfiguration PRODUCT_IMAGE_THUMBNAIL_HEIGHT = 150',4987),(31,'2009-05-30 17:11:57','Konfiguration PRODUCT_IMAGE_THUMBNAIL_HEIGHT = 150',4987),(32,'2009-05-30 17:12:08','Konfiguration CONFIG_CALCULATE_IMAGE_SIZE = true',4987),(33,'2009-05-30 17:12:59','Konfiguration CONFIG_CALCULATE_IMAGE_SIZE = false',4987),(34,'2009-05-30 17:13:05','Konfiguration CONFIG_CALCULATE_IMAGE_SIZE = true',4987),(35,'2009-06-01 11:19:51','Konfiguration CURRENT_TEMPLATE = xtc2',4987),(36,'2009-06-01 11:25:46','Konfiguration CURRENT_TEMPLATE = xtc2-neu',4987),(37,'2009-06-01 11:27:32','Konfiguration CURRENT_TEMPLATE = xtc2',4987),(38,'2009-06-07 23:07:43','Konfiguration MAX_DISPLAY_SEARCH_RESULTS_ADMIN = 100',4987),(39,'2009-06-08 12:06:27','Konfiguration CURRENT_TEMPLATE = xtc2-neu',4987),(40,'2009-06-08 12:08:00','Konfiguration CURRENT_TEMPLATE = xtc2',4987),(41,'2009-08-03 16:42:04','Konfiguration STORE_OWNER = Knut Knudsen',4987),(42,'2009-08-03 16:42:24','Konfiguration EMAIL_FROM = Knudsen Shop',4987),(43,'2009-08-03 16:42:51','Konfiguration ALLOW_ADD_TO_CART = true',4987),(44,'2009-08-03 16:43:33','Konfiguration PDF_EMAILS = True',4987),(45,'2009-08-03 16:44:23','Konfiguration STORE_NAME = Kndusens Homeware',4987),(46,'2009-08-03 16:44:34','Konfiguration STORE_NAME = Knudsens Homeware',4987),(47,'2009-08-03 16:44:52','Konfiguration MODULE_PAYMENT_MONEYORDER_PAYTO = Knud Knudsen | Hamburger Bank, BLZ.: 20050500 - Kto: 123456789 - IBAN:   DE123456789012345678890 - BIC: HASPDEHH XXX',4987),(48,'2009-08-03 16:45:16','Konfiguration STORE_OWNER_EMAIL_ADDRESS = knud@shop-heizung.de',4987),(49,'2009-08-03 16:45:38','Konfiguration STORE_OWNER_VAT_ID = DE123456789',4987),(50,'2009-08-03 16:46:23','Konfiguration STORE_WRAP = \"Knudsens Homeware\" - Knud Knudsen - Haupstr. 13 / 20000 Hamburg',4987),(51,'2009-08-03 16:46:39','Konfiguration BANK_WRAP = Knud Knudsen<br>Hamburger Bank<br>Blz.: 20050500<br>Ktn.: 123456789<br>IBAN: DE121234567890123456789026<br>SWIFT/BIC: HASPDEHH XXX',4987),(52,'2009-08-03 16:47:25','Konfiguration STORE_NAME_ADDRESS = \"Knudsens Homeware\"<br>Knud Knudsen<br>Hauptstr. 13<br>20000 Hamburg<br>Tel: +49 (0) 40 123  456<br>Fax: +49 (0) 40 123 4574<br>Email: knud@shop-heizung.de',4987),(53,'2009-08-03 16:47:51','Konfiguration SHOP_COMPANY_NAME = Knud Knudsen',4987),(54,'2009-08-03 16:48:15','Konfiguration SHOP_COMPANY_STREET = Haupstr. 13',4987),(55,'2009-08-03 16:48:31','Konfiguration SHOP_COMPANY_POSTCODE = 20000',4987),(56,'2009-08-03 16:48:44','Konfiguration SHOP_COMPANY_CITY = Hamburg',4987),(57,'2009-08-03 17:29:00','Konfiguration SMTP_MAIN_SERVER = mail.gmx.net',4987),(58,'2009-08-03 17:29:54','Konfiguration SMTP_USERNAME = schanzenbraut@gmx.de',4987),(59,'2009-08-03 17:30:04','Konfiguration SMTP_PASSWORD = Birthday',4987),(60,'2009-08-03 17:30:53','Konfiguration SMTP_AUTH = true',4987),(61,'2009-08-03 17:31:21','Konfiguration CONTACT_US_EMAIL_ADDRESS = knud@yes4trade.de',4987),(62,'2009-08-03 17:31:36','Konfiguration CONTACT_US_NAME = Kndusens Homeware',4987),(63,'2009-08-03 17:31:49','Konfiguration CONTACT_US_REPLY_ADDRESS = knud@yes4trade.de',4987),(64,'2009-08-03 17:32:01','Konfiguration CONTACT_US_REPLY_ADDRESS_NAME = Kndusens Homeware',4987),(65,'2009-08-03 17:32:17','Konfiguration CONTACT_US_EMAIL_SUBJECT = Ihre Kontaktanfrage bei \"Knudsens Homeware\"',4987),(66,'2009-08-03 17:32:31','Konfiguration CONTACT_US_FORWARDING_STRING = knud@yes4trade.de',4987),(67,'2009-08-03 17:32:40','Konfiguration EMAIL_SUPPORT_ADDRESS = knud@yes4trade.de',4987),(68,'2009-08-03 17:32:48','Konfiguration EMAIL_SUPPORT_NAME = knud@yes4trade.de',4987),(69,'2009-08-03 17:32:57','Konfiguration EMAIL_SUPPORT_REPLY_ADDRESS = knud@yes4trade.de',4987),(70,'2009-08-03 17:33:11','Konfiguration EMAIL_SUPPORT_REPLY_ADDRESS_NAME = Kndusens Homeware',4987),(71,'2009-08-03 17:33:25','Konfiguration EMAIL_SUPPORT_SUBJECT = Knudsens Homeware - Supportanfrage',4987),(72,'2009-08-03 17:33:36','Konfiguration EMAIL_SUPPORT_FORWARDING_STRING = knud@yes4trade.de',4987),(73,'2009-08-03 17:33:46','Konfiguration EMAIL_BILLING_ADDRESS = knud@yes4trade.de',4987),(74,'2009-08-03 17:33:58','Konfiguration EMAIL_BILLING_NAME = Kndusens Homeware',4987),(75,'2009-08-03 17:34:08','Konfiguration EMAIL_BILLING_REPLY_ADDRESS = knud@yes4trade.de',4987),(76,'2009-08-03 17:34:20','Konfiguration EMAIL_BILLING_REPLY_ADDRESS_NAME = Kndusens Homeware',4987),(77,'2009-08-03 17:34:36','Konfiguration EMAIL_BILLING_SUBJECT = Rechnung - Knudsens Homeware',4987),(78,'2009-08-03 17:34:48','Konfiguration EMAIL_BILLING_FORWARDING_STRING = knud@yes4trade.de',4987),(79,'2009-08-03 17:36:07','Konfiguration EBAY_USER = hopsderwalfisch',4987),(80,'2009-08-03 17:36:41','Konfiguration EBAY_SKYPE_ENABLED = false',4987),(81,'2009-08-03 17:37:08','Konfiguration EBAY_REVISE_AUTOMATIC = to_qty',4987),(82,'2009-08-03 17:37:09','Konfiguration EBAY_REVISE_AUTOMATIC = to_qty',4987),(83,'2009-08-04 10:12:26','Konfiguration CURRENT_TEMPLATE = xtc2',4987),(84,'2009-08-04 10:12:43','Konfiguration CURRENT_TEMPLATE = xtc2-neu',4987),(85,'2009-08-04 10:13:44','Konfiguration CURRENT_TEMPLATE = xtc2-neu-copy',4987),(86,'2009-08-04 10:14:12','Konfiguration SHOW_STARTPAGE_CONTENT_MATRIX_COLS = 2',4987),(87,'2009-08-04 10:29:24','Konfiguration STOCK_ALLOW_CHECKOUT = true',4987),(88,'2009-08-04 10:38:12','Konfiguration EMAIL_FROM = Knudsens Homeware',4987),(89,'2009-08-04 10:38:48','Konfiguration STORE_OWNER_EMAIL_ADDRESS = knud@yes4trade.de',4987),(90,'2009-08-04 10:40:58','Konfiguration STORE_NAME_ADDRESS = \"Knudsens Homeware\"<br>Knud Knudsen<br>Hauptstr. 13<br>20000 Hamburg<br>Tel: +49 (0) 40 123  456<br>Fax: +49 (0) 40 123 4574<br>Email: knud@yes4trade.de',4987),(91,'2009-08-04 10:59:59','Konfiguration CURRENT_TEMPLATE = xtc2-neu',4987),(92,'2009-10-20 15:04:55','Konfiguration CURRENT_TEMPLATE = xtc2-adinto',4987),(93,'2009-10-20 15:05:17','Konfiguration CURRENT_TEMPLATE = xtc2-copy',4987),(94,'2009-10-20 15:05:27','Konfiguration CURRENT_TEMPLATE = xtc2',4987),(95,'2009-10-20 15:05:38','Konfiguration CURRENT_TEMPLATE = xtc2-neu-copy',4987),(96,'2009-10-20 15:05:48','Konfiguration CURRENT_TEMPLATE = xtc2-neu',4987),(97,'2009-10-20 16:11:11','Konfiguration CURRENT_TEMPLATE = xtc2-adinto',4987),(98,'2009-11-08 19:06:40','Konfiguration CURRENT_TEMPLATE = skill',4987),(99,'2009-11-09 18:15:15','Konfiguration SHOW_STARTPAGE_CONTENT_MATRIX_COLS = 1',4987),(100,'2009-11-12 10:55:22','Konfiguration CURRENT_TEMPLATE = xtc2-standard-classic',4987),(101,'2009-11-12 10:55:35','Konfiguration CURRENT_TEMPLATE = runner',4987),(102,'2009-11-12 17:25:48','Konfiguration SHOW_STARTPAGE_CONTENT_MATRIX_COLS = 4',4987),(103,'2009-11-13 07:04:23','Konfiguration SHOW_STARTPAGE_CONTENT_MATRIX_ROWS = 3',4987),(104,'2009-11-13 07:47:31','Konfiguration PRODUCT_IMAGE_THUMBNAIL_WIDTH = 145',4987),(105,'2009-11-13 07:47:42','Konfiguration PRODUCT_IMAGE_THUMBNAIL_HEIGHT = 120',4987),(106,'2009-11-13 07:48:03','Konfiguration PRODUCT_IMAGE_THUMBNAIL_HEIGHT = ',4987),(107,'2009-11-13 07:48:25','Konfiguration PRODUCT_IMAGE_THUMBNAIL_WIDTH = 200',4987),(108,'2009-11-13 07:48:37','Konfiguration PRODUCT_IMAGE_INFO_HEIGHT = ',4987),(109,'2009-11-13 07:48:46','Konfiguration PRODUCT_IMAGE_POPUP_HEIGHT = ',4987),(110,'2009-11-17 21:39:13','Konfiguration CURRENT_TEMPLATE = XTC-Design_0047',4987),(111,'2009-11-17 21:57:06','Konfiguration CURRENT_TEMPLATE = runner',4987),(112,'2009-11-17 22:00:21','Konfiguration CURRENT_TEMPLATE = XTC-Design_0047',4987),(113,'2009-11-17 22:19:58','Konfiguration MAX_DISPLAY_NEW_PRODUCTS_DAYS = 1000',4987),(114,'2009-11-17 22:21:49','Konfiguration SHOW_STARTPAGE_CONTENT_MATRIX_COLS = 2',4987),(115,'2009-11-17 22:22:00','Konfiguration SHOW_STARTPAGE_CONTENT_MATRIX_ROWS = 2',4987),(116,'2009-11-17 22:22:21','Konfiguration GOOGLE_ANALYTICS_ID = ',4987),(117,'2009-11-17 22:24:10','Konfiguration SHOW_STARTPAGE_CONTENT = 1',4987),(118,'2009-11-17 22:30:15','Konfiguration SHOW_STARTPAGE_CONTENT_MATRIX_ROWS = 4',4987),(119,'2009-11-18 08:56:24','Konfiguration CURRENT_TEMPLATE = runner',4987),(120,'2009-11-19 16:22:22','Konfiguration CURRENT_TEMPLATE = skill',4987),(121,'2009-11-21 17:04:33','Konfiguration CURRENT_TEMPLATE = runner',4987),(122,'2009-11-21 17:05:04','Konfiguration SHOW_STARTPAGE_CONTENT_MATRIX_COLS = 4',4987),(123,'2009-11-21 17:07:07','Konfiguration SHOW_STARTPAGE_CONTENT = 0',4987),(124,'2009-11-25 09:58:08','Konfiguration CURRENT_TEMPLATE = XTC-Design_0047_CSS',4987),(125,'2009-11-25 12:26:12','Konfiguration SHOW_STARTPAGE_CONTENT = 1',4987),(126,'2009-11-27 13:07:21','Konfiguration LIGHTBOX_ACTIVE = True',1),(127,'2009-12-15 20:39:24','Konfiguration CURRENT_TEMPLATE = noble',4987),(128,'2009-12-21 10:39:15','Konfiguration SHOW_STARTPAGE_CONTENT_MATRIX_COLS = 2',4987),(129,'2009-12-21 10:39:30','Konfiguration SHOW_STARTPAGE_CONTENT = 0',4987),(130,'2010-01-13 22:09:46','Konfiguration CURRENT_TEMPLATE = booksecret',4987),(131,'2010-01-14 14:25:38','Konfiguration SHOW_STARTPAGE_CONTENT_MATRIX_COLS = 4',4987),(132,'2010-01-18 18:03:11','Konfiguration CURRENT_TEMPLATE = skill',4987),(133,'2010-01-18 18:03:47','Konfiguration CURRENT_TEMPLATE = xtc2-adinto',4987),(134,'2010-01-18 18:04:06','Konfiguration CURRENT_TEMPLATE = skill',4987),(135,'2010-01-20 20:23:34','Konfiguration CURRENT_TEMPLATE = booksecret',1),(136,'2010-01-20 20:47:56','Konfiguration CURRENT_TEMPLATE = skill',1),(137,'2010-01-21 13:28:16','Konfiguration CURRENT_TEMPLATE = noble',4987),(138,'2010-01-22 11:05:21','Konfiguration CURRENT_TEMPLATE = xtc2-standard-classic',4987),(139,'2010-01-22 11:05:36','Konfiguration CURRENT_TEMPLATE = xtc2-neu',4987),(140,'2010-01-22 11:06:04','Konfiguration CURRENT_TEMPLATE = skill',4987),(141,'2010-01-22 17:52:07','Konfiguration CURRENT_TEMPLATE = booksecret',4987),(142,'2010-01-27 19:00:55','Konfiguration SHOW_STARTPAGE_CONTENT_MATRIX_COLS = 3',4987),(143,'2010-02-17 16:52:14','Konfiguration CURRENT_TEMPLATE = skill',4987),(144,'2010-03-10 02:41:20','Konfiguration CURRENT_TEMPLATE = YAML-xtc-1.7.1',4987),(145,'2010-03-10 02:41:49','Konfiguration CURRENT_TEMPLATE = xtc2',4987),(146,'2010-03-10 02:42:06','Konfiguration CURRENT_TEMPLATE = xtc2-neu',4987),(147,'2010-03-15 13:51:01','Konfiguration CURRENT_TEMPLATE = skill',4987),(148,'2010-03-15 13:51:54','Konfiguration CURRENT_TEMPLATE = xtc2-neu',4987),(149,'2010-03-15 13:52:04','Konfiguration CURRENT_TEMPLATE = xtc2',4987),(150,'2010-03-15 15:02:15','Konfiguration CURRENT_TEMPLATE = blue_world',4987),(151,'2010-03-15 15:23:59','Konfiguration CURRENT_TEMPLATE = xtc2-neu',4987),(152,'2010-03-15 15:24:08','Konfiguration CURRENT_TEMPLATE = xtc2',4987),(153,'2010-03-15 16:24:23','Konfiguration CURRENT_TEMPLATE = blue_world',4987),(154,'2010-03-18 17:30:07','Konfiguration EBAY_DESCRIPTION_SOURCE = 0',4987),(155,'2010-03-20 02:17:21','Kundengruppen Konfiguration test:<br />customers_status_name = test<br />customers_status_public = 0<br />customers_status_show_price = 1<br />customers_status_show_price_tax = 1<br />customers_status_discount = 95<br />customers_status_ot_discount_flag = 0<br />customers_status_ot_discount = <br />customers_status_graduated_prices = 0<br />customers_status_add_tax_ot = 0<br />customers_status_payment_unallowed = <br />customers_status_shipping_unallowed = <br />customers_status_payment_target = 0<br />customers_status_skonto = <br />customers_status_default_admin_paymentmethod = <br />customers_status_delivery_conditions = <br />export_note_text = <br />export_note = 0<br />customers_fsk18 = 0<br />customers_fsk18_display = 0<br />customers_status_discount_attributes = 0<br />customers_status_id = 7<br />language_id = 2<br />',4988),(156,'2010-03-20 02:35:49','Kundengruppen Konfiguration test:<br />customers_status_name = test<br />customers_status_public = 0<br />customers_status_show_price = 1<br />customers_status_show_price_tax = 1<br />customers_status_discount = 95.00<br />customers_status_ot_discount_flag = 0<br />customers_status_ot_discount = 0.00<br />customers_status_graduated_prices = 0<br />customers_status_add_tax_ot = 0<br />customers_status_payment_unallowed = invoice<br />customers_status_shipping_unallowed = <br />customers_status_payment_target = 0<br />customers_status_skonto = <br />customers_status_default_admin_paymentmethod = <br />customers_status_delivery_conditions = <br />export_note_text = <br />export_note = 0<br />customers_fsk18 = 0<br />customers_fsk18_display = 0<br />customers_status_discount_attributes = <br />',4988),(157,'2010-03-22 13:39:14','Kundengruppen Konfiguration test:<br />customers_status_name = test<br />customers_status_public = 1<br />customers_status_show_price = 1<br />customers_status_show_price_tax = 1<br />customers_status_discount = 95.00<br />customers_status_ot_discount_flag = 0<br />customers_status_ot_discount = 0.00<br />customers_status_graduated_prices = 0<br />customers_status_add_tax_ot = 0<br />customers_status_payment_unallowed = invoice<br />customers_status_shipping_unallowed = <br />customers_status_payment_target = 0<br />customers_status_skonto = <br />customers_status_default_admin_paymentmethod = <br />customers_status_delivery_conditions = <br />export_note_text = <br />export_note = 0<br />customers_fsk18 = 0<br />customers_fsk18_display = 0<br />customers_status_discount_attributes = <br />',4988),(158,'2010-03-22 14:04:40','Kundengruppen Konfiguration TestKundengruppe:<br />customers_status_name = TestKundengruppe<br />customers_status_public = 1<br />customers_status_show_price = 1<br />customers_status_show_price_tax = 1<br />customers_status_discount = 95.00<br />customers_status_ot_discount_flag = 0<br />customers_status_ot_discount = 0.00<br />customers_status_graduated_prices = 0<br />customers_status_add_tax_ot = 0<br />customers_status_payment_unallowed = invoice<br />customers_status_shipping_unallowed = <br />customers_status_payment_target = 21<br />customers_status_skonto = <br />customers_status_default_admin_paymentmethod = <br />customers_status_delivery_conditions = <br />export_note_text = <br />export_note = 0<br />customers_fsk18 = 0<br />customers_fsk18_display = 0<br />customers_status_discount_attributes = <br />',4988),(159,'2010-03-22 14:07:24','Kundengruppen Konfiguration TestKundengruppe:<br />customers_status_name = TestKundengruppe<br />customers_status_public = 0<br />customers_status_show_price = 1<br />customers_status_show_price_tax = 1<br />customers_status_discount = 95.00<br />customers_status_ot_discount_flag = 0<br />customers_status_ot_discount = 0.00<br />customers_status_graduated_prices = 0<br />customers_status_add_tax_ot = 0<br />customers_status_payment_unallowed = invoice<br />customers_status_shipping_unallowed = <br />customers_status_payment_target = 21<br />customers_status_skonto = <br />customers_status_default_admin_paymentmethod = <br />customers_status_delivery_conditions = <br />export_note_text = <br />export_note = 0<br />customers_fsk18 = 0<br />customers_fsk18_display = 0<br />customers_status_discount_attributes = <br />',4988),(160,'2010-03-22 14:07:38','Kundengruppen Konfiguration Gast:<br />customers_status_name = Gast<br />customers_status_public = 0<br />customers_status_show_price = 1<br />customers_status_show_price_tax = 1<br />customers_status_discount = 0.00<br />customers_status_ot_discount_flag = 0<br />customers_status_ot_discount = 0.00<br />customers_status_graduated_prices = 0<br />customers_status_add_tax_ot = 0<br />customers_status_payment_unallowed = invoice<br />customers_status_shipping_unallowed = <br />customers_status_payment_target = 0<br />customers_status_skonto = <br />customers_status_default_admin_paymentmethod = <br />customers_status_delivery_conditions = <br />export_note_text = <br />export_note = 0<br />customers_fsk18 = 1<br />customers_fsk18_display = 1<br />customers_status_discount_attributes = <br />',4988),(161,'2010-03-22 14:10:15','Kundengruppen Konfiguration TestKundengruppe:<br />customers_status_name = TestKundengruppe<br />customers_status_public = 0<br />customers_status_show_price = 1<br />customers_status_show_price_tax = 1<br />customers_status_discount = 50.00<br />customers_status_ot_discount_flag = 0<br />customers_status_ot_discount = 0.00<br />customers_status_graduated_prices = 0<br />customers_status_add_tax_ot = 0<br />customers_status_payment_unallowed = invoice<br />customers_status_shipping_unallowed = <br />customers_status_payment_target = 21<br />customers_status_skonto = <br />customers_status_default_admin_paymentmethod = <br />customers_status_delivery_conditions = <br />export_note_text = <br />export_note = 0<br />customers_fsk18 = 0<br />customers_fsk18_display = 0<br />customers_status_discount_attributes = <br />',4988),(162,'2010-03-25 19:18:35','Konfiguration STORE_OWNER_EMAIL_ADDRESS = k.knudsen@yes4trade.de',4987),(163,'2010-03-25 19:20:50','Konfiguration SMTP_USERNAME = k.knudsen@yes4trade.de',4987),(164,'2010-03-25 19:20:58','Konfiguration SMTP_PASSWORD = ',4987),(165,'2010-03-25 19:21:15','Konfiguration CONTACT_US_EMAIL_ADDRESS = k.knudsen@yes4trade.de',4987),(166,'2010-03-25 19:21:22','Konfiguration CONTACT_US_REPLY_ADDRESS = k.knudsen@yes4trade.de',4987),(167,'2010-03-25 19:21:34','Konfiguration CONTACT_US_FORWARDING_STRING = k.knudsen@yes4trade.de',4987),(168,'2010-03-25 19:21:41','Konfiguration EMAIL_SUPPORT_ADDRESS = k.knudsen@yes4trade.de',4987),(169,'2010-03-25 19:21:48','Konfiguration EMAIL_SUPPORT_NAME = k.knudsen@yes4trade.de',4987),(170,'2010-03-25 19:21:55','Konfiguration EMAIL_SUPPORT_REPLY_ADDRESS = k.knudsen@yes4trade.de',4987),(171,'2010-03-25 19:22:11','Konfiguration EMAIL_SUPPORT_FORWARDING_STRING = k.knudsen@yes4trade.de',4987),(172,'2010-03-25 19:22:19','Konfiguration EMAIL_BILLING_ADDRESS = k.knudsen@yes4trade.de',4987),(173,'2010-03-25 19:22:35','Konfiguration EMAIL_BILLING_REPLY_ADDRESS = k.knudsen@yes4trade.de',4987),(174,'2010-03-25 19:22:45','Konfiguration EMAIL_BILLING_FORWARDING_STRING = k.knudsen@yes4trade.de',4987),(175,'2010-03-25 19:24:15','Konfiguration EBAY_USERLOGINURL = http://MEINE-DOMAIN.DE/ebay_account_edit.php',4987),(176,'2010-03-25 19:25:10','Konfiguration EBAY_USER = ',4987),(177,'2010-03-25 19:25:39','Konfiguration EBAY_PICPATH_WEBSERVER = http://MEINE-DOMAIN.DE/images/product_images/popup_images/',4987),(178,'2010-03-29 22:06:48','Konfiguration CURRENT_TEMPLATE = xtc2',1),(179,'2010-03-29 22:12:18','Konfiguration STORE_OWNER = Der Shop',1),(180,'2010-03-29 22:12:26','Konfiguration EMAIL_FROM = Der Shop',1),(181,'2010-03-29 22:12:37','Konfiguration STORE_NAME = Der Shop',1),(182,'2010-03-29 22:12:47','Konfiguration MODULE_PAYMENT_MONEYORDER_PAYTO = Der Shop | Hamburger Bank, BLZ.: 20050500 - Kto: 123456789 - IBAN:   DE123456789012345678890 - BIC: HASPDEHH XXX',1),(183,'2010-03-29 22:12:56','Konfiguration STORE_OWNER_EMAIL_ADDRESS = der-shop@yes4trade.de',1),(184,'2010-03-29 22:13:19','Konfiguration STORE_WRAP = \"Der Shop\" - Der Shop - Haupstr. 13 / 20000 Hamburg',1),(185,'2010-03-29 22:13:31','Konfiguration BANK_WRAP = Der Shop<br>Hamburger Bank<br>Blz.: 20050500<br>Ktn.: 123456789<br>IBAN: DE121234567890123456789026<br>SWIFT/BIC: HASPDEHH XXX',1),(186,'2010-03-29 22:14:08','Konfiguration STORE_NAME_ADDRESS = \"Der Shop\"<br>Der Shop<br>Hauptstr. 13<br>20000 Hamburg<br>Tel: +49 (0) 40 123  456<br>Fax: +49 (0) 40 123 4574<br>Email: der-shop@yes4trade.de<br>USt.-ID: DE123456789',1),(187,'2010-03-29 22:14:18','Konfiguration SHOP_COMPANY_NAME = Der Shop',1),(188,'2010-03-29 22:14:36','Konfiguration SMTP_MAIN_SERVER = ',1),(189,'2010-03-29 22:14:43','Konfiguration SMTP_USERNAME = ',1),(190,'2010-03-29 22:15:00','Konfiguration CONTACT_US_EMAIL_ADDRESS = der-shop@yes4trade.de',1),(191,'2010-03-29 22:15:09','Konfiguration CONTACT_US_NAME = Der Shop',1),(192,'2010-03-29 22:15:17','Konfiguration CONTACT_US_REPLY_ADDRESS = der-shop@yes4trade.de',1),(193,'2010-03-29 22:15:25','Konfiguration CONTACT_US_REPLY_ADDRESS_NAME = Der Shop',1),(194,'2010-03-29 22:15:40','Konfiguration CONTACT_US_EMAIL_SUBJECT = Ihre Kontaktanfrage bei \"Der Shop\"',1),(195,'2010-03-29 22:15:48','Konfiguration CONTACT_US_FORWARDING_STRING = der-shop@yes4trade.de',1),(196,'2010-03-29 22:15:57','Konfiguration EMAIL_SUPPORT_ADDRESS = der-shop@yes4trade.de',1),(197,'2010-03-29 22:16:06','Konfiguration EMAIL_SUPPORT_NAME = der-shop@yes4trade.de',1),(198,'2010-03-29 22:16:14','Konfiguration EMAIL_SUPPORT_REPLY_ADDRESS = der-shop@yes4trade.de',1),(199,'2010-03-29 22:16:23','Konfiguration EMAIL_SUPPORT_REPLY_ADDRESS_NAME = Der Shop',1),(200,'2010-03-29 22:16:45','Konfiguration EMAIL_SUPPORT_SUBJECT = Herzlich Willkomen bei \"Der Shop\"',1),(201,'2010-03-29 22:16:58','Konfiguration EMAIL_SUPPORT_FORWARDING_STRING = der-shop@yes4trade.de',1),(202,'2010-03-29 22:17:06','Konfiguration EMAIL_BILLING_ADDRESS = der-shop@yes4trade.de',1),(203,'2010-03-29 22:17:17','Konfiguration EMAIL_BILLING_NAME = Der Shop',1),(204,'2010-03-29 22:17:26','Konfiguration EMAIL_BILLING_REPLY_ADDRESS = der-shop@yes4trade.de',1),(205,'2010-03-29 22:17:34','Konfiguration EMAIL_BILLING_REPLY_ADDRESS_NAME = Der Shop',1),(206,'2010-03-29 22:17:49','Konfiguration EMAIL_BILLING_SUBJECT = Ihr Auftrag bei \"Der Shop\"',1),(207,'2010-03-29 22:18:05','Konfiguration EMAIL_BILLING_FORWARDING_STRING = aus-dem-shop@yes4trade.de',1),(208,'2010-03-29 22:18:15','Konfiguration EMAIL_BILLING_FORWARDING_STRING = shop-bestellung@yes4trade.de',1),(209,'2010-03-29 22:19:00','Konfiguration PAYPAL_ORDER_STATUS_PENDING_ID = 2',1),(210,'2010-03-29 22:19:09','Konfiguration PAYPAL_ORDER_STATUS_SUCCESS_ID = 1',1),(211,'2010-03-29 23:24:26','Konfiguration EBAY_XSELL_DAYSPAN = 3',1),(212,'2010-03-29 23:25:08','Konfiguration EBAY_SHIPTOLOCATIONS = DE',1),(213,'2010-03-29 23:25:48','Konfiguration CACHE_LIFETIME = 7200',1),(214,'2010-03-29 23:26:04','Konfiguration DB_CACHE_EXPIRE = 7200',1),(215,'2010-03-29 23:26:23','Konfiguration PRODUCT_REVIEWS_VIEW = 0',1),(216,'2010-05-31 12:56:54','Konfiguration CURRENT_TEMPLATE = xtc2-newart-blau',1),(217,'2010-05-31 12:57:14','Konfiguration CURRENT_TEMPLATE = xtc2-newart-gruen',1),(218,'2010-05-31 12:57:24','Konfiguration CURRENT_TEMPLATE = YES4trade',1),(219,'2010-05-31 13:48:45','Konfiguration CURRENT_TEMPLATE = xtc',1),(220,'2010-05-31 13:49:10','Konfiguration CURRENT_TEMPLATE = xtc-border',1),(221,'2010-05-31 14:10:28','Konfiguration CURRENT_TEMPLATE = xtc-standard-grau',1),(222,'2010-05-31 14:10:52','Konfiguration CURRENT_TEMPLATE = xtc-standard-braun',1),(223,'2010-05-31 14:11:17','Konfiguration CURRENT_TEMPLATE = xtc-newart-blau',1),(224,'2010-05-31 14:12:00','Konfiguration CURRENT_TEMPLATE = xtc-newart-gruen',1),(225,'2010-09-13 21:33:46','Kundengruppen Konfiguration NETTO - NICHT EU:<br />customers_status_name = NETTO - NICHT EU<br />customers_status_public = 0<br />customers_status_show_price = 1<br />customers_status_show_price_tax = 0<br />customers_status_discount = 0.00<br />customers_status_ot_discount_flag = 0<br />customers_status_ot_discount = 0.00<br />customers_status_graduated_prices = 0<br />customers_status_add_tax_ot = 0<br />customers_status_payment_unallowed = invoice<br />customers_status_shipping_unallowed = <br />customers_status_payment_target = 0<br />customers_status_skonto = <br />customers_status_default_admin_paymentmethod = <br />customers_status_delivery_conditions = <br />export_note_text = Steuerfreie Ausfuhrlieferung gem. Ã‚Â§ 4 Nr. 1a des Umsatzsteuergesetzes<br />export_note = 1<br />customers_fsk18 = 1<br />customers_fsk18_display = 1<br />customers_status_discount_attributes = <br />',1),(226,'2010-10-18 14:55:08','Konfiguration ACCOUNT_COMPANY_VAT_CHECK = false',1),(227,'2010-10-18 14:55:08','Konfiguration ACCOUNT_COMPANY_VAT_CHECK = false',1),(228,'2010-10-18 14:55:14','Konfiguration ACCOUNT_COMPANY_VAT_LIVE_CHECK = false',1),(229,'2010-10-18 14:55:18','Konfiguration ACCOUNT_COMPANY_VAT_GROUP = false',1),(230,'2010-10-18 14:55:22','Konfiguration ACCOUNT_VAT_BLOCK_ERROR = false',1),(231,'2010-10-27 15:17:54','Konfiguration CURRENT_TEMPLATE = YES4trade',1),(232,'2010-10-27 15:19:53','Konfiguration CURRENT_TEMPLATE = YES4trade_1',1),(233,'2010-10-27 15:20:36','Konfiguration CURRENT_TEMPLATE = YES4trade_2',1),(234,'2010-10-27 15:22:31','Konfiguration CURRENT_TEMPLATE = YES4trade_1',1),(235,'2010-11-24 22:39:03','Konfiguration SHIPPING_DEFAULT_VERSENDER_VALUE = GLS',1),(236,'2010-11-24 22:39:35','Konfiguration KAUFABWICKLUNG_COMBINE_ACTIVE = True',1),(237,'2010-11-24 22:39:54','Konfiguration EBAYAPI_HIGHBIDDER_DURATION = 5',1),(238,'2010-11-24 22:47:04','Kundengruppen Konfiguration Gewerbe - EU:<br />customers_status_name = Gewerbe - EU<br />customers_status_public = 0<br />customers_status_show_price = 1<br />customers_status_show_price_tax = 0<br />customers_status_discount = 0.00<br />customers_status_ot_discount_flag = 0<br />customers_status_ot_discount = 0.00<br />customers_status_graduated_prices = 0<br />customers_status_add_tax_ot = 0<br />customers_status_payment_unallowed = invoice<br />customers_status_shipping_unallowed = <br />customers_status_payment_target = 0<br />customers_status_skonto = <br />customers_status_default_admin_paymentmethod = <br />customers_status_delivery_conditions = <br />export_note_text = Dieser Umsatz ist nach § 4 Nr. 1b UStG umsatzsteuerfrei<br />export_note = 1<br />customers_fsk18 = 1<br />customers_fsk18_display = 1<br />customers_status_discount_attributes = <br />',1),(239,'2010-11-24 22:47:16','Kundengruppen Konfiguration NETTO - NICHT EU:<br />customers_status_name = NETTO - NICHT EU<br />customers_status_public = 0<br />customers_status_show_price = 1<br />customers_status_show_price_tax = 0<br />customers_status_discount = 0.00<br />customers_status_ot_discount_flag = 0<br />customers_status_ot_discount = 0.00<br />customers_status_graduated_prices = 0<br />customers_status_add_tax_ot = 0<br />customers_status_payment_unallowed = invoice<br />customers_status_shipping_unallowed = <br />customers_status_payment_target = 0<br />customers_status_skonto = <br />customers_status_default_admin_paymentmethod = <br />customers_status_delivery_conditions = <br />export_note_text = Steuerfreie Ausfuhrlieferung gem. § 4 Nr. 1a des Umsatzsteuergesetzes<br />export_note = 1<br />customers_fsk18 = 1<br />customers_fsk18_display = 1<br />customers_status_discount_attributes = <br />',1),(240,'2010-12-06 03:01:15','Konfiguration PRODUCT_IMAGE_EBAYCATEGORY_BEVEL = ',1),(241,'2010-12-06 03:01:29','Konfiguration IMAGE_QUALITY = 100',1),(242,'2010-12-16 15:35:41','Kundengruppen Konfiguration TestKundengruppe:<br />customers_status_name = TestKundengruppe<br />customers_status_public = 0<br />customers_status_show_price = 1<br />customers_status_show_price_tax = 1<br />customers_status_discount = 10.00<br />customers_status_ot_discount_flag = 0<br />customers_status_ot_discount = 0.00<br />customers_status_graduated_prices = 0<br />customers_status_add_tax_ot = 0<br />customers_status_payment_unallowed = invoice<br />customers_status_shipping_unallowed = <br />customers_status_payment_target = 21<br />customers_status_skonto = <br />customers_status_default_admin_paymentmethod = <br />customers_status_delivery_conditions = <br />export_note_text = <br />export_note = 0<br />customers_fsk18 = 0<br />customers_fsk18_display = 0<br />customers_status_discount_attributes = <br />',1),(243,'2010-12-16 15:58:01','Konfiguration SHOW_PRODUCTS_IN_ACCOUNT_HISTORY_INFO = True',1),(244,'2010-12-20 12:16:30','Konfiguration CURRENT_TEMPLATE = YES4trade',1),(245,'2011-01-17 21:50:24','Konfiguration CURRENT_TEMPLATE = YES4trade_1',1),(246,'2011-01-20 14:51:42','Konfiguration CURRENT_TEMPLATE = YES4trade_2',1),(247,'2011-01-20 14:51:59','Konfiguration CURRENT_TEMPLATE = YES4trade',1),(248,'2011-01-20 14:52:20','Konfiguration CURRENT_TEMPLATE = YES4trade_1',1),(249,'2011-01-20 15:16:26','Konfiguration CURRENT_TEMPLATE = YES4trade',1),(250,'2011-01-20 15:16:40','Konfiguration CURRENT_TEMPLATE = YES4trade_1',1),(251,'2011-03-10 18:43:08','Konfiguration EMAIL_TRANSPORT = sendmail',1),(252,'2011-03-10 18:43:19','Konfiguration SMTP_AUTH = false',1),(253,'2011-03-10 19:15:17','Konfiguration EMAIL_TRANSPORT = smtp',1),(254,'2011-03-10 19:15:33','Konfiguration SMTP_MAIN_SERVER = smtp.yes4trade.de',1),(255,'2011-03-11 19:31:15','Konfiguration CHECK_CLIENT_AGENT = true',1),(256,'2011-04-14 17:43:34','Konfiguration ORDERS_EDIT_PRODUCTS_PRESELECT_PID = false',1),(257,'2011-04-14 17:44:27','Konfiguration SHOP_COMPANY_SUBURB = NUR FÜR EINKAUF WICHTIG',1),(258,'2011-04-14 17:44:42','Konfiguration SHOP_COMPANY_POSTCODE = NUR IM TARIF EINKAUF WICHTIG',1),(259,'2011-04-14 17:44:49','Konfiguration SHOP_COMPANY_CITY = NUR IM TARIF EINKAUF WICHTIG',1),(260,'2011-04-14 17:44:57','Konfiguration SHOP_COMPANY_SUBURB = NUR IM TARIF EINKAUF WICHTIG',1),(261,'2011-04-14 17:45:08','Konfiguration SHOP_COMPANY_STREET = NUR IM TARIF EINKAUF WICHTIG',1),(262,'2011-04-14 17:45:15','Konfiguration SHOP_COMPANY_NAME = NUR IM TARIF EINKAUF WICHTIG',1),(263,'2011-04-14 17:46:05','Konfiguration MO_PICS = 5',1),(264,'2011-04-14 17:46:18','Konfiguration PRODUCT_IMAGE_THUMBNAIL_HEIGHT = 200',1),(265,'2011-04-14 17:46:26','Konfiguration PRODUCT_IMAGE_INFO_WIDTH = 400',1),(266,'2011-04-14 17:46:34','Konfiguration PRODUCT_IMAGE_INFO_HEIGHT = 400',1),(267,'2011-04-14 17:46:41','Konfiguration PRODUCT_IMAGE_POPUP_WIDTH = 600',1),(268,'2011-04-14 17:46:47','Konfiguration PRODUCT_IMAGE_POPUP_HEIGHT = 600',1),(269,'2011-04-14 17:46:59','Konfiguration PRODUCT_IMAGE_EBAYCATEGORY_WIDTH = 400',1),(270,'2011-04-14 17:47:06','Konfiguration PRODUCT_IMAGE_EBAYCATEGORY_HEIGHT = 400',1),(271,'2011-04-14 17:48:31','Konfiguration PRODUCT_IMAGE_EBAYCATEGORY_BEVEL = 6,0000FF,000066',1),(272,'2011-04-14 17:49:11','Konfiguration PDF_ORDER_EXPORT_AT_SHIPPING_ACTION = True',1),(273,'2011-04-14 17:49:25','Konfiguration PDF_PACKINGSLIP_EXPORT_AT_SHIPPING_ACTION = True',1),(274,'2011-04-14 17:49:32','Konfiguration PDF_RECLAMATION_EXPORT_AT_SHIPPING_ACTION = True',1),(275,'2011-04-14 17:49:40','Konfiguration PDF_PRODUCTS_EXPORT_AT_SHIPPING_ACTION = True',1),(276,'2011-04-14 17:49:54','Konfiguration SHIPPING_ACTION_EASYLOG_RUECKSCHEIN = false',1),(277,'2011-04-14 17:50:34','Konfiguration EMAIL_TRANSPORT = sendmail',1),(278,'2011-04-14 17:50:58','Konfiguration PDF_TEASER_IN_ORDERS = true',1),(279,'2011-04-14 17:51:04','Konfiguration PDF_TEASER_IN_OC = true',1),(280,'2011-04-14 17:51:11','Konfiguration PDF_TEASER_IN_OFFERS = true',1),(281,'2011-04-14 17:51:46','Konfiguration META_REPLY_TO = info@yes4trade.de',1),(282,'2011-04-14 17:52:04','Konfiguration META_REPLY_TO = info@yes4shop.de',1),(283,'2011-04-14 18:39:18','Konfiguration WARNING_AUTOMATIC = 0',1),(284,'2011-04-14 18:40:12','Kundengruppen Konfiguration AMAZON:<br />customers_status_name = AMAZON<br />customers_status_public = 0<br />customers_status_show_price = 0<br />customers_status_show_price_tax = 1<br />customers_status_discount = <br />customers_status_ot_discount_flag = 0<br />customers_status_ot_discount = <br />customers_status_graduated_prices = 0<br />customers_status_add_tax_ot = 1<br />customers_status_payment_unallowed = <br />customers_status_shipping_unallowed = <br />customers_status_payment_target = 0<br />customers_status_skonto = <br />customers_status_default_admin_paymentmethod = <br />customers_status_delivery_conditions = <br />export_note_text = <br />export_note = 0<br />customers_fsk18 = 0<br />customers_fsk18_display = 0<br />customers_status_discount_attributes = 0<br />customers_status_id = 8<br />language_id = 2<br />',1),(285,'2011-04-14 18:40:49','Kundengruppen Konfiguration AMAZON:<br />customers_status_name = AMAZON<br />customers_status_public = 0<br />customers_status_show_price = 0<br />customers_status_show_price_tax = 1<br />customers_status_discount = 0.00<br />customers_status_ot_discount_flag = 0<br />customers_status_ot_discount = 0.00<br />customers_status_graduated_prices = 0<br />customers_status_add_tax_ot = 1<br />customers_status_payment_unallowed = <br />customers_status_shipping_unallowed = <br />customers_status_payment_target = 90<br />customers_status_skonto = <br />customers_status_default_admin_paymentmethod = <br />customers_status_delivery_conditions = <br />export_note_text = <br />export_note = 0<br />customers_fsk18 = 0<br />customers_fsk18_display = 0<br />customers_status_discount_attributes = <br />',1),(286,'2011-04-14 22:46:27','Konfiguration CURRENT_TEMPLATE = YES4trade',1),(287,'2011-04-14 23:40:50','Kundengruppen Konfiguration Admin:<br />customers_status_name = Admin<br />customers_status_public = 0<br />customers_status_show_price = 1<br />customers_status_show_price_tax = 1<br />customers_status_discount = 0.00<br />customers_status_ot_discount_flag = 1<br />customers_status_ot_discount = 0.00<br />customers_status_graduated_prices = 1<br />customers_status_add_tax_ot = 1<br />customers_status_payment_unallowed = invoice<br />customers_status_shipping_unallowed = <br />customers_status_payment_target = 0<br />customers_status_skonto = <br />customers_status_default_admin_paymentmethod = <br />customers_status_delivery_conditions = <br />export_note_text = <br />export_note = 0<br />customers_fsk18 = 1<br />customers_fsk18_display = 1<br />customers_status_discount_attributes = <br />',1),(288,'2011-05-03 13:52:18','Konfiguration BARCODE_PACKINGSLIP_ACTIVE = True',1),(289,'2011-05-03 13:58:09','Kundengruppen Konfiguration Gewerbe - EU:<br />customers_status_name = Gewerbe - EU<br />customers_status_public = 0<br />customers_status_show_price = 1<br />customers_status_show_price_tax = 0<br />customers_status_discount = 0.00<br />customers_status_ot_discount_flag = 0<br />customers_status_ot_discount = 0.00<br />customers_status_graduated_prices = 0<br />customers_status_add_tax_ot = 0<br />customers_status_payment_unallowed = invoice<br />customers_status_shipping_unallowed = <br />customers_status_payment_target = 10<br />customers_status_skonto = 10:3;30:1.5<br />customers_status_default_admin_paymentmethod = <br />customers_status_delivery_conditions = <br />export_note_text = Dieser Umsatz ist nach § 4 Nr. 1b UStG umsatzsteuerfrei<br />export_note = 1<br />customers_fsk18 = 1<br />customers_fsk18_display = 1<br />customers_status_discount_attributes = <br />',1),(290,'2011-05-11 10:23:00','Konfiguration SHOW_GROUPS_IN_ADVANCED_SEARCH = True',1),(291,'2011-05-11 11:04:49','Konfiguration MAX_DISPLAY_MANUFACTURERS_IN_A_LIST = 3',1),(292,'2011-05-11 11:10:13','Konfiguration DELETE_GUEST_ACCOUNT = false',1),(293,'2011-05-11 11:36:37','Konfiguration PRODUCT_LIST_FILTER = 0',1),(294,'2011-05-11 11:38:17','Konfiguration PRODUCT_LIST_FILTER = 1',1),(295,'2011-05-11 11:53:16','Konfiguration GZIP_COMPRESSION = true',1),(296,'2011-05-11 11:54:42','Konfiguration SESSION_RECREATE = True',1),(297,'2011-05-11 11:54:56','Konfiguration SESSION_TIMEOUT_ADMIN = 14400',1),(298,'2011-05-11 12:09:46','Konfiguration EBAYID_FILTER_MONTH = 3',1),(299,'2011-05-11 15:43:11','Konfiguration QUICKLINK_ACTIVATED = false',1),(300,'2011-05-11 15:43:25','Konfiguration SHOW_IP_LOG = true',1),(301,'2011-06-07 09:54:18','Konfiguration EBAY_CHECKOUT_INSTRUCTIONS = KAUFABWICKLUNG: Direkt nach der Auktion erhalten Sie eine EMAIL von uns (!) mit Ihren Zugangsdaten, mit denen Sie auf der Kaufabwicklungsseite Ihre Daten einsehen und korrigieren koennen. Kontrollieren Sie bitte unbedingt Ihre Daten in unserer Kaufabwicklung.',1),(302,'2011-06-09 19:54:36','Konfiguration EBAY_CHECKOUT_INSTRUCTIONS = ',1),(303,'2011-09-30 10:48:40','Konfiguration EBAY_CHECKOUT_SEND_EMAIL = True',1),(304,'2011-11-01 13:37:57','Konfiguration EBAY_CHECKOUT_INSTRUCTIONS = Vielen Dank für Ihre Bestellung. Solletn Sie Fragen zu Ihrem Auftrag oder auch uns haben, so kommen Sie bitte direkt auf uns zu.',1),(305,'2012-07-16 18:27:04','Konfiguration CHECK_PRODUCTS_PRICE_AT_STATUS_CHANGE = true',1),(306,'2012-09-17 09:50:10','Konfiguration EBAY_CHECKOUT_SEND_EMAIL = False',1),(307,'2012-12-20 11:43:13','Konfiguration PAYMENT_CONFIRMATION_EMAIL_ACTIVE = true',1),(308,'2013-01-30 19:26:19','Konfiguration MODULE_ORDER_TOTAL_INSTALLED = ot_subtotal.php;ot_discount.php;ot_coupon.php;ot_payment_fee.php;ot_subtotal_no_tax.php;ot_cod_fee.php;ot_shipping.php;ot_tax.php;ot_total.php',1),(309,'2013-04-30 17:43:49','Konfiguration PRODUCT_IMAGE_EBAYCATEGORY_WIDTH = 500',1),(310,'2013-04-30 17:44:06','Konfiguration PRODUCT_IMAGE_EBAYCATEGORY_HEIGHT = 500',1),(311,'2013-04-30 17:44:16','Konfiguration PRODUCT_IMAGE_EBAYCATEGORY_BEVEL = ',1),(312,'2013-04-30 17:44:17','Konfiguration PRODUCT_IMAGE_EBAYCATEGORY_BEVEL = ',1),(313,'2013-04-30 17:44:57','Konfiguration PRODUCT_IMAGE_POPUP_WIDTH = 800',1),(314,'2013-04-30 17:45:08','Konfiguration PRODUCT_IMAGE_POPUP_HEIGHT = 800',1),(315,'2013-04-30 17:45:33','Konfiguration ADMINMAIL_AT_SHOPORDER = 1',1),(316,'2013-04-30 17:46:19','Konfiguration SUMA_USE_SHOP_NAME_IN_PRODUCTS_DETAILS_PAGE = True',1),(317,'2013-09-03 13:10:28','Konfiguration EBAY_DEFAULT_DUMMY_PRODUCTS_ID = 111',1),(318,'2013-11-05 20:25:36','Konfiguration NO_SHIPPING_EMAIL = 1',1),(319,'2013-11-05 20:26:57','Konfiguration PRODUCT_IMAGE_EBAYCATEGORY_WIDTH = 800',1),(320,'2013-11-05 20:27:09','Konfiguration PRODUCT_IMAGE_EBAYCATEGORY_HEIGHT = 800',1),(321,'2013-11-05 20:27:18','Konfiguration LIGHTBOX_ACTIVE = False',1),(322,'2013-11-05 20:27:40','Konfiguration SUMA_USE_PRODUCTS_NAME_AND_PRODUCTS_META_TITLE_FOR_META = All',1),(323,'2013-11-05 20:28:09','Konfiguration EBAY_AUTOMATIC_FEEDBACK_BY_PAYMENTALLOCATION = true',1),(324,'2013-11-05 20:28:50','Konfiguration EBAY_SHIPPINGCOSTPAIDBY = EUBuyer_CancelRightsUnder40',1),(325,'2013-11-05 20:29:19','Konfiguration EBAY_SHIPTOLOCATIONS = EuropeanUnion',1),(326,'2013-11-05 20:29:45','Konfiguration EBAY_AUTOMATIC_FEEDBACK = true',1),(327,'2013-11-05 20:30:00','Konfiguration FEEDBACK_REMINDER_ACTIVE = True',1),(328,'2013-11-05 20:30:33','Konfiguration FEEDBACK_REMINDER_MAX_COUNTER = 2',1),(329,'2013-11-05 20:49:05','Konfiguration CRONJOB_EMAILS = 1',1),(330,'2013-12-05 20:03:01','Konfiguration PRICE_PRECISION = 4',1),(331,'2014-02-10 16:06:12','Konfiguration BOX_MARKETING = 2,5:,,,,;,,,,',1),(332,'2014-02-10 16:06:56','Konfiguration BOX_MARKETING = 2,5:,,,,;110,109,108,102,',1),(333,'2014-02-10 17:08:23','Konfiguration BOX_MARKETING = 2,5:107,106,105,104,;110,109,108,102,',1),(334,'2014-02-10 17:09:08','Konfiguration BOX_MARKETING = 2,4:107,106,105,104;110,109,108,102',1),(335,'2014-02-27 12:07:52','Konfiguration BOX_MARKETING = 2,4:,106,105,104;110,109,108,102',1),(336,'2014-02-27 12:08:57','Konfiguration BOX_MARKETING = 2,4:123,106,105,104;110,109,108,102',1),(337,'2014-04-09 11:36:39','Konfiguration SHOW_ORDER_LIST = true',1),(338,'2014-04-09 11:37:14','Konfiguration SHOW_EDIT_ADRESS = true',1),(339,'2015-03-02 19:59:11','Kundengruppen Konfiguration Gast:<br />customers_status_name = Gast<br />customers_status_public = 0<br />customers_status_show_price = 1<br />customers_status_show_price_tax = 1<br />customers_status_discount = 0.00<br />customers_status_ot_discount_flag = 0<br />customers_status_ot_discount = 0.00<br />customers_status_graduated_prices = 0<br />customers_status_add_tax_ot = 1<br />customers_status_payment_unallowed = invoice<br />customers_status_shipping_unallowed = <br />customers_status_payment_target = 0<br />customers_status_skonto = <br />customers_status_default_admin_paymentmethod = <br />customers_status_delivery_conditions = <br />export_note_text = <br />export_note = 0<br />customers_fsk18 = 1<br />customers_fsk18_display = 1<br />customers_status_discount_attributes = <br />',1),(340,'2015-03-02 20:00:13','Kundengruppen Konfiguration TestKundengruppe:<br />customers_status_name = TestKundengruppe<br />customers_status_public = 0<br />customers_status_show_price = 1<br />customers_status_show_price_tax = 1<br />customers_status_discount = 10.00<br />customers_status_ot_discount_flag = 0<br />customers_status_ot_discount = 0.00<br />customers_status_graduated_prices = 0<br />customers_status_add_tax_ot = 1<br />customers_status_payment_unallowed = invoice<br />customers_status_shipping_unallowed = <br />customers_status_payment_target = 21<br />customers_status_skonto = <br />customers_status_default_admin_paymentmethod = <br />customers_status_delivery_conditions = <br />export_note_text = <br />export_note = 0<br />customers_fsk18 = 0<br />customers_fsk18_display = 0<br />customers_status_discount_attributes = <br />',1),(341,'2015-03-02 20:00:57','Kundengruppen Konfiguration AMAZON:<br />customers_status_name = AMAZON<br />customers_status_public = 0<br />customers_status_show_price = 0<br />customers_status_show_price_tax = 1<br />customers_status_discount = 0.00<br />customers_status_ot_discount_flag = 0<br />customers_status_ot_discount = 0.00<br />customers_status_graduated_prices = 0<br />customers_status_add_tax_ot = 1<br />customers_status_payment_unallowed = invoice<br />customers_status_shipping_unallowed = <br />customers_status_payment_target = 90<br />customers_status_skonto = <br />customers_status_default_admin_paymentmethod = <br />customers_status_delivery_conditions = <br />export_note_text = <br />export_note = 0<br />customers_fsk18 = 0<br />customers_fsk18_display = 0<br />customers_status_discount_attributes = <br />',1),(342,'2015-05-05 14:28:53','Konfiguration PRODUCT_IMAGE_EBAYCATEGORY_WIDTH = 1100',1),(343,'2015-05-05 14:29:06','Konfiguration PRODUCT_IMAGE_EBAYCATEGORY_HEIGHT = 1000',1),(344,'2015-05-05 14:29:18','Konfiguration PRODUCT_IMAGE_INFO_WIDTH = 4300',1),(345,'2015-05-05 14:29:24','Konfiguration PRODUCT_IMAGE_INFO_WIDTH = 300',1),(346,'2015-05-05 14:29:34','Konfiguration PRODUCT_IMAGE_INFO_HEIGHT = 300',1),(347,'2015-05-05 14:29:42','Konfiguration PRODUCT_IMAGE_POPUP_WIDTH = 1000',1),(348,'2015-05-05 14:29:51','Konfiguration PRODUCT_IMAGE_POPUP_HEIGHT = 1000',1),(349,'2015-05-28 17:15:57','Konfiguration BOX_MARKETING = 3,4:123,106,105,104;110,109,108,102;,,,',1),(350,'2015-05-28 17:16:20','Konfiguration BOX_MARKETING = 3,4:123,106,105,104;110,109,108,102;123,105,104,102',1),(351,'2015-06-03 11:10:30','Konfiguration CURRENT_TEMPLATE = StandardResponsive',1),(352,'2015-06-03 15:29:01','Konfiguration NAVTRAIL_PRODUCTS_TITLE = products_name',1),(353,'2015-06-03 15:29:37','Konfiguration NAVTRAIL_PRODUCTS_TITLE = products_model',1),(354,'2015-06-03 16:52:44','Konfiguration SEARCH_ENGINE_FRIENDLY_URLS = true',1),(355,'2015-06-03 16:55:33','Konfiguration EMAIL_TRANSPORT = smtp',1),(356,'2015-06-03 16:55:46','Konfiguration CURRENT_TEMPLATE = YES4trade',1),(357,'2015-06-03 16:56:13','Konfiguration SEARCH_ENGINE_FRIENDLY_URLS = false',1),(358,'2015-06-03 16:56:46','Konfiguration CURRENT_TEMPLATE = StandardResponsive',1),(359,'2015-06-03 17:38:46','Konfiguration CURRENT_TEMPLATE = YES4trade',1),(360,'2015-06-16 19:01:59','Kundengruppen Konfiguration KASSE:<br />customers_status_name = KASSE<br />customers_status_public = 0<br />customers_status_show_price = 0<br />customers_status_show_price_tax = 1<br />customers_status_discount = <br />customers_status_ot_discount_flag = 1<br />customers_status_ot_discount = <br />customers_status_graduated_prices = 0<br />customers_status_add_tax_ot = 1<br />customers_status_payment_unallowed = <br />customers_status_shipping_unallowed = <br />customers_status_payment_target = 0<br />customers_status_skonto = <br />customers_status_default_admin_paymentmethod = <br />customers_status_delivery_conditions = <br />export_note_text = <br />export_note = 0<br />customers_fsk18 = 0<br />customers_fsk18_display = 0<br />customers_status_discount_attributes = 0<br />account_value_alert_status = 0<br />account_value_alert_limit = <br />customers_status_id = 9<br />language_id = 2<br />',1),(361,'2015-06-25 11:53:15','Konfiguration RECLAMATIONS_STATUS_WARENRUECKNAHME = 6',1),(362,'2015-09-17 11:45:32','Konfiguration IMAGE_QUALITY = 65',1),(363,'2015-09-17 11:53:23','Konfiguration IMAGE_QUALITY = 100',1),(364,'2015-09-17 11:55:51','Konfiguration IMAGE_QUALITY = 60',1),(365,'2015-09-17 12:34:29','Konfiguration IMAGE_QUALITY = 1000',1),(366,'2015-09-17 12:34:35','Konfiguration IMAGE_QUALITY = 100',1),(367,'2015-09-17 12:45:02','Konfiguration IMAGE_QUALITY = 65',1),(368,'2015-09-17 12:58:56','Konfiguration IMAGE_QUALITY = 60',1),(369,'2015-09-17 12:59:06','Konfiguration IMAGE_QUALITY = 65',1),(370,'2017-02-20 20:47:44','Konfiguration PRODUCT_IMAGE_INFO_HEIGHT = 400',1),(371,'2017-02-20 20:48:36','Konfiguration PRODUCT_IMAGE_THUMBNAIL_HEIGHT = 267',1),(372,'2017-02-20 20:49:13','Konfiguration PRODUCT_IMAGE_POPUP_WIDTH = 600',1),(373,'2017-02-20 20:49:27','Konfiguration PRODUCT_IMAGE_POPUP_HEIGHT = 800',1),(374,'2017-02-20 21:38:35','Konfiguration SEARCH_ENGINE_FRIENDLY_URLS = true',1),(375,'2017-02-20 23:38:17','Konfiguration SMTP_PASSWORD = HG-d23/35-mac',1),(376,'2017-02-20 23:38:33','Konfiguration SMTP_USERNAME = info@meinbad-guenstiger.de',1),(377,'2017-02-20 23:39:10','Konfiguration SMTP_MAIN_SERVER = sslout.de',1),(378,'2017-02-20 23:39:26','Konfiguration CONTACT_US_EMAIL_ADDRESS = info@meinbad-guenstiger.de',1),(379,'2017-02-20 23:39:36','Konfiguration CONTACT_US_REPLY_ADDRESS = info@meinbad-guenstiger.de',1),(380,'2017-02-20 23:39:56','Konfiguration CONTACT_US_NAME = Meinbad-Guenstiger.de',1),(381,'2017-02-20 23:40:08','Konfiguration CONTACT_US_FORWARDING_STRING = info@meinbad-guenstiger.de',1),(382,'2017-02-20 23:40:36','Konfiguration CONTACT_US_EMAIL_SUBJECT = Ihre Kontaktanfrage bei \"Meinbad-Guesnstiger.de\"',1),(383,'2017-02-20 23:40:54','Konfiguration EMAIL_SUPPORT_ADDRESS = info@meinbad-guenstiger.de',1),(384,'2017-02-20 23:41:50','Konfiguration EMAIL_SUPPORT_NAME = info@meinbad-guenstiger.de',1),(385,'2017-02-20 23:42:15','Konfiguration EMAIL_SUPPORT_REPLY_ADDRESS = info@meinbad-guenstiger.de',1),(386,'2017-02-20 23:42:30','Konfiguration EMAIL_SUPPORT_REPLY_ADDRESS_NAME = Meinbad-Guenstiger.de',1),(387,'2017-02-20 23:43:11','Konfiguration EMAIL_SUPPORT_SUBJECT = Herzlich Willkomen bei \"Meinbad-Guenstiger.de\"',1),(388,'2017-02-20 23:43:21','Konfiguration EMAIL_SUPPORT_FORWARDING_STRING = info@meinbad-guenstiger.de',1),(389,'2017-02-20 23:43:30','Konfiguration EMAIL_BILLING_ADDRESS = info@meinbad-guenstiger.de',1),(390,'2017-02-20 23:43:40','Konfiguration EMAIL_BILLING_NAME = Meinbad-Guenstiger.de',1),(391,'2017-02-20 23:43:49','Konfiguration EMAIL_BILLING_REPLY_ADDRESS = info@meinbad-guenstiger.de',1),(392,'2017-02-20 23:44:06','Konfiguration EMAIL_BILLING_REPLY_ADDRESS_NAME = Meinbad-Guenstiger.de',1),(393,'2017-02-20 23:47:43','Konfiguration EMAIL_BILLING_FORWARDING_STRING = info@meinbad-guenstiger.de',1),(394,'2017-02-20 23:47:56','Konfiguration RUECKERSTATTUNG_EMAIL_SUBJECT = Rückerstattung',1),(395,'2017-02-20 23:48:27','Konfiguration EMAIL_BILLING_SUBJECT = Ihr Auftrag bei \"Meinbad-Guenstiger.de\"',1),(396,'2017-02-20 23:49:14','Konfiguration EMAIL_BILLING_FORWARDING_STRING = max.ibach@t-online.de',1),(397,'2017-02-20 23:52:37','Konfiguration SMTP_MAIN_SERVER = sslout.df.eu',1),(398,'2017-02-27 15:38:52','Konfiguration STORE_NAME_ADDRESS = <p><strong>meinbad-g&#252;nstiger.de GmbH</strong><br />Hindenburgstrasse 4<br />42853 Remscheid<br /><br /> E-Mail: post@meinbad-guenstiger.de<br /> Telefon: 02191 6904677<br /> Telefax: 02191 6904676</p>\r\n<p><strong>Kostenlose Hotline: 0800 0800 04061971</strong></p>\r\n<p>Registernummer: HRB 49492<br /> Registergericht: AG Hamburg<br /> Ust.-ID: DE 118708286<a href=\"http://ec.europa.eu/consumers/odr/\"><br /></a></p>\r\n<p>Vertreten durch die Gesch&#228;ftsf&#252;hrerin Frau Katharina Ibach</p>\r\nHRB: 27868',1),(399,'2017-02-27 15:44:20','Konfiguration STORE_NAME_ADDRESS = <strong>meinbad-g&#252;nstiger.de GmbH</strong><br />Hindenburgstrasse 4<br />42853 Remscheid<br /><br /> E-Mail: post@meinbad-guenstiger.de<br /> Telefon: 02191 6904677<br /> Telefax: 02191 6904676<br>\r\n<strong>Kostenlose Hotline: 0800 0800 04061971</strong><br>\r\n<br>Registernummer: HRB 27868<br /> Registergericht: AG Wuppertal<br /> Registernummer: Ust.-ID: DE 310131758</p>\r\n<p>Vertreten durch die Gesch&#228;ftsf&#252;hrerin Frau Katharina Ibach</br>',1),(400,'2017-02-27 16:38:03','Konfiguration STORE_NAME_ADDRESS = <strong>meinbad-g&#252;nstiger.de GmbH</strong><br />Hindenburgstrasse 4<br />42853 Remscheid<br /> E-Mail: post@meinbad-guenstiger.de<br /> Telefon: 02191 6904677<br /> Telefax: 02191 6904676<br>\r\nRegisternummer: HRB 27868<br /> Registergericht: AG Wuppertal<br /> Registernummer: Ust.-ID: DE 310131758<br>Gesch&#228;ftsf&#252;hrerin Frau Katharina Ibach</br>',1),(401,'2017-02-27 16:55:07','Konfiguration STORE_NAME_ADDRESS = <strong>meinbad-g&#252;nstiger.de GmbH</strong><br />Hindenburgstrasse 4<br />42853 Remscheid<br />E-Mail: post@meinbad-guenstiger.de<br />Telefon: 02191 6904677<br />Telefax: 02191 6904676<br>Registernummer: HRB 27868<br />Registergericht: AG Wuppertal<br />Registernummer: Ust.-ID: DE 310131758<br>Gesch&#228;ftsf&#252;hrerin Frau Katharina Ibach</br>',1),(402,'2017-02-27 16:55:43','Konfiguration STORE_NAME_ADDRESS = <strong>meinbad-g&#252;nstiger.de GmbH</strong><br />Hindenburgstrasse 4<br />42853 Remscheid<br />E-Mail: post@meinbad-guenstiger.de<br />Telefon: 02191 6904677<br />Telefax: 02191 6904676<br>Registernummer: HRB 27868<br />Registergericht: AG Wuppertal<br />Registernummer: Ust.-ID: DE 310131758<br>Gesch&#228;ftsf&#252;hrerin Frau Katharina Ibach</br>_______________________<br>',1),(403,'2017-02-27 16:55:59','Konfiguration STORE_NAME_ADDRESS = <strong>meinbad-g&#252;nstiger.de GmbH</strong><br />Hindenburgstrasse 4<br />42853 Remscheid<br />E-Mail: post@meinbad-guenstiger.de<br />Telefon: 02191 6904677<br />Telefax: 02191 6904676<br>Registernummer: HRB 27868<br />Registergericht: AG Wuppertal<br />Registernummer: Ust.-ID: DE 310131758<br>Gesch&#228;ftsf&#252;hrerin Frau Katharina Ibach</br>____________________________________<br>',1),(404,'2017-02-27 16:56:17','Konfiguration STORE_NAME_ADDRESS = <strong>meinbad-g&#252;nstiger.de GmbH</strong><br />Hindenburgstrasse 4<br />42853 Remscheid<br />E-Mail: post@meinbad-guenstiger.de<br />Telefon: 02191 6904677<br />Telefax: 02191 6904676<br>Registernummer: HRB 27868<br />Registergericht: AG Wuppertal<br />Registernummer: Ust.-ID: DE 310131758<br>Gesch&#228;ftsf&#252;hrerin Frau Katharina Ibach</br>_________________________________<br>',1),(405,'2017-02-27 17:00:05','Konfiguration STORE_NAME = meinbad-günstiger.de',1),(406,'2017-02-27 17:00:22','Konfiguration STORE_OWNER_EMAIL_ADDRESS = post@meinbad-guenstiger.de',1),(407,'2017-02-27 17:00:39','Konfiguration STORE_OWNER_VAT_ID = DE310131758',1),(408,'2017-02-27 17:11:14','Konfiguration STORE_WRAP = meinbad-günstiger.de GmbH Hindenburgstrasse 4 42853 Remscheid',1),(409,'2017-02-27 17:11:39','Konfiguration MODULE_PAYMENT_MONEYORDER_PAYTO = meinbad-günstiger.de GmbH | Hamburger Bank, BLZ.: 20050500 - Kto: 123456789 - IBAN:   DE123456789012345678890 - BIC: HASPDEHH XXX',1),(410,'2017-02-27 17:20:20','Konfiguration STORE_ZONE = 88',1),(411,'2017-02-27 19:36:42','Konfiguration STORE_NAME_ADDRESS = <strong>meinbad-g&#252;nstiger.de GmbH</strong><br />Hindenburgstrasse 4<br />42853 Remscheid<br />E-Mail: post@meinbad-guenstiger.de<br />Telefon: 02191 6904677<br />Telefax: 02191 6904676<br>Registernummer: HRB 27868<br />Registergericht: AG Wuppertal<br />Registernummer: Ust.-ID: DE 310131758<br>Gesch&#228;ftsf&#252;hrerin Frau Katharina Ibach</br>_________________________________',1),(412,'2017-02-27 19:37:02','Konfiguration STORE_NAME_ADDRESS = <strong>meinbad-g&#252;nstiger.de GmbH</strong><br />Hindenburgstrasse 4<br />42853 Remscheid<br />E-Mail: post@meinbad-guenstiger.de<br />Telefon: 02191 6904677<br />Telefax: 02191 6904676<br>Registernummer: HRB 27868<br />Registergericht: AG Wuppertal<br />Registernummer: Ust.-ID: DE 310131758<br>Gesch&#228;ftsf&#252;hrerin Frau Katharina Ibach</br>__________________________________',1),(413,'2017-02-27 19:37:47','Konfiguration STORE_OWNER = meinbad-günstiger.de',1),(414,'2017-02-27 19:38:06','Konfiguration EMAIL_FROM = post@meinbad-guenstiger.de',1),(415,'2017-02-27 19:39:15','Konfiguration SMTP_PASSWORD = D-jUk/87pQ!w1',1),(416,'2017-02-27 19:39:24','Konfiguration SMTP_USERNAME = post@meinbad-guenstiger.de',1),(417,'2017-02-27 19:39:31','Konfiguration CONTACT_US_EMAIL_ADDRESS = post@meinbad-guenstiger.de',1),(418,'2017-02-27 19:39:43','Konfiguration CONTACT_US_REPLY_ADDRESS = infopost',1),(419,'2017-02-27 19:39:50','Konfiguration CONTACT_US_REPLY_ADDRESS = post@meinbad-guenstiger.de',1),(420,'2017-02-27 19:39:58','Konfiguration SMTP_AUTH = true',1),(421,'2017-02-27 19:40:29','Konfiguration CONTACT_US_REPLY_ADDRESS_NAME = Meinbad-Günstiger.de',1),(422,'2017-02-27 19:40:35','Konfiguration CONTACT_US_NAME = Meinbad-Günstiger.de',1),(423,'2017-02-27 19:40:43','Konfiguration EMAIL_SUPPORT_REPLY_ADDRESS_NAME = Meinbad-Günstiger.de',1),(424,'2017-02-27 19:40:53','Konfiguration CONTACT_US_FORWARDING_STRING = post@meinbad-guenstiger.de',1),(425,'2017-02-27 19:41:00','Konfiguration EMAIL_SUPPORT_ADDRESS = post@meinbad-guenstiger.de',1),(426,'2017-02-27 19:41:11','Konfiguration EMAIL_SUPPORT_NAME = post@meinbad-guenstiger.de',1),(427,'2017-02-27 19:41:21','Konfiguration EMAIL_SUPPORT_REPLY_ADDRESS = post@meinbad-guenstiger.de',1),(428,'2017-02-27 19:41:28','Konfiguration EMAIL_SUPPORT_FORWARDING_STRING = post@meinbad-guenstiger.de',1),(429,'2017-02-27 19:41:35','Konfiguration EMAIL_BILLING_ADDRESS = post@meinbad-guenstiger.de',1),(430,'2017-02-27 19:41:43','Konfiguration EMAIL_BILLING_NAME = Meinbad-Günstiger.de',1),(431,'2017-02-27 19:41:58','Konfiguration CONTACT_US_EMAIL_SUBJECT = Ihre Kontaktanfrage bei Meinbad-Günstiger.de',1),(432,'2017-02-27 19:42:06','Konfiguration EMAIL_SUPPORT_SUBJECT = Herzlich Willkomen bei Meinbad-Günstiger.de',1),(433,'2017-02-27 19:42:13','Konfiguration EMAIL_BILLING_REPLY_ADDRESS_NAME = Meinbad-Günstiger.de',1),(434,'2017-02-27 19:42:20','Konfiguration EMAIL_BILLING_REPLY_ADDRESS = post@meinbad-guenstiger.de',1),(435,'2017-02-27 19:42:29','Konfiguration EMAIL_BILLING_SUBJECT = Ihr Auftrag bei Meinbad-Günstiger.de',1),(436,'2017-03-14 23:42:10','Konfiguration ACCOUNT_OPTIONS = both',1),(437,'2017-03-20 21:32:17','Konfiguration PRODUCT_IMAGE_POPUP_WIDTH = 800',1),(438,'2017-03-20 21:32:43','Konfiguration PRODUCT_IMAGE_INFO_WIDTH = 400',1),(439,'2017-03-20 22:31:09','Konfiguration MO_PICS = 11',1),(440,'2017-03-20 23:42:16','Kundengruppen Konfiguration Admin:<br />customers_status_name = Admin<br />customers_status_public = 0<br />customers_status_show_price = 1<br />customers_status_show_price_tax = 1<br />customers_status_discount = 0.00<br />customers_status_ot_discount_flag = 1<br />customers_status_ot_discount = 0.00<br />customers_status_graduated_prices = 1<br />customers_status_add_tax_ot = 1<br />customers_status_payment_unallowed = invoice<br />customers_status_shipping_unallowed = <br />customers_status_payment_target = 0<br />customers_status_skonto = <br />customers_status_default_admin_paymentmethod = <br />customers_status_delivery_conditions = <br />export_note_text = <br />export_note = 0<br />customers_fsk18 = 0<br />customers_fsk18_display = 1<br />customers_status_discount_attributes = <br />account_value_alert_status = 0<br />account_value_alert_limit = 0.0000<br />',1),(441,'2017-03-20 23:42:27','Kundengruppen Konfiguration Gast:<br />customers_status_name = Gast<br />customers_status_public = 0<br />customers_status_show_price = 1<br />customers_status_show_price_tax = 1<br />customers_status_discount = 0.00<br />customers_status_ot_discount_flag = 0<br />customers_status_ot_discount = 0.00<br />customers_status_graduated_prices = 0<br />customers_status_add_tax_ot = 1<br />customers_status_payment_unallowed = invoice<br />customers_status_shipping_unallowed = <br />customers_status_payment_target = 0<br />customers_status_skonto = <br />customers_status_default_admin_paymentmethod = <br />customers_status_delivery_conditions = <br />export_note_text = <br />export_note = 0<br />customers_fsk18 = 0<br />customers_fsk18_display = 1<br />customers_status_discount_attributes = <br />account_value_alert_status = 0<br />account_value_alert_limit = 0.0000<br />',1),(442,'2017-03-20 23:42:42','Kundengruppen Konfiguration PRIVATER KUNDE:<br />customers_status_name = PRIVATER KUNDE<br />customers_status_public = 1<br />customers_status_show_price = 1<br />customers_status_show_price_tax = 1<br />customers_status_discount = 0.00<br />customers_status_ot_discount_flag = 0<br />customers_status_ot_discount = 0.00<br />customers_status_graduated_prices = 1<br />customers_status_add_tax_ot = 1<br />customers_status_payment_unallowed = invoice<br />customers_status_shipping_unallowed = <br />customers_status_payment_target = 0<br />customers_status_skonto = <br />customers_status_default_admin_paymentmethod = <br />customers_status_delivery_conditions = <br />export_note_text = <br />export_note = 0<br />customers_fsk18 = 0<br />customers_fsk18_display = 1<br />customers_status_discount_attributes = <br />account_value_alert_status = 0<br />account_value_alert_limit = 0.0000<br />',1),(443,'2017-03-20 23:42:53','Kundengruppen Konfiguration Gewerbe - DE:<br />customers_status_name = Gewerbe - DE<br />customers_status_public = 0<br />customers_status_show_price = 1<br />customers_status_show_price_tax = 0<br />customers_status_discount = 0.00<br />customers_status_ot_discount_flag = 0<br />customers_status_ot_discount = 0.00<br />customers_status_graduated_prices = 1<br />customers_status_add_tax_ot = 1<br />customers_status_payment_unallowed = invoice<br />customers_status_shipping_unallowed = <br />customers_status_payment_target = 0<br />customers_status_skonto = <br />customers_status_default_admin_paymentmethod = <br />customers_status_delivery_conditions = <br />export_note_text = <br />export_note = 0<br />customers_fsk18 = 0<br />customers_fsk18_display = 1<br />customers_status_discount_attributes = <br />account_value_alert_status = 0<br />account_value_alert_limit = 0.0000<br />',1),(444,'2017-03-20 23:43:11','Kundengruppen Konfiguration EBAY KUNDE:<br />customers_status_name = EBAY KUNDE<br />customers_status_public = 0<br />customers_status_show_price = 1<br />customers_status_show_price_tax = 1<br />customers_status_discount = 0.00<br />customers_status_ot_discount_flag = 0<br />customers_status_ot_discount = 0.00<br />customers_status_graduated_prices = 0<br />customers_status_add_tax_ot = 1<br />customers_status_payment_unallowed = invoice<br />customers_status_shipping_unallowed = <br />customers_status_payment_target = 0<br />customers_status_skonto = <br />customers_status_default_admin_paymentmethod = <br />customers_status_delivery_conditions = <br />export_note_text = <br />export_note = 0<br />customers_fsk18 = 0<br />customers_fsk18_display = 1<br />customers_status_discount_attributes = <br />account_value_alert_status = 0<br />account_value_alert_limit = 0.0000<br />',1),(445,'2017-03-20 23:43:23','Kundengruppen Konfiguration Gewerbe - EU:<br />customers_status_name = Gewerbe - EU<br />customers_status_public = 0<br />customers_status_show_price = 1<br />customers_status_show_price_tax = 0<br />customers_status_discount = 0.00<br />customers_status_ot_discount_flag = 0<br />customers_status_ot_discount = 0.00<br />customers_status_graduated_prices = 0<br />customers_status_add_tax_ot = 0<br />customers_status_payment_unallowed = invoice<br />customers_status_shipping_unallowed = <br />customers_status_payment_target = 10<br />customers_status_skonto = 10:3;30:1.5<br />customers_status_default_admin_paymentmethod = <br />customers_status_delivery_conditions = <br />export_note_text = Dieser Umsatz ist nach § 4 Nr. 1b UStG umsatzsteuerfrei<br />export_note = 1<br />customers_fsk18 = 0<br />customers_fsk18_display = 1<br />customers_status_discount_attributes = <br />account_value_alert_status = 0<br />account_value_alert_limit = 0.0000<br />',1),(446,'2017-03-20 23:43:35','Kundengruppen Konfiguration NETTO - NICHT EU:<br />customers_status_name = NETTO - NICHT EU<br />customers_status_public = 0<br />customers_status_show_price = 1<br />customers_status_show_price_tax = 0<br />customers_status_discount = 0.00<br />customers_status_ot_discount_flag = 0<br />customers_status_ot_discount = 0.00<br />customers_status_graduated_prices = 0<br />customers_status_add_tax_ot = 0<br />customers_status_payment_unallowed = invoice<br />customers_status_shipping_unallowed = <br />customers_status_payment_target = 0<br />customers_status_skonto = <br />customers_status_default_admin_paymentmethod = <br />customers_status_delivery_conditions = <br />export_note_text = Steuerfreie Ausfuhrlieferung gem. § 4 Nr. 1a des Umsatzsteuergesetzes<br />export_note = 1<br />customers_fsk18 = 0<br />customers_fsk18_display = 1<br />customers_status_discount_attributes = <br />account_value_alert_status = 0<br />account_value_alert_limit = 0.0000<br />',1),(447,'2017-05-17 22:14:10','Konfiguration SEND_SHIPPING_EMAIL_SUBJECT = Ihre Bestellung wurde versendet.',1),(448,'2017-06-27 17:33:17','Konfiguration STORE_WRAP = meinbad-günstiger GmbH Hindenburgstrasse 4 42853 Remscheid',4999),(449,'2017-06-27 17:34:28','Konfiguration MODULE_PAYMENT_MONEYORDER_PAYTO = meinbad-günstiger GmbH | Hamburger Bank, BLZ.: 20050500 - Kto: 123456789 - IBAN:   DE123456789012345678890 - BIC: HASPDEHH XXX',4999),(450,'2017-06-28 18:01:34','Konfiguration PAYPAL_API_USER = post_api1.meinbad-guenstiger.de',1),(451,'2017-06-28 18:01:44','Konfiguration PAYPAL_API_PWD = GRFL5N6MMP3NBJKF',1),(452,'2017-06-28 18:01:55','Konfiguration PAYPAL_API_SIGNATURE = AFcWxV21C7fd0v3bYYYRCpSSRl31AalbqsG43p7BhtOs2KKItU6hC.aM',1),(453,'2017-06-28 18:02:01','Konfiguration PAYPAL_ORDER_STATUS_TMP_ID = 1',1),(454,'2017-06-28 18:02:07','Konfiguration PAYPAL_ORDER_STATUS_SUCCESS_ID = 6',1),(455,'2017-06-28 18:02:15','Konfiguration PAYPAL_ORDER_STATUS_PENDING_ID = 1',1),(456,'2017-06-28 18:02:22','Konfiguration PAYPAL_ORDER_STATUS_REJECTED_ID = 1',1),(457,'2017-07-10 15:50:40','Konfiguration PRICE_IS_BRUTTO = false',1),(458,'2017-07-10 15:53:32','Konfiguration PRICE_IS_BRUTTO = true',1),(459,'2017-07-10 15:55:24','Konfiguration PRICE_IS_BRUTTO = false',1),(460,'2017-08-28 16:25:36','Konfiguration PRICE_IS_BRUTTO = true',1),(461,'2017-09-05 14:51:45','Konfiguration CACHE_LIFETIME = 60',1),(462,'2017-09-05 14:52:16','Konfiguration DB_CACHE_EXPIRE = 60',1),(463,'2017-10-09 18:29:28','Konfiguration BOX_MARKETING = 3,4:,,,;,,,;,,,',1),(464,'2017-10-09 22:11:07','Konfiguration BANK_WRAP = meinbad-günstiger GmbH <br>Volksbank Oberberg eG<br>Blz.: 20050500<br>Ktn.: 123456789<br>IBAN: DE121234567890123456789026<br>SWIFT/BIC: HASPDEHH XXX',1),(465,'2017-10-09 22:12:48','Konfiguration MODULE_PAYMENT_MONEYORDER_PAYTO = meinbad-günstiger GmbH | Volksbank Oberberg eG, IBAN: DE41384621353209908009 - BIC: GNODED1WIL',1),(466,'2017-10-09 22:13:23','Konfiguration BANK_WRAP = meinbad-günstiger GmbH <br>Volksbank Oberberg eG<br>IBAN: DE41384621353209908009<br>BIC: GNODED1WIL',1),(467,'2017-10-09 22:13:34','Konfiguration BANK_WRAP = meinbad-günstiger GmbH <br>Volksbank Oberberg eG<br>IBAN: DE41384621353209908009<br>BIC: GNODED1WIL',1),(468,'2017-10-09 22:30:26','Konfiguration EBAY_SHIPTOLOCATIONS = EuropeanUnion',1),(469,'2017-10-09 22:30:48','Konfiguration EBAY_USE_PRODUCTS_EAN_FROM_PRODUCT_AS_EAN = True',1),(470,'2017-10-09 22:31:05','Konfiguration EBAY_AUCTION_IMAGE_PATH = original_images',1),(471,'2017-10-09 22:31:22','Konfiguration IMAGE_QUALITY = 70',1),(472,'2017-10-10 18:40:53','Konfiguration EBAY_LOCATION = Remscheid',1),(473,'2017-10-10 18:41:07','Konfiguration EBAY_AUCTIONTYPE = FixedPriceItem',1),(474,'2017-10-10 18:41:31','Konfiguration EBAY_POSTALCODE = 42853',1),(475,'2017-10-10 18:41:44','Konfiguration EBAY_RETURNSWITHINCODE = Days_14',1),(476,'2017-10-10 18:41:54','Konfiguration EBAY_SHIPPINGCOSTPAIDBY = Buyer',1),(477,'2017-10-10 18:42:41','Konfiguration EBAY_PAYPAL_EMAIL = post@meinbad-guenstiger.de',1),(478,'2017-10-10 19:34:46','Konfiguration STOCK_CHECK = false',1),(479,'2017-11-08 02:15:33','Es wurden 59 alte E-Mails gel&ouml;scht. (&Auml;lter als 2 Jahre)',0),(480,'2017-11-08 19:48:29','Konfiguration EBAY_PICPATH_WEBSERVER = https://meinbad-guenstiger.de/images/product_images/popup_images/',1),(481,'2017-11-09 02:15:42','[CRON] Es wurden  Auktionen gel&ouml;scht. (&Auml;lter als 100 Tage und keine Transaktionen letzte 60 Tage)',0),(482,'2017-11-10 02:11:47','Es wurden alte Produkthistorien-Eintr&auml;ge gel&ouml;scht. (&Auml;lter als 2 Jahre)',0),(483,'2017-11-10 18:21:53','Konfiguration ENTRY_COMPANY_MIN_LENGTH = 0',1),(484,'2017-11-10 18:22:04','Konfiguration ENTRY_DOB_MIN_LENGTH = 0',1),(485,'2017-11-15 02:16:15','Es wurden 0 alte E-Mails gel&ouml;scht. (&Auml;lter als 2 Jahre)',0),(486,'2017-11-16 02:18:21','[CRON] Es wurden  Auktionen gel&ouml;scht. (&Auml;lter als 100 Tage und keine Transaktionen letzte 60 Tage)',0),(487,'2017-11-17 02:17:57','Es wurden alte Produkthistorien-Eintr&auml;ge gel&ouml;scht. (&Auml;lter als 2 Jahre)',0),(488,'2017-11-22 02:17:40','Es wurden 0 alte E-Mails gel&ouml;scht. (&Auml;lter als 2 Jahre)',0),(489,'2017-11-23 02:17:06','[CRON] Es wurden  Auktionen gel&ouml;scht. (&Auml;lter als 100 Tage und keine Transaktionen letzte 60 Tage)',0),(490,'2017-11-24 02:17:08','Es wurden alte Produkthistorien-Eintr&auml;ge gel&ouml;scht. (&Auml;lter als 2 Jahre)',0),(491,'2017-11-29 02:18:53','Es wurden 0 alte E-Mails gel&ouml;scht. (&Auml;lter als 2 Jahre)',0),(492,'2017-11-30 02:19:09','[CRON] Es wurden  Auktionen gel&ouml;scht. (&Auml;lter als 100 Tage und keine Transaktionen letzte 60 Tage)',0),(493,'2017-12-01 02:18:37','Es wurden alte Produkthistorien-Eintr&auml;ge gel&ouml;scht. (&Auml;lter als 2 Jahre)',0),(494,'2017-12-05 14:36:32','Konfiguration BOX_MARKETING = 3,4:391,400,353,189;,,,;,,,',1),(495,'2017-12-06 02:18:25','Es wurden 0 alte E-Mails gel&ouml;scht. (&Auml;lter als 2 Jahre)',0),(496,'2017-12-07 02:17:04','[CRON] Es wurden  Auktionen gel&ouml;scht. (&Auml;lter als 100 Tage und keine Transaktionen letzte 60 Tage)',0),(497,'2017-12-08 02:16:20','Es wurden alte Produkthistorien-Eintr&auml;ge gel&ouml;scht. (&Auml;lter als 2 Jahre)',0),(498,'2017-12-08 11:53:42','Konfiguration NO_SHIPPING_EMAIL = 0',1),(499,'2017-12-13 02:20:12','Es wurden 0 alte E-Mails gel&ouml;scht. (&Auml;lter als 2 Jahre)',0),(500,'2017-12-14 02:20:50','[CRON] Es wurden  Auktionen gel&ouml;scht. (&Auml;lter als 100 Tage und keine Transaktionen letzte 60 Tage)',0),(501,'2017-12-15 02:18:12','Es wurden alte Produkthistorien-Eintr&auml;ge gel&ouml;scht. (&Auml;lter als 2 Jahre)',0),(502,'2017-12-20 02:18:30','Es wurden 0 alte E-Mails gel&ouml;scht. (&Auml;lter als 2 Jahre)',0),(503,'2017-12-21 02:18:07','[CRON] Es wurden  Auktionen gel&ouml;scht. (&Auml;lter als 100 Tage und keine Transaktionen letzte 60 Tage)',0),(504,'2017-12-22 02:14:58','Es wurden alte Produkthistorien-Eintr&auml;ge gel&ouml;scht. (&Auml;lter als 2 Jahre)',0),(505,'2017-12-22 17:51:07','Konfiguration EBAY_FEATURE_OUTOFSTOCK = True',1),(506,'2017-12-22 17:52:13','Konfiguration EBAY_AUTOMATIC_FEEDBACK = false',1),(507,'2017-12-22 17:52:55','Konfiguration EBAY_AUTOMATIC_FEEDBACK = true',1),(508,'2017-12-27 02:16:31','Es wurden 0 alte E-Mails gel&ouml;scht. (&Auml;lter als 2 Jahre)',0),(509,'2017-12-28 02:17:45','[CRON] Es wurden  Auktionen gel&ouml;scht. (&Auml;lter als 100 Tage und keine Transaktionen letzte 60 Tage)',0),(510,'2017-12-29 02:15:24','Es wurden alte Produkthistorien-Eintr&auml;ge gel&ouml;scht. (&Auml;lter als 2 Jahre)',0),(511,'2018-01-03 02:19:39','Es wurden 0 alte E-Mails gel&ouml;scht. (&Auml;lter als 2 Jahre)',0),(512,'2018-01-04 02:19:21','[CRON] Es wurden  Auktionen gel&ouml;scht. (&Auml;lter als 100 Tage und keine Transaktionen letzte 60 Tage)',0),(513,'2018-01-05 02:18:57','Es wurden alte Produkthistorien-Eintr&auml;ge gel&ouml;scht. (&Auml;lter als 2 Jahre)',0),(514,'2018-01-10 02:19:15','Es wurden 0 alte E-Mails gel&ouml;scht. (&Auml;lter als 2 Jahre)',0),(515,'2018-01-11 02:20:54','[CRON] Es wurden  Auktionen gel&ouml;scht. (&Auml;lter als 100 Tage und keine Transaktionen letzte 60 Tage)',0),(516,'2018-01-12 02:18:04','Es wurden alte Produkthistorien-Eintr&auml;ge gel&ouml;scht. (&Auml;lter als 2 Jahre)',0),(517,'2018-01-16 18:16:20','Konfiguration STORE_NAME_ADDRESS = <strong>meinbad-g&#252;nstiger GmbH</strong><br />Hindenburgstrasse 4<br />42853 Remscheid<br />E-Mail: post@meinbad-guenstiger.de<br />Telefon: 02191 6904677<br />Telefax: 02191 6904676<br>Registernummer: HRB 27868<br />Registergericht: AG Wuppertal<br />Registernummer: Ust.-ID: DE 310131758<br>Gesch&#228;ftsf&#252;hrerin Frau Katharina Ibach</br>__________________________________',4999),(518,'2018-01-17 02:19:37','Es wurden 0 alte E-Mails gel&ouml;scht. (&Auml;lter als 2 Jahre)',0),(519,'2018-01-18 02:20:31','[CRON] Es wurden  Auktionen gel&ouml;scht. (&Auml;lter als 100 Tage und keine Transaktionen letzte 60 Tage)',0),(520,'2018-01-19 02:12:44','Es wurden alte Produkthistorien-Eintr&auml;ge gel&ouml;scht. (&Auml;lter als 2 Jahre)',0),(521,'2018-01-24 02:20:32','Es wurden 0 alte E-Mails gel&ouml;scht. (&Auml;lter als 2 Jahre)',0),(522,'2018-01-25 02:21:23','[CRON] Es wurden  Auktionen gel&ouml;scht. (&Auml;lter als 100 Tage und keine Transaktionen letzte 60 Tage)',0),(523,'2018-01-26 02:18:51','Es wurden alte Produkthistorien-Eintr&auml;ge gel&ouml;scht. (&Auml;lter als 2 Jahre)',0),(524,'2018-01-31 02:20:14','Es wurden 0 alte E-Mails gel&ouml;scht. (&Auml;lter als 2 Jahre)',0),(525,'2018-02-01 02:22:09','[CRON] Es wurden  Auktionen gel&ouml;scht. (&Auml;lter als 100 Tage und keine Transaktionen letzte 60 Tage)',0),(526,'2018-02-02 02:19:49','Es wurden alte Produkthistorien-Eintr&auml;ge gel&ouml;scht. (&Auml;lter als 2 Jahre)',0),(527,'2018-02-07 02:17:54','Es wurden 0 alte E-Mails gel&ouml;scht. (&Auml;lter als 2 Jahre)',0),(528,'2018-02-08 02:18:59','[CRON] Es wurden  Auktionen gel&ouml;scht. (&Auml;lter als 100 Tage und keine Transaktionen letzte 60 Tage)',0),(529,'2018-02-09 02:19:27','Es wurden alte Produkthistorien-Eintr&auml;ge gel&ouml;scht. (&Auml;lter als 2 Jahre)',0),(530,'2018-02-14 02:17:43','Es wurden 0 alte E-Mails gel&ouml;scht. (&Auml;lter als 2 Jahre)',0),(531,'2018-02-14 08:35:03','Es wurden 0 alte E-Mails gel&ouml;scht. (&Auml;lter als 2 Jahre)',1),(532,'2018-02-14 08:35:05','Es wurden alte Produkthistorien-Eintr&auml;ge gel&ouml;scht. (&Auml;lter als 2 Jahre)',1),(533,'2018-02-14 08:35:07','Es wurden 0 Auktionen gel&ouml;scht. (&Auml;lter als 100 Tage)',1),(534,'2018-02-15 02:19:50','[CRON] Es wurden  Auktionen gel&ouml;scht. (&Auml;lter als 100 Tage und keine Transaktionen letzte 60 Tage)',0),(535,'2018-02-16 02:18:19','Es wurden alte Produkthistorien-Eintr&auml;ge gel&ouml;scht. (&Auml;lter als 2 Jahre)',0),(536,'2018-02-21 02:18:01','Es wurden 0 alte E-Mails gel&ouml;scht. (&Auml;lter als 2 Jahre)',0),(537,'2018-02-22 02:18:08','[CRON] Es wurden 1 Auktionen gel&ouml;scht. (&Auml;lter als 100 Tage und keine Transaktionen letzte 60 Tage)',0),(538,'2018-02-23 02:17:57','Es wurden alte Produkthistorien-Eintr&auml;ge gel&ouml;scht. (&Auml;lter als 2 Jahre)',0),(539,'2018-02-28 02:17:52','Es wurden 0 alte E-Mails gel&ouml;scht. (&Auml;lter als 2 Jahre)',0),(540,'2018-03-01 02:21:36','[CRON] Es wurden 7 Auktionen gel&ouml;scht. (&Auml;lter als 100 Tage und keine Transaktionen letzte 60 Tage)',0),(541,'2018-03-02 02:23:04','Es wurden alte Produkthistorien-Eintr&auml;ge gel&ouml;scht. (&Auml;lter als 2 Jahre)',0),(542,'2018-03-07 02:18:59','Es wurden 0 alte E-Mails gel&ouml;scht. (&Auml;lter als 2 Jahre)',0),(543,'2018-03-08 02:21:40','[CRON] Es wurden 51 Auktionen gel&ouml;scht. (&Auml;lter als 100 Tage und keine Transaktionen letzte 60 Tage)',0),(544,'2018-03-09 02:19:44','Es wurden alte Produkthistorien-Eintr&auml;ge gel&ouml;scht. (&Auml;lter als 2 Jahre)',0),(545,'2018-03-14 02:20:05','Es wurden 0 alte E-Mails gel&ouml;scht. (&Auml;lter als 2 Jahre)',0),(546,'2018-03-15 02:19:13','[CRON] Es wurden 115 Auktionen gel&ouml;scht. (&Auml;lter als 100 Tage und keine Transaktionen letzte 60 Tage)',0),(547,'2018-03-16 02:19:00','Es wurden alte Produkthistorien-Eintr&auml;ge gel&ouml;scht. (&Auml;lter als 2 Jahre)',0),(548,'2018-03-21 02:19:32','Es wurden 0 alte E-Mails gel&ouml;scht. (&Auml;lter als 2 Jahre)',0),(549,'2018-03-22 02:19:34','[CRON] Es wurden 61 Auktionen gel&ouml;scht. (&Auml;lter als 100 Tage und keine Transaktionen letzte 60 Tage)',0),(550,'2018-03-23 02:18:28','Es wurden alte Produkthistorien-Eintr&auml;ge gel&ouml;scht. (&Auml;lter als 2 Jahre)',0),(551,'2018-03-28 02:19:19','Es wurden 0 alte E-Mails gel&ouml;scht. (&Auml;lter als 2 Jahre)',0),(552,'2018-03-29 02:18:35','[CRON] Es wurden  Auktionen gel&ouml;scht. (&Auml;lter als 100 Tage und keine Transaktionen letzte 60 Tage)',0),(553,'2018-03-30 02:18:15','Es wurden alte Produkthistorien-Eintr&auml;ge gel&ouml;scht. (&Auml;lter als 2 Jahre)',0),(554,'2018-04-04 02:18:48','Es wurden 0 alte E-Mails gel&ouml;scht. (&Auml;lter als 2 Jahre)',0),(555,'2018-04-05 02:20:55','[CRON] Es wurden  Auktionen gel&ouml;scht. (&Auml;lter als 100 Tage und keine Transaktionen letzte 60 Tage)',0),(556,'2018-04-06 02:19:54','Es wurden alte Produkthistorien-Eintr&auml;ge gel&ouml;scht. (&Auml;lter als 2 Jahre)',0),(557,'2018-04-11 02:18:49','Es wurden 0 alte E-Mails gel&ouml;scht. (&Auml;lter als 2 Jahre)',0),(558,'2018-04-12 02:18:52','[CRON] Es wurden  Auktionen gel&ouml;scht. (&Auml;lter als 100 Tage und keine Transaktionen letzte 60 Tage)',0),(559,'2018-04-13 02:18:31','Es wurden alte Produkthistorien-Eintr&auml;ge gel&ouml;scht. (&Auml;lter als 2 Jahre)',0),(560,'2018-04-18 02:18:20','Es wurden 0 alte E-Mails gel&ouml;scht. (&Auml;lter als 2 Jahre)',0),(561,'2018-04-19 02:15:56','[CRON] Es wurden  Auktionen gel&ouml;scht. (&Auml;lter als 100 Tage und keine Transaktionen letzte 60 Tage)',0),(562,'2018-04-20 02:17:15','Es wurden alte Produkthistorien-Eintr&auml;ge gel&ouml;scht. (&Auml;lter als 2 Jahre)',0),(563,'2018-04-25 02:16:53','Es wurden 0 alte E-Mails gel&ouml;scht. (&Auml;lter als 2 Jahre)',0),(564,'2018-04-26 02:18:09','[CRON] Es wurden 1 Auktionen gel&ouml;scht. (&Auml;lter als 100 Tage und keine Transaktionen letzte 60 Tage)',0),(565,'2018-04-27 02:18:30','Es wurden alte Produkthistorien-Eintr&auml;ge gel&ouml;scht. (&Auml;lter als 2 Jahre)',0),(566,'2018-05-02 02:15:16','Es wurden 0 alte E-Mails gel&ouml;scht. (&Auml;lter als 2 Jahre)',0),(567,'2018-05-03 02:15:00','[CRON] Es wurden  Auktionen gel&ouml;scht. (&Auml;lter als 100 Tage und keine Transaktionen letzte 60 Tage)',0),(568,'2018-05-04 02:12:51','Es wurden alte Produkthistorien-Eintr&auml;ge gel&ouml;scht. (&Auml;lter als 2 Jahre)',0),(569,'2018-05-09 02:13:43','Es wurden 0 alte E-Mails gel&ouml;scht. (&Auml;lter als 2 Jahre)',0),(570,'2018-05-10 02:12:18','[CRON] Es wurden  Auktionen gel&ouml;scht. (&Auml;lter als 100 Tage und keine Transaktionen letzte 60 Tage)',0),(571,'2018-05-11 02:12:38','Es wurden alte Produkthistorien-Eintr&auml;ge gel&ouml;scht. (&Auml;lter als 2 Jahre)',0),(572,'2018-05-16 02:13:52','Es wurden 0 alte E-Mails gel&ouml;scht. (&Auml;lter als 2 Jahre)',0),(573,'2018-05-17 02:12:29','[CRON] Es wurden  Auktionen gel&ouml;scht. (&Auml;lter als 100 Tage und keine Transaktionen letzte 60 Tage)',0),(574,'2018-05-18 02:12:26','Es wurden alte Produkthistorien-Eintr&auml;ge gel&ouml;scht. (&Auml;lter als 2 Jahre)',0),(575,'2018-05-23 02:13:04','Es wurden 0 alte E-Mails gel&ouml;scht. (&Auml;lter als 2 Jahre)',0),(576,'2018-05-24 02:12:25','[CRON] Es wurden  Auktionen gel&ouml;scht. (&Auml;lter als 100 Tage und keine Transaktionen letzte 60 Tage)',0),(577,'2018-05-25 02:11:12','Es wurden alte Produkthistorien-Eintr&auml;ge gel&ouml;scht. (&Auml;lter als 2 Jahre)',0),(578,'2018-05-30 02:10:28','Es wurden 0 alte E-Mails gel&ouml;scht. (&Auml;lter als 2 Jahre)',0),(579,'2018-05-31 02:13:04','[CRON] Es wurden  Auktionen gel&ouml;scht. (&Auml;lter als 100 Tage und keine Transaktionen letzte 60 Tage)',0),(580,'2018-06-01 02:11:35','Es wurden alte Produkthistorien-Eintr&auml;ge gel&ouml;scht. (&Auml;lter als 2 Jahre)',0),(581,'2018-06-01 11:30:30','Konfiguration GOOGLE_ANALYTICS_ECOM = false',1),(582,'2018-06-06 02:11:21','Es wurden 0 alte E-Mails gel&ouml;scht. (&Auml;lter als 2 Jahre)',0),(583,'2018-06-07 02:12:08','[CRON] Es wurden  Auktionen gel&ouml;scht. (&Auml;lter als 100 Tage und keine Transaktionen letzte 60 Tage)',0),(584,'2018-06-08 02:11:48','Es wurden alte Produkthistorien-Eintr&auml;ge gel&ouml;scht. (&Auml;lter als 2 Jahre)',0),(585,'2018-06-11 10:09:01','Konfiguration PDF_PACKINGSLIP_EXPORT_AT_SHIPPING_ACTION = False',1),(586,'2018-06-13 02:11:43','Es wurden 0 alte E-Mails gel&ouml;scht. (&Auml;lter als 2 Jahre)',0),(587,'2018-06-14 02:11:54','[CRON] Es wurden  Auktionen gel&ouml;scht. (&Auml;lter als 100 Tage und keine Transaktionen letzte 60 Tage)',0),(588,'2018-06-15 02:10:52','Es wurden alte Produkthistorien-Eintr&auml;ge gel&ouml;scht. (&Auml;lter als 2 Jahre)',0),(589,'2018-06-18 16:57:52','Konfiguration STORE_NAME_ADDRESS = <strong>meinbad-g&#252;nstiger GmbH</strong><br />Hindenburgstrasse 4<br />42853 Remscheid<br />E-Mail: post@meinbad-guenstiger.de<br />Telefon: 02191 6904677<br />Telefax: 02191 6904676<br>Registernummer: HRB 27868<br />Registergericht: AG Wuppertal<br />Registernummer: Ust.-ID: DE 310131758<br>Gesch&#228;ftsf&#252;hrerin Frau Katharina Ibach</br>',1),(590,'2018-06-20 02:10:36','Es wurden 0 alte E-Mails gel&ouml;scht. (&Auml;lter als 2 Jahre)',0),(591,'2018-06-21 02:11:32','[CRON] Es wurden  Auktionen gel&ouml;scht. (&Auml;lter als 100 Tage und keine Transaktionen letzte 60 Tage)',0),(592,'2018-06-22 02:10:48','Es wurden alte Produkthistorien-Eintr&auml;ge gel&ouml;scht. (&Auml;lter als 2 Jahre)',0),(593,'2018-06-27 02:11:41','Es wurden 0 alte E-Mails gel&ouml;scht. (&Auml;lter als 2 Jahre)',0),(594,'2018-06-28 02:11:40','[CRON] Es wurden  Auktionen gel&ouml;scht. (&Auml;lter als 100 Tage und keine Transaktionen letzte 60 Tage)',0),(595,'2018-06-29 02:11:33','Es wurden alte Produkthistorien-Eintr&auml;ge gel&ouml;scht. (&Auml;lter als 2 Jahre)',0),(596,'2018-07-04 02:11:05','Es wurden 0 alte E-Mails gel&ouml;scht. (&Auml;lter als 2 Jahre)',0),(597,'2018-07-05 02:11:54','[CRON] Es wurden  Auktionen gel&ouml;scht. (&Auml;lter als 100 Tage und keine Transaktionen letzte 60 Tage)',0),(598,'2018-07-06 02:11:56','Es wurden alte Produkthistorien-Eintr&auml;ge gel&ouml;scht. (&Auml;lter als 2 Jahre)',0),(599,'2018-07-11 02:13:16','Es wurden 0 alte E-Mails gel&ouml;scht. (&Auml;lter als 2 Jahre)',0),(600,'2018-07-12 02:12:59','[CRON] Es wurden  Auktionen gel&ouml;scht. (&Auml;lter als 100 Tage und keine Transaktionen letzte 60 Tage)',0),(601,'2018-07-13 02:09:41','Es wurden alte Produkthistorien-Eintr&auml;ge gel&ouml;scht. (&Auml;lter als 2 Jahre)',0),(602,'2018-07-18 02:10:48','Es wurden 0 alte E-Mails gel&ouml;scht. (&Auml;lter als 2 Jahre)',0),(603,'2018-07-19 02:10:48','[CRON] Es wurden  Auktionen gel&ouml;scht. (&Auml;lter als 100 Tage und keine Transaktionen letzte 60 Tage)',0),(604,'2018-07-20 02:10:47','Es wurden alte Produkthistorien-Eintr&auml;ge gel&ouml;scht. (&Auml;lter als 2 Jahre)',0),(605,'2018-07-25 02:10:55','Es wurden 0 alte E-Mails gel&ouml;scht. (&Auml;lter als 2 Jahre)',0),(606,'2018-07-26 02:11:29','[CRON] Es wurden  Auktionen gel&ouml;scht. (&Auml;lter als 100 Tage und keine Transaktionen letzte 60 Tage)',0),(607,'2018-07-27 02:10:07','Es wurden alte Produkthistorien-Eintr&auml;ge gel&ouml;scht. (&Auml;lter als 2 Jahre)',0),(608,'2018-08-01 02:11:22','Es wurden 0 alte E-Mails gel&ouml;scht. (&Auml;lter als 2 Jahre)',0),(609,'2018-08-02 02:12:07','[CRON] Es wurden  Auktionen gel&ouml;scht. (&Auml;lter als 100 Tage und keine Transaktionen letzte 60 Tage)',0),(610,'2018-08-03 02:11:33','Es wurden alte Produkthistorien-Eintr&auml;ge gel&ouml;scht. (&Auml;lter als 2 Jahre)',0),(611,'2018-08-08 02:11:58','Es wurden 0 alte E-Mails gel&ouml;scht. (&Auml;lter als 2 Jahre)',0),(612,'2018-08-09 02:12:10','[CRON] Es wurden  Auktionen gel&ouml;scht. (&Auml;lter als 100 Tage und keine Transaktionen letzte 60 Tage)',0),(613,'2018-08-10 02:11:28','Es wurden alte Produkthistorien-Eintr&auml;ge gel&ouml;scht. (&Auml;lter als 2 Jahre)',0),(614,'2018-08-15 02:09:58','Es wurden 0 alte E-Mails gel&ouml;scht. (&Auml;lter als 2 Jahre)',0),(615,'2018-08-16 02:12:11','[CRON] Es wurden  Auktionen gel&ouml;scht. (&Auml;lter als 100 Tage und keine Transaktionen letzte 60 Tage)',0),(616,'2018-08-17 02:11:47','Es wurden alte Produkthistorien-Eintr&auml;ge gel&ouml;scht. (&Auml;lter als 2 Jahre)',0),(617,'2018-08-22 02:12:12','Es wurden 0 alte E-Mails gel&ouml;scht. (&Auml;lter als 2 Jahre)',0),(618,'2018-08-23 02:12:27','[CRON] Es wurden  Auktionen gel&ouml;scht. (&Auml;lter als 100 Tage und keine Transaktionen letzte 60 Tage)',0),(619,'2018-08-24 02:12:16','Es wurden alte Produkthistorien-Eintr&auml;ge gel&ouml;scht. (&Auml;lter als 2 Jahre)',0),(620,'2018-08-29 02:12:08','Es wurden 0 alte E-Mails gel&ouml;scht. (&Auml;lter als 2 Jahre)',0),(621,'2018-08-30 02:12:52','[CRON] Es wurden  Auktionen gel&ouml;scht. (&Auml;lter als 100 Tage und keine Transaktionen letzte 60 Tage)',0),(622,'2018-08-31 02:10:12','Es wurden alte Produkthistorien-Eintr&auml;ge gel&ouml;scht. (&Auml;lter als 2 Jahre)',0),(623,'2018-09-05 02:12:51','Es wurden 0 alte E-Mails gel&ouml;scht. (&Auml;lter als 2 Jahre)',0),(624,'2018-09-06 02:12:57','[CRON] Es wurden  Auktionen gel&ouml;scht. (&Auml;lter als 100 Tage und keine Transaktionen letzte 60 Tage)',0),(625,'2018-09-07 02:12:26','Es wurden alte Produkthistorien-Eintr&auml;ge gel&ouml;scht. (&Auml;lter als 2 Jahre)',0),(626,'2018-09-12 02:13:17','Es wurden 0 alte E-Mails gel&ouml;scht. (&Auml;lter als 2 Jahre)',0),(627,'2018-09-13 02:12:59','[CRON] Es wurden  Auktionen gel&ouml;scht. (&Auml;lter als 100 Tage und keine Transaktionen letzte 60 Tage)',0),(628,'2018-09-14 02:12:12','Es wurden alte Produkthistorien-Eintr&auml;ge gel&ouml;scht. (&Auml;lter als 2 Jahre)',0),(629,'2018-09-19 02:12:44','Es wurden 0 alte E-Mails gel&ouml;scht. (&Auml;lter als 2 Jahre)',0),(630,'2018-09-20 02:13:44','[CRON] Es wurden  Auktionen gel&ouml;scht. (&Auml;lter als 100 Tage und keine Transaktionen letzte 60 Tage)',0),(631,'2018-09-21 02:13:27','Es wurden alte Produkthistorien-Eintr&auml;ge gel&ouml;scht. (&Auml;lter als 2 Jahre)',0),(632,'2018-09-26 02:11:54','Es wurden 0 alte E-Mails gel&ouml;scht. (&Auml;lter als 2 Jahre)',0),(633,'2018-09-27 02:13:23','[CRON] Es wurden  Auktionen gel&ouml;scht. (&Auml;lter als 100 Tage und keine Transaktionen letzte 60 Tage)',0),(634,'2018-09-28 02:12:52','Es wurden alte Produkthistorien-Eintr&auml;ge gel&ouml;scht. (&Auml;lter als 2 Jahre)',0),(635,'2018-10-03 02:10:27','Es wurden 0 alte E-Mails gel&ouml;scht. (&Auml;lter als 2 Jahre)',0),(636,'2018-10-04 02:12:40','[CRON] Es wurden  Auktionen gel&ouml;scht. (&Auml;lter als 100 Tage und keine Transaktionen letzte 60 Tage)',0),(637,'2018-10-05 02:13:21','Es wurden alte Produkthistorien-Eintr&auml;ge gel&ouml;scht. (&Auml;lter als 2 Jahre)',0),(638,'2018-10-10 02:13:08','Es wurden 0 alte E-Mails gel&ouml;scht. (&Auml;lter als 2 Jahre)',0),(639,'2018-10-11 02:12:44','[CRON] Es wurden  Auktionen gel&ouml;scht. (&Auml;lter als 100 Tage und keine Transaktionen letzte 60 Tage)',0),(640,'2018-10-12 02:10:18','Es wurden alte Produkthistorien-Eintr&auml;ge gel&ouml;scht. (&Auml;lter als 2 Jahre)',0),(641,'2018-10-17 02:13:12','Es wurden 0 alte E-Mails gel&ouml;scht. (&Auml;lter als 2 Jahre)',0),(642,'2018-10-18 02:12:57','[CRON] Es wurden  Auktionen gel&ouml;scht. (&Auml;lter als 100 Tage und keine Transaktionen letzte 60 Tage)',0),(643,'2018-10-19 02:11:27','Es wurden alte Produkthistorien-Eintr&auml;ge gel&ouml;scht. (&Auml;lter als 2 Jahre)',0),(644,'2018-10-24 02:12:57','Es wurden 0 alte E-Mails gel&ouml;scht. (&Auml;lter als 2 Jahre)',0),(645,'2018-10-25 02:11:38','[CRON] Es wurden  Auktionen gel&ouml;scht. (&Auml;lter als 100 Tage und keine Transaktionen letzte 60 Tage)',0),(646,'2018-10-26 02:12:32','Es wurden alte Produkthistorien-Eintr&auml;ge gel&ouml;scht. (&Auml;lter als 2 Jahre)',0),(647,'2018-10-31 02:14:33','Es wurden 0 alte E-Mails gel&ouml;scht. (&Auml;lter als 2 Jahre)',0),(648,'2018-11-01 02:13:54','[CRON] Es wurden  Auktionen gel&ouml;scht. (&Auml;lter als 100 Tage und keine Transaktionen letzte 60 Tage)',0),(649,'2018-11-02 02:12:41','Es wurden alte Produkthistorien-Eintr&auml;ge gel&ouml;scht. (&Auml;lter als 2 Jahre)',0),(650,'2018-11-07 02:14:04','Es wurden 0 alte E-Mails gel&ouml;scht. (&Auml;lter als 2 Jahre)',0),(651,'2018-11-08 02:14:14','[CRON] Es wurden  Auktionen gel&ouml;scht. (&Auml;lter als 100 Tage und keine Transaktionen letzte 60 Tage)',0),(652,'2018-11-09 02:12:32','Es wurden alte Produkthistorien-Eintr&auml;ge gel&ouml;scht. (&Auml;lter als 2 Jahre)',0),(653,'2018-11-14 02:12:41','Es wurden 0 alte E-Mails gel&ouml;scht. (&Auml;lter als 2 Jahre)',0),(654,'2018-11-15 02:12:45','[CRON] Es wurden  Auktionen gel&ouml;scht. (&Auml;lter als 100 Tage und keine Transaktionen letzte 60 Tage)',0),(655,'2018-11-16 02:12:26','Es wurden alte Produkthistorien-Eintr&auml;ge gel&ouml;scht. (&Auml;lter als 2 Jahre)',0),(656,'2018-11-21 02:08:36','Es wurden 0 alte E-Mails gel&ouml;scht. (&Auml;lter als 2 Jahre)',0),(657,'2018-11-22 02:09:41','[CRON] Es wurden  Auktionen gel&ouml;scht. (&Auml;lter als 100 Tage und keine Transaktionen letzte 60 Tage)',0),(658,'2018-11-23 02:09:19','Es wurden alte Produkthistorien-Eintr&auml;ge gel&ouml;scht. (&Auml;lter als 2 Jahre)',0),(659,'2018-11-28 02:09:19','Es wurden 0 alte E-Mails gel&ouml;scht. (&Auml;lter als 2 Jahre)',0),(660,'2018-11-29 02:08:58','[CRON] Es wurden  Auktionen gel&ouml;scht. (&Auml;lter als 100 Tage und keine Transaktionen letzte 60 Tage)',0),(661,'2018-11-29 15:04:20','Es wurden 0 alte E-Mails gel&ouml;scht. (&Auml;lter als 2 Jahre)',1),(662,'2018-11-29 15:04:21','Es wurden alte Produkthistorien-Eintr&auml;ge gel&ouml;scht. (&Auml;lter als 2 Jahre)',1),(663,'2018-11-30 02:07:55','Es wurden alte Produkthistorien-Eintr&auml;ge gel&ouml;scht. (&Auml;lter als 2 Jahre)',0),(664,'2018-12-05 02:07:49','Es wurden 0 alte E-Mails gel&ouml;scht. (&Auml;lter als 2 Jahre)',0),(665,'2018-12-06 02:08:27','[CRON] Es wurden  Auktionen gel&ouml;scht. (&Auml;lter als 100 Tage und keine Transaktionen letzte 60 Tage)',0),(666,'2018-12-07 02:08:06','Es wurden alte Produkthistorien-Eintr&auml;ge gel&ouml;scht. (&Auml;lter als 2 Jahre)',0),(667,'2018-12-12 02:08:27','Es wurden 0 alte E-Mails gel&ouml;scht. (&Auml;lter als 2 Jahre)',0),(668,'2018-12-13 02:08:43','[CRON] Es wurden  Auktionen gel&ouml;scht. (&Auml;lter als 100 Tage und keine Transaktionen letzte 60 Tage)',0),(669,'2018-12-14 02:07:49','Es wurden alte Produkthistorien-Eintr&auml;ge gel&ouml;scht. (&Auml;lter als 2 Jahre)',0),(670,'2018-12-19 02:08:06','Es wurden 0 alte E-Mails gel&ouml;scht. (&Auml;lter als 2 Jahre)',0);

--
